{"text_format":"1","workbook":"xlsx","n_sheets":8,"sheets":["Report_4W","intermediate","Report_Weight","Report_Gew90Tage","Report_GewJahr","Report_GewReduktion","data","settings"],"not_rendered":{"charts":7,"images":1,"macros":1,"external_links":0,"defined_names":39,"comments":0,"pivot_tables":0},"unopened":[],"bounds":{"document_bytes":16777216,"sheet_cells":100000,"rows_first":2000,"rows_last":500,"rows_between":2000,"halvings":0,"cell_chars":16384,"cell_head_chars":4096},"cells_cut":0,"cells_raw":0,"read":"whole","date_system":"1900"}

{"sheet":"Report_4W","index":0,"n_rows":4,"n_cols":23,"rows_kept":4,"cut":false,"hidden":false,"merged":[[0,16,0,18],[2,1,2,3],[2,7,2,9],[0,22,0,23],[2,4,2,6],[0,11,0,12]]}
["Name: ",{"$f":"Nachname&\", \"&Vorname","v":", "},null,null,null,null,null,null,null,null,"Geburtsdatum: ",{"$f":"Geburtsdatum","v":"00:00:00"},null,null,null,null,null,null,null,null,null,"Betrachtungszeitraum:",{"$f":"TEXT(MIN(tDatumswerte),\"tt. MMM.\")&\" - \"&TEXT(MAX(tDatumswerte),\"tt. MMM.jjjj\")","v":"00. Jan. - 00. Jan.1900"}]
[]
[null,"Morgens ",null,null,"Mittags ",null,null,"Abends "]
["Datum","Syst.","Diast.","Puls","Syst.","Diast.","Puls","Syst.","Diast.","Puls"]

{"sheet":"intermediate","index":1,"n_rows":334,"n_cols":39,"rows_kept":334,"cut":false,"hidden":true,"merged":[]}
[]
[null,"4W-Datentabelle: Max. Kategorie"]
[]
[null,"Morgens","Mittags","Abends",null,null,null,"Datum1","Tageszeit","Datum2","Syst.","Diast.","Puls","Kat_Morgen","Kat_Mittag","Kat_Abend",null,null,null,null,null,1,2,3,4,5,6,1,2,3,4,5,6,1,2,3,4,5,6]
[null,{"$f":"MAX(VLOOKUP(Report_4W!B5,tKategorien[],3),VLOOKUP(Report_4W!C5,tKategorien[[Limit diast. ]:[Kat.]],2))","v":{"$error":"#N/A"}},{"$f":"MAX(VLOOKUP(Report_4W!E5,tKategorien[],3),VLOOKUP(Report_4W!F5,tKategorien[[Limit diast. ]:[Kat.]],2))","v":{"$error":"#N/A"}},{"$f":"MAX(VLOOKUP(Report_4W!H5,tKategorien[],3),VLOOKUP(Report_4W!I5,tKategorien[[Limit diast. ]:[Kat.]],2))","v":{"$error":"#N/A"}},null,null,null,{"$f":"Start_4W","v":"2022-02-14"},"Morgen",{"$f":"INT(H5)+0.25","v":44606.25},{"$f":"VLOOKUP(tSequence[[#This Row],[Datum2]],tData[[Sort]:[Puls]],2,FALSE)","v":{"$error":"#N/A"}},{"$f":"VLOOKUP(tSequence[[#This Row],[Datum2]],tData[[Sort]:[Puls]],3,FALSE)","v":{"$error":"#N/A"}},{"$f":"VLOOKUP(tSequence[[#This Row],[Datum2]],tData[[Sort]:[Puls]],4,FALSE)","v":{"$error":"#N/A"}},{"$f":"MAX(VLOOKUP($K5,tKategorien[],3),VLOOKUP($L5,tKategorien[[Limit diast. ]:[Kat.]],2))","v":{"$error":"#N/A"}},{"$f":"MAX(VLOOKUP($K6,tKategorien[],3),VLOOKUP($L6,tKategorien[[Limit diast. ]:[Kat.]],2))","v":{"$error":"#N/A"}},{"$f":"MAX(VLOOKUP($K7,tKategorien[],3),VLOOKUP($L7,tKategorien[[Limit diast. ]:[Kat.]],2))","v":{"$error":"#N/A"}},null,null,null,null,null,"Morgens","Morgens","Morgens","Morgens","Morgens","Morgens","Mittags","Mittags","Mittags","Mittags","Mittags","Mittags","Abends","Abends","Abends","Abends","Abends","Abends"]
[null,{"$f":"MAX(VLOOKUP(Report_4W!B6,tKategorien[],3),VLOOKUP(Report_4W!C6,tKategorien[[Limit diast. ]:[Kat.]],2))","v":{"$error":"#N/A"}},{"$f":"MAX(VLOOKUP(Report_4W!E6,tKategorien[],3),VLOOKUP(Report_4W!F6,tKategorien[[Limit diast. ]:[Kat.]],2))","v":{"$error":"#N/A"}},{"$f":"MAX(VLOOKUP(Report_4W!H6,tKategorien[],3),VLOOKUP(Report_4W!I6,tKategorien[[Limit diast. ]:[Kat.]],2))","v":{"$error":"#N/A"}},null,null,null,{"$f":"INT($H$5+(ROW()-5)/3)","v":"2022-02-14"},"Mittag",{"$f":"INT(H6)+0.5","v":44606.5},{"$f":"VLOOKUP(tSequence[[#This Row],[Datum2]],tData[[Sort]:[Puls]],2,FALSE)","v":{"$error":"#N/A"}},{"$f":"VLOOKUP(tSequence[[#This Row],[Datum2]],tData[[Sort]:[Puls]],3,FALSE)","v":{"$error":"#N/A"}},{"$f":"VLOOKUP(tSequence[[#This Row],[Datum2]],tData[[Sort]:[Puls]],4,FALSE)","v":{"$error":"#N/A"}},null,null,null,null,null,null,null,null,"Kat.1","Kat.2","Kat.3","Kat.4","Kat.5","Kat.6","Kat.1","Kat.2","Kat.3","Kat.4","Kat.5","Kat.6","Kat.1","Kat.2","Kat.3","Kat.4","Kat.5","Kat.6"]
[null,{"$f":"MAX(VLOOKUP(Report_4W!B7,tKategorien[],3),VLOOKUP(Report_4W!C7,tKategorien[[Limit diast. ]:[Kat.]],2))","v":{"$error":"#N/A"}},{"$f":"MAX(VLOOKUP(Report_4W!E7,tKategorien[],3),VLOOKUP(Report_4W!F7,tKategorien[[Limit diast. ]:[Kat.]],2))","v":{"$error":"#N/A"}},{"$f":"MAX(VLOOKUP(Report_4W!H7,tKategorien[],3),VLOOKUP(Report_4W!I7,tKategorien[[Limit diast. ]:[Kat.]],2))","v":{"$error":"#N/A"}},null,null,null,"2022-02-14","Abend",{"$f":"INT(H7)+0.75","v":44606.75},{"$f":"VLOOKUP(tSequence[[#This Row],[Datum2]],tData[[Sort]:[Puls]],2,FALSE)","v":{"$error":"#N/A"}},{"$f":"VLOOKUP(tSequence[[#This Row],[Datum2]],tData[[Sort]:[Puls]],3,FALSE)","v":{"$error":"#N/A"}},{"$f":"VLOOKUP(tSequence[[#This Row],[Datum2]],tData[[Sort]:[Puls]],4,FALSE)","v":{"$error":"#N/A"}}]
[null,{"$f":"MAX(VLOOKUP(Report_4W!B8,tKategorien[],3),VLOOKUP(Report_4W!C8,tKategorien[[Limit diast. ]:[Kat.]],2))","v":{"$error":"#N/A"}},{"$f":"MAX(VLOOKUP(Report_4W!E8,tKategorien[],3),VLOOKUP(Report_4W!F8,tKategorien[[Limit diast. ]:[Kat.]],2))","v":{"$error":"#N/A"}},{"$f":"MAX(VLOOKUP(Report_4W!H8,tKategorien[],3),VLOOKUP(Report_4W!I8,tKategorien[[Limit diast. ]:[Kat.]],2))","v":{"$error":"#N/A"}},null,null,null,"2022-02-15","Morgen",{"$f":"INT(H8)+0.25","v":44607.25},{"$f":"VLOOKUP(tSequence[[#This Row],[Datum2]],tData[[Sort]:[Puls]],2,FALSE)","v":{"$error":"#N/A"}},{"$f":"VLOOKUP(tSequence[[#This Row],[Datum2]],tData[[Sort]:[Puls]],3,FALSE)","v":{"$error":"#N/A"}},{"$f":"VLOOKUP(tSequence[[#This Row],[Datum2]],tData[[Sort]:[Puls]],4,FALSE)","v":{"$error":"#N/A"}},{"$f":"MAX(VLOOKUP($K8,tKategorien[],3),VLOOKUP($L8,tKategorien[[Limit diast. ]:[Kat.]],2))","v":{"$error":"#N/A"}},{"$f":"MAX(VLOOKUP($K9,tKategorien[],3),VLOOKUP($L9,tKategorien[[Limit diast. ]:[Kat.]],2))","v":{"$error":"#N/A"}},{"$f":"MAX(VLOOKUP($K10,tKategorien[],3),VLOOKUP($L10,tKategorien[[Limit diast. ]:[Kat.]],2))","v":{"$error":"#N/A"}},null,null,null,{"$f":"WEEKNUM(Start_4W,21)&\"/\"&YEAR(Start_4W)","v":"7/2022"},"Morgens",{"$f":"COUNTIF(intermediate!$N$5:$N$25,V$4)","v":0},{"$f":"COUNTIF(intermediate!$N$5:$N$25,W$4)","v":0},{"$f":"COUNTIF(intermediate!$N$5:$N$25,X$4)","v":0},{"$f":"COUNTIF(intermediate!$N$5:$N$25,Y$4)","v":0},{"$f":"COUNTIF(intermediate!$N$5:$N$25,Z$4)","v":0},{"$f":"COUNTIF(intermediate!$N$5:$N$25,AA$4)","v":0}]
[null,{"$f":"MAX(VLOOKUP(Report_4W!B9,tKategorien[],3),VLOOKUP(Report_4W!C9,tKategorien[[Limit diast. ]:[Kat.]],2))","v":{"$error":"#N/A"}},{"$f":"MAX(VLOOKUP(Report_4W!E9,tKategorien[],3),VLOOKUP(Report_4W!F9,tKategorien[[Limit diast. ]:[Kat.]],2))","v":{"$error":"#N/A"}},{"$f":"MAX(VLOOKUP(Report_4W!H9,tKategorien[],3),VLOOKUP(Report_4W!I9,tKategorien[[Limit diast. ]:[Kat.]],2))","v":{"$error":"#N/A"}},null,null,null,"2022-02-15","Mittag",{"$f":"INT(H9)+0.5","v":44607.5},{"$f":"VLOOKUP(tSequence[[#This Row],[Datum2]],tData[[Sort]:[Puls]],2,FALSE)","v":{"$error":"#N/A"}},{"$f":"VLOOKUP(tSequence[[#This Row],[Datum2]],tData[[Sort]:[Puls]],3,FALSE)","v":{"$error":"#N/A"}},{"$f":"VLOOKUP(tSequence[[#This Row],[Datum2]],tData[[Sort]:[Puls]],4,FALSE)","v":{"$error":"#N/A"}},null,null,null,null,null,null,null,"Mittags",null,null,null,null,null,null,{"$f":"COUNTIF(intermediate!$O$5:$O$25,AB$4)","v":0},{"$f":"COUNTIF(intermediate!$O$5:$O$25,AC$4)","v":0},{"$f":"COUNTIF(intermediate!$O$5:$O$25,AD$4)","v":0},{"$f":"COUNTIF(intermediate!$O$5:$O$25,AE$4)","v":0},{"$f":"COUNTIF(intermediate!$O$5:$O$25,AF$4)","v":0},{"$f":"COUNTIF(intermediate!$O$5:$O$25,AG$4)","v":0}]
[null,{"$f":"MAX(VLOOKUP(Report_4W!B10,tKategorien[],3),VLOOKUP(Report_4W!C10,tKategorien[[Limit diast. ]:[Kat.]],2))","v":{"$error":"#N/A"}},{"$f":"MAX(VLOOKUP(Report_4W!E10,tKategorien[],3),VLOOKUP(Report_4W!F10,tKategorien[[Limit diast. ]:[Kat.]],2))","v":{"$error":"#N/A"}},{"$f":"MAX(VLOOKUP(Report_4W!H10,tKategorien[],3),VLOOKUP(Report_4W!I10,tKategorien[[Limit diast. ]:[Kat.]],2))","v":{"$error":"#N/A"}},null,null,null,"2022-02-15","Abend",{"$f":"INT(H10)+0.75","v":44607.75},{"$f":"VLOOKUP(tSequence[[#This Row],[Datum2]],tData[[Sort]:[Puls]],2,FALSE)","v":{"$error":"#N/A"}},{"$f":"VLOOKUP(tSequence[[#This Row],[Datum2]],tData[[Sort]:[Puls]],3,FALSE)","v":{"$error":"#N/A"}},{"$f":"VLOOKUP(tSequence[[#This Row],[Datum2]],tData[[Sort]:[Puls]],4,FALSE)","v":{"$error":"#N/A"}},null,null,null,null,null,null,null,"Abends",null,null,null,null,null,null,null,null,null,null,null,null,{"$f":"COUNTIF(intermediate!$P$5:$P$25,AH$4)","v":0},{"$f":"COUNTIF(intermediate!$P$5:$P$25,AI$4)","v":0},{"$f":"COUNTIF(intermediate!$P$5:$P$25,AJ$4)","v":0},{"$f":"COUNTIF(intermediate!$P$5:$P$25,AK$4)","v":0},{"$f":"COUNTIF(intermediate!$P$5:$P$25,AL$4)","v":0},{"$f":"COUNTIF(intermediate!$P$5:$P$25,AM$4)","v":0}]
[null,{"$f":"MAX(VLOOKUP(Report_4W!B11,tKategorien[],3),VLOOKUP(Report_4W!C11,tKategorien[[Limit diast. ]:[Kat.]],2))","v":{"$error":"#N/A"}},{"$f":"MAX(VLOOKUP(Report_4W!E11,tKategorien[],3),VLOOKUP(Report_4W!F11,tKategorien[[Limit diast. ]:[Kat.]],2))","v":{"$error":"#N/A"}},{"$f":"MAX(VLOOKUP(Report_4W!H11,tKategorien[],3),VLOOKUP(Report_4W!I11,tKategorien[[Limit diast. ]:[Kat.]],2))","v":{"$error":"#N/A"}},null,null,null,"2022-02-16","Morgen",{"$f":"INT(H11)+0.25","v":44608.25},{"$f":"VLOOKUP(tSequence[[#This Row],[Datum2]],tData[[Sort]:[Puls]],2,FALSE)","v":{"$error":"#N/A"}},{"$f":"VLOOKUP(tSequence[[#This Row],[Datum2]],tData[[Sort]:[Puls]],3,FALSE)","v":{"$error":"#N/A"}},{"$f":"VLOOKUP(tSequence[[#This Row],[Datum2]],tData[[Sort]:[Puls]],4,FALSE)","v":{"$error":"#N/A"}},{"$f":"MAX(VLOOKUP($K11,tKategorien[],3),VLOOKUP($L11,tKategorien[[Limit diast. ]:[Kat.]],2))","v":{"$error":"#N/A"}},{"$f":"MAX(VLOOKUP($K12,tKategorien[],3),VLOOKUP($L12,tKategorien[[Limit diast. ]:[Kat.]],2))","v":{"$error":"#N/A"}},{"$f":"MAX(VLOOKUP($K13,tKategorien[],3),VLOOKUP($L13,tKategorien[[Limit diast. ]:[Kat.]],2))","v":{"$error":"#N/A"}}]
[null,{"$f":"MAX(VLOOKUP(Report_4W!B12,tKategorien[],3),VLOOKUP(Report_4W!C12,tKategorien[[Limit diast. ]:[Kat.]],2))","v":{"$error":"#N/A"}},{"$f":"MAX(VLOOKUP(Report_4W!E12,tKategorien[],3),VLOOKUP(Report_4W!F12,tKategorien[[Limit diast. ]:[Kat.]],2))","v":{"$error":"#N/A"}},{"$f":"MAX(VLOOKUP(Report_4W!H12,tKategorien[],3),VLOOKUP(Report_4W!I12,tKategorien[[Limit diast. ]:[Kat.]],2))","v":{"$error":"#N/A"}},null,null,null,"2022-02-16","Mittag",{"$f":"INT(H12)+0.5","v":44608.5},{"$f":"VLOOKUP(tSequence[[#This Row],[Datum2]],tData[[Sort]:[Puls]],2,FALSE)","v":{"$error":"#N/A"}},{"$f":"VLOOKUP(tSequence[[#This Row],[Datum2]],tData[[Sort]:[Puls]],3,FALSE)","v":{"$error":"#N/A"}},{"$f":"VLOOKUP(tSequence[[#This Row],[Datum2]],tData[[Sort]:[Puls]],4,FALSE)","v":{"$error":"#N/A"}},null,null,null,null,null,null,{"$f":"WEEKNUM(Start_4W,21)+1&\"/\"&YEAR(Start_4W)","v":"8/2022"},"Morgens",{"$f":"COUNTIF(intermediate!$N$26:$N$46,V$4)","v":0},{"$f":"COUNTIF(intermediate!$N$26:$N$46,W$4)","v":0},{"$f":"COUNTIF(intermediate!$N$26:$N$46,X$4)","v":0},{"$f":"COUNTIF(intermediate!$N$26:$N$46,Y$4)","v":0},{"$f":"COUNTIF(intermediate!$N$26:$N$46,Z$4)","v":0},{"$f":"COUNTIF(intermediate!$N$26:$N$46,AA$4)","v":0}]
[null,{"$f":"MAX(VLOOKUP(Report_4W!B13,tKategorien[],3),VLOOKUP(Report_4W!C13,tKategorien[[Limit diast. ]:[Kat.]],2))","v":{"$error":"#N/A"}},{"$f":"MAX(VLOOKUP(Report_4W!E13,tKategorien[],3),VLOOKUP(Report_4W!F13,tKategorien[[Limit diast. ]:[Kat.]],2))","v":{"$error":"#N/A"}},{"$f":"MAX(VLOOKUP(Report_4W!H13,tKategorien[],3),VLOOKUP(Report_4W!I13,tKategorien[[Limit diast. ]:[Kat.]],2))","v":{"$error":"#N/A"}},null,null,null,"2022-02-16","Abend",{"$f":"INT(H13)+0.75","v":44608.75},{"$f":"VLOOKUP(tSequence[[#This Row],[Datum2]],tData[[Sort]:[Puls]],2,FALSE)","v":{"$error":"#N/A"}},{"$f":"VLOOKUP(tSequence[[#This Row],[Datum2]],tData[[Sort]:[Puls]],3,FALSE)","v":{"$error":"#N/A"}},{"$f":"VLOOKUP(tSequence[[#This Row],[Datum2]],tData[[Sort]:[Puls]],4,FALSE)","v":{"$error":"#N/A"}},null,null,null,null,null,null,null,"Mittags",null,null,null,null,null,null,{"$f":"COUNTIF(intermediate!$O$26:$O$46,AB$4)","v":0},{"$f":"COUNTIF(intermediate!$O$26:$O$46,AC$4)","v":0},{"$f":"COUNTIF(intermediate!$O$26:$O$46,AD$4)","v":0},{"$f":"COUNTIF(intermediate!$O$26:$O$46,AE$4)","v":0},{"$f":"COUNTIF(intermediate!$O$26:$O$46,AF$4)","v":0},{"$f":"COUNTIF(intermediate!$O$26:$O$46,AG$4)","v":0}]
[null,{"$f":"MAX(VLOOKUP(Report_4W!B14,tKategorien[],3),VLOOKUP(Report_4W!C14,tKategorien[[Limit diast. ]:[Kat.]],2))","v":{"$error":"#N/A"}},{"$f":"MAX(VLOOKUP(Report_4W!E14,tKategorien[],3),VLOOKUP(Report_4W!F14,tKategorien[[Limit diast. ]:[Kat.]],2))","v":{"$error":"#N/A"}},{"$f":"MAX(VLOOKUP(Report_4W!H14,tKategorien[],3),VLOOKUP(Report_4W!I14,tKategorien[[Limit diast. ]:[Kat.]],2))","v":{"$error":"#N/A"}},null,null,null,"2022-02-17","Morgen",{"$f":"INT(H14)+0.25","v":44609.25},{"$f":"VLOOKUP(tSequence[[#This Row],[Datum2]],tData[[Sort]:[Puls]],2,FALSE)","v":{"$error":"#N/A"}},{"$f":"VLOOKUP(tSequence[[#This Row],[Datum2]],tData[[Sort]:[Puls]],3,FALSE)","v":{"$error":"#N/A"}},{"$f":"VLOOKUP(tSequence[[#This Row],[Datum2]],tData[[Sort]:[Puls]],4,FALSE)","v":{"$error":"#N/A"}},{"$f":"MAX(VLOOKUP($K14,tKategorien[],3),VLOOKUP($L14,tKategorien[[Limit diast. ]:[Kat.]],2))","v":{"$error":"#N/A"}},{"$f":"MAX(VLOOKUP($K15,tKategorien[],3),VLOOKUP($L15,tKategorien[[Limit diast. ]:[Kat.]],2))","v":{"$error":"#N/A"}},{"$f":"MAX(VLOOKUP($K16,tKategorien[],3),VLOOKUP($L16,tKategorien[[Limit diast. ]:[Kat.]],2))","v":{"$error":"#N/A"}},null,null,null,null,"Abends",null,null,null,null,null,null,null,null,null,null,null,null,{"$f":"COUNTIF(intermediate!$P$26:$P$46,AH$4)","v":0},{"$f":"COUNTIF(intermediate!$P$26:$P$46,AI$4)","v":0},{"$f":"COUNTIF(intermediate!$P$26:$P$46,AJ$4)","v":0},{"$f":"COUNTIF(intermediate!$P$26:$P$46,AK$4)","v":0},{"$f":"COUNTIF(intermediate!$P$26:$P$46,AL$4)","v":0},{"$f":"COUNTIF(intermediate!$P$26:$P$46,AM$4)","v":0}]
[null,{"$f":"MAX(VLOOKUP(Report_4W!B15,tKategorien[],3),VLOOKUP(Report_4W!C15,tKategorien[[Limit diast. ]:[Kat.]],2))","v":{"$error":"#N/A"}},{"$f":"MAX(VLOOKUP(Report_4W!E15,tKategorien[],3),VLOOKUP(Report_4W!F15,tKategorien[[Limit diast. ]:[Kat.]],2))","v":{"$error":"#N/A"}},{"$f":"MAX(VLOOKUP(Report_4W!H15,tKategorien[],3),VLOOKUP(Report_4W!I15,tKategorien[[Limit diast. ]:[Kat.]],2))","v":{"$error":"#N/A"}},null,null,null,"2022-02-17","Mittag",{"$f":"INT(H15)+0.5","v":44609.5},{"$f":"VLOOKUP(tSequence[[#This Row],[Datum2]],tData[[Sort]:[Puls]],2,FALSE)","v":{"$error":"#N/A"}},{"$f":"VLOOKUP(tSequence[[#This Row],[Datum2]],tData[[Sort]:[Puls]],3,FALSE)","v":{"$error":"#N/A"}},{"$f":"VLOOKUP(tSequence[[#This Row],[Datum2]],tData[[Sort]:[Puls]],4,FALSE)","v":{"$error":"#N/A"}}]
[null,{"$f":"MAX(VLOOKUP(Report_4W!B16,tKategorien[],3),VLOOKUP(Report_4W!C16,tKategorien[[Limit diast. ]:[Kat.]],2))","v":{"$error":"#N/A"}},{"$f":"MAX(VLOOKUP(Report_4W!E16,tKategorien[],3),VLOOKUP(Report_4W!F16,tKategorien[[Limit diast. ]:[Kat.]],2))","v":{"$error":"#N/A"}},{"$f":"MAX(VLOOKUP(Report_4W!H16,tKategorien[],3),VLOOKUP(Report_4W!I16,tKategorien[[Limit diast. ]:[Kat.]],2))","v":{"$error":"#N/A"}},null,null,null,"2022-02-17","Abend",{"$f":"INT(H16)+0.75","v":44609.75},{"$f":"VLOOKUP(tSequence[[#This Row],[Datum2]],tData[[Sort]:[Puls]],2,FALSE)","v":{"$error":"#N/A"}},{"$f":"VLOOKUP(tSequence[[#This Row],[Datum2]],tData[[Sort]:[Puls]],3,FALSE)","v":{"$error":"#N/A"}},{"$f":"VLOOKUP(tSequence[[#This Row],[Datum2]],tData[[Sort]:[Puls]],4,FALSE)","v":{"$error":"#N/A"}},null,null,null,null,null,null,{"$f":"WEEKNUM(Start_4W,21)+2&\"/\"&YEAR(Start_4W)","v":"9/2022"},"Morgens",{"$f":"COUNTIF(intermediate!$N$47:$N$67,V$4)","v":0},{"$f":"COUNTIF(intermediate!$N$47:$N$67,W$4)","v":0},{"$f":"COUNTIF(intermediate!$N$47:$N$67,X$4)","v":0},{"$f":"COUNTIF(intermediate!$N$47:$N$67,Y$4)","v":0},{"$f":"COUNTIF(intermediate!$N$47:$N$67,Z$4)","v":0},{"$f":"COUNTIF(intermediate!$N$47:$N$67,AA$4)","v":0}]
[null,{"$f":"MAX(VLOOKUP(Report_4W!B17,tKategorien[],3),VLOOKUP(Report_4W!C17,tKategorien[[Limit diast. ]:[Kat.]],2))","v":{"$error":"#N/A"}},{"$f":"MAX(VLOOKUP(Report_4W!E17,tKategorien[],3),VLOOKUP(Report_4W!F17,tKategorien[[Limit diast. ]:[Kat.]],2))","v":{"$error":"#N/A"}},{"$f":"MAX(VLOOKUP(Report_4W!H17,tKategorien[],3),VLOOKUP(Report_4W!I17,tKategorien[[Limit diast. ]:[Kat.]],2))","v":{"$error":"#N/A"}},null,null,null,"2022-02-18","Morgen",{"$f":"INT(H17)+0.25","v":44610.25},{"$f":"VLOOKUP(tSequence[[#This Row],[Datum2]],tData[[Sort]:[Puls]],2,FALSE)","v":{"$error":"#N/A"}},{"$f":"VLOOKUP(tSequence[[#This Row],[Datum2]],tData[[Sort]:[Puls]],3,FALSE)","v":{"$error":"#N/A"}},{"$f":"VLOOKUP(tSequence[[#This Row],[Datum2]],tData[[Sort]:[Puls]],4,FALSE)","v":{"$error":"#N/A"}},{"$f":"MAX(VLOOKUP($K17,tKategorien[],3),VLOOKUP($L17,tKategorien[[Limit diast. ]:[Kat.]],2))","v":{"$error":"#N/A"}},{"$f":"MAX(VLOOKUP($K18,tKategorien[],3),VLOOKUP($L18,tKategorien[[Limit diast. ]:[Kat.]],2))","v":{"$error":"#N/A"}},{"$f":"MAX(VLOOKUP($K19,tKategorien[],3),VLOOKUP($L19,tKategorien[[Limit diast. ]:[Kat.]],2))","v":{"$error":"#N/A"}},null,null,null,null,"Mittags",null,null,null,null,null,null,{"$f":"COUNTIF(intermediate!$O$47:$O$67,AB$4)","v":0},{"$f":"COUNTIF(intermediate!$O$47:$O$67,AC$4)","v":0},{"$f":"COUNTIF(intermediate!$O$47:$O$67,AD$4)","v":0},{"$f":"COUNTIF(intermediate!$O$47:$O$67,AE$4)","v":0},{"$f":"COUNTIF(intermediate!$O$47:$O$67,AF$4)","v":0},{"$f":"COUNTIF(intermediate!$O$47:$O$67,AG$4)","v":0}]
[null,{"$f":"MAX(VLOOKUP(Report_4W!B18,tKategorien[],3),VLOOKUP(Report_4W!C18,tKategorien[[Limit diast. ]:[Kat.]],2))","v":{"$error":"#N/A"}},{"$f":"MAX(VLOOKUP(Report_4W!E18,tKategorien[],3),VLOOKUP(Report_4W!F18,tKategorien[[Limit diast. ]:[Kat.]],2))","v":{"$error":"#N/A"}},{"$f":"MAX(VLOOKUP(Report_4W!H18,tKategorien[],3),VLOOKUP(Report_4W!I18,tKategorien[[Limit diast. ]:[Kat.]],2))","v":{"$error":"#N/A"}},null,null,null,"2022-02-18","Mittag",{"$f":"INT(H18)+0.5","v":44610.5},{"$f":"VLOOKUP(tSequence[[#This Row],[Datum2]],tData[[Sort]:[Puls]],2,FALSE)","v":{"$error":"#N/A"}},{"$f":"VLOOKUP(tSequence[[#This Row],[Datum2]],tData[[Sort]:[Puls]],3,FALSE)","v":{"$error":"#N/A"}},{"$f":"VLOOKUP(tSequence[[#This Row],[Datum2]],tData[[Sort]:[Puls]],4,FALSE)","v":{"$error":"#N/A"}},null,null,null,null,null,null,null,"Abends",null,null,null,null,null,null,null,null,null,null,null,null,{"$f":"COUNTIF(intermediate!$P$47:$P$67,AH$4)","v":0},{"$f":"COUNTIF(intermediate!$P$47:$P$67,AI$4)","v":0},{"$f":"COUNTIF(intermediate!$P$47:$P$67,AJ$4)","v":0},{"$f":"COUNTIF(intermediate!$P$47:$P$67,AK$4)","v":0},{"$f":"COUNTIF(intermediate!$P$47:$P$67,AL$4)","v":0},{"$f":"COUNTIF(intermediate!$P$47:$P$67,AM$4)","v":0}]
[null,{"$f":"MAX(VLOOKUP(Report_4W!B19,tKategorien[],3),VLOOKUP(Report_4W!C19,tKategorien[[Limit diast. ]:[Kat.]],2))","v":{"$error":"#N/A"}},{"$f":"MAX(VLOOKUP(Report_4W!E19,tKategorien[],3),VLOOKUP(Report_4W!F19,tKategorien[[Limit diast. ]:[Kat.]],2))","v":{"$error":"#N/A"}},{"$f":"MAX(VLOOKUP(Report_4W!H19,tKategorien[],3),VLOOKUP(Report_4W!I19,tKategorien[[Limit diast. ]:[Kat.]],2))","v":{"$error":"#N/A"}},null,null,null,"2022-02-18","Abend",{"$f":"INT(H19)+0.75","v":44610.75},{"$f":"VLOOKUP(tSequence[[#This Row],[Datum2]],tData[[Sort]:[Puls]],2,FALSE)","v":{"$error":"#N/A"}},{"$f":"VLOOKUP(tSequence[[#This Row],[Datum2]],tData[[Sort]:[Puls]],3,FALSE)","v":{"$error":"#N/A"}},{"$f":"VLOOKUP(tSequence[[#This Row],[Datum2]],tData[[Sort]:[Puls]],4,FALSE)","v":{"$error":"#N/A"}}]
[null,{"$f":"MAX(VLOOKUP(Report_4W!B20,tKategorien[],3),VLOOKUP(Report_4W!C20,tKategorien[[Limit diast. ]:[Kat.]],2))","v":{"$error":"#N/A"}},{"$f":"MAX(VLOOKUP(Report_4W!E20,tKategorien[],3),VLOOKUP(Report_4W!F20,tKategorien[[Limit diast. ]:[Kat.]],2))","v":{"$error":"#N/A"}},{"$f":"MAX(VLOOKUP(Report_4W!H20,tKategorien[],3),VLOOKUP(Report_4W!I20,tKategorien[[Limit diast. ]:[Kat.]],2))","v":{"$error":"#N/A"}},null,null,null,"2022-02-19","Morgen",{"$f":"INT(H20)+0.25","v":44611.25},{"$f":"VLOOKUP(tSequence[[#This Row],[Datum2]],tData[[Sort]:[Puls]],2,FALSE)","v":{"$error":"#N/A"}},{"$f":"VLOOKUP(tSequence[[#This Row],[Datum2]],tData[[Sort]:[Puls]],3,FALSE)","v":{"$error":"#N/A"}},{"$f":"VLOOKUP(tSequence[[#This Row],[Datum2]],tData[[Sort]:[Puls]],4,FALSE)","v":{"$error":"#N/A"}},{"$f":"MAX(VLOOKUP($K20,tKategorien[],3),VLOOKUP($L20,tKategorien[[Limit diast. ]:[Kat.]],2))","v":{"$error":"#N/A"}},{"$f":"MAX(VLOOKUP($K21,tKategorien[],3),VLOOKUP($L21,tKategorien[[Limit diast. ]:[Kat.]],2))","v":{"$error":"#N/A"}},{"$f":"MAX(VLOOKUP($K22,tKategorien[],3),VLOOKUP($L22,tKategorien[[Limit diast. ]:[Kat.]],2))","v":{"$error":"#N/A"}},null,null,null,{"$f":"WEEKNUM(Start_4W,21)+3&\"/\"&YEAR(Start_4W)","v":"10/2022"},"Morgens",{"$f":"COUNTIF(intermediate!$N$68:$N$88,V$4)","v":0},{"$f":"COUNTIF(intermediate!$N$68:$N$88,W$4)","v":0},{"$f":"COUNTIF(intermediate!$N$68:$N$88,X$4)","v":0},{"$f":"COUNTIF(intermediate!$N$68:$N$88,Y$4)","v":0},{"$f":"COUNTIF(intermediate!$N$68:$N$88,Z$4)","v":0},{"$f":"COUNTIF(intermediate!$N$68:$N$88,AA$4)","v":0}]
[null,{"$f":"MAX(VLOOKUP(Report_4W!B21,tKategorien[],3),VLOOKUP(Report_4W!C21,tKategorien[[Limit diast. ]:[Kat.]],2))","v":{"$error":"#N/A"}},{"$f":"MAX(VLOOKUP(Report_4W!E21,tKategorien[],3),VLOOKUP(Report_4W!F21,tKategorien[[Limit diast. ]:[Kat.]],2))","v":{"$error":"#N/A"}},{"$f":"MAX(VLOOKUP(Report_4W!H21,tKategorien[],3),VLOOKUP(Report_4W!I21,tKategorien[[Limit diast. ]:[Kat.]],2))","v":{"$error":"#N/A"}},null,null,null,"2022-02-19","Mittag",{"$f":"INT(H21)+0.5","v":44611.5},{"$f":"VLOOKUP(tSequence[[#This Row],[Datum2]],tData[[Sort]:[Puls]],2,FALSE)","v":{"$error":"#N/A"}},{"$f":"VLOOKUP(tSequence[[#This Row],[Datum2]],tData[[Sort]:[Puls]],3,FALSE)","v":{"$error":"#N/A"}},{"$f":"VLOOKUP(tSequence[[#This Row],[Datum2]],tData[[Sort]:[Puls]],4,FALSE)","v":{"$error":"#N/A"}},null,null,null,null,null,null,null,"Mittags",null,null,null,null,null,null,{"$f":"COUNTIF(intermediate!$O$68:$O$88,AB$4)","v":0},{"$f":"COUNTIF(intermediate!$O$68:$O$88,AC$4)","v":0},{"$f":"COUNTIF(intermediate!$O$68:$O$88,AD$4)","v":0},{"$f":"COUNTIF(intermediate!$O$68:$O$88,AE$4)","v":0},{"$f":"COUNTIF(intermediate!$O$68:$O$88,AF$4)","v":0},{"$f":"COUNTIF(intermediate!$O$68:$O$88,AG$4)","v":0}]
[null,{"$f":"MAX(VLOOKUP(Report_4W!B22,tKategorien[],3),VLOOKUP(Report_4W!C22,tKategorien[[Limit diast. ]:[Kat.]],2))","v":{"$error":"#N/A"}},{"$f":"MAX(VLOOKUP(Report_4W!E22,tKategorien[],3),VLOOKUP(Report_4W!F22,tKategorien[[Limit diast. ]:[Kat.]],2))","v":{"$error":"#N/A"}},{"$f":"MAX(VLOOKUP(Report_4W!H22,tKategorien[],3),VLOOKUP(Report_4W!I22,tKategorien[[Limit diast. ]:[Kat.]],2))","v":{"$error":"#N/A"}},null,null,null,"2022-02-19","Abend",{"$f":"INT(H22)+0.75","v":44611.75},{"$f":"VLOOKUP(tSequence[[#This Row],[Datum2]],tData[[Sort]:[Puls]],2,FALSE)","v":{"$error":"#N/A"}},{"$f":"VLOOKUP(tSequence[[#This Row],[Datum2]],tData[[Sort]:[Puls]],3,FALSE)","v":{"$error":"#N/A"}},{"$f":"VLOOKUP(tSequence[[#This Row],[Datum2]],tData[[Sort]:[Puls]],4,FALSE)","v":{"$error":"#N/A"}},null,null,null,null,null,null,null,"Abends",null,null,null,null,null,null,null,null,null,null,null,null,{"$f":"COUNTIF(intermediate!$P$68:$P$88,AH$4)","v":0},{"$f":"COUNTIF(intermediate!$P$68:$P$88,AI$4)","v":0},{"$f":"COUNTIF(intermediate!$P$68:$P$88,AJ$4)","v":0},{"$f":"COUNTIF(intermediate!$P$68:$P$88,AK$4)","v":0},{"$f":"COUNTIF(intermediate!$P$68:$P$88,AL$4)","v":0},{"$f":"COUNTIF(intermediate!$P$68:$P$88,AM$4)","v":0}]
[null,{"$f":"MAX(VLOOKUP(Report_4W!B23,tKategorien[],3),VLOOKUP(Report_4W!C23,tKategorien[[Limit diast. ]:[Kat.]],2))","v":{"$error":"#N/A"}},{"$f":"MAX(VLOOKUP(Report_4W!E23,tKategorien[],3),VLOOKUP(Report_4W!F23,tKategorien[[Limit diast. ]:[Kat.]],2))","v":{"$error":"#N/A"}},{"$f":"MAX(VLOOKUP(Report_4W!H23,tKategorien[],3),VLOOKUP(Report_4W!I23,tKategorien[[Limit diast. ]:[Kat.]],2))","v":{"$error":"#N/A"}},null,null,null,"2022-02-20","Morgen",{"$f":"INT(H23)+0.25","v":44612.25},{"$f":"VLOOKUP(tSequence[[#This Row],[Datum2]],tData[[Sort]:[Puls]],2,FALSE)","v":{"$error":"#N/A"}},{"$f":"VLOOKUP(tSequence[[#This Row],[Datum2]],tData[[Sort]:[Puls]],3,FALSE)","v":{"$error":"#N/A"}},{"$f":"VLOOKUP(tSequence[[#This Row],[Datum2]],tData[[Sort]:[Puls]],4,FALSE)","v":{"$error":"#N/A"}},{"$f":"MAX(VLOOKUP($K23,tKategorien[],3),VLOOKUP($L23,tKategorien[[Limit diast. ]:[Kat.]],2))","v":{"$error":"#N/A"}},{"$f":"MAX(VLOOKUP($K24,tKategorien[],3),VLOOKUP($L24,tKategorien[[Limit diast. ]:[Kat.]],2))","v":{"$error":"#N/A"}},{"$f":"MAX(VLOOKUP($K25,tKategorien[],3),VLOOKUP($L25,tKategorien[[Limit diast. ]:[Kat.]],2))","v":{"$error":"#N/A"}}]
[null,{"$f":"MAX(VLOOKUP(Report_4W!B24,tKategorien[],3),VLOOKUP(Report_4W!C24,tKategorien[[Limit diast. ]:[Kat.]],2))","v":{"$error":"#N/A"}},{"$f":"MAX(VLOOKUP(Report_4W!E24,tKategorien[],3),VLOOKUP(Report_4W!F24,tKategorien[[Limit diast. ]:[Kat.]],2))","v":{"$error":"#N/A"}},{"$f":"MAX(VLOOKUP(Report_4W!H24,tKategorien[],3),VLOOKUP(Report_4W!I24,tKategorien[[Limit diast. ]:[Kat.]],2))","v":{"$error":"#N/A"}},null,null,null,"2022-02-20","Mittag",{"$f":"INT(H24)+0.5","v":44612.5},{"$f":"VLOOKUP(tSequence[[#This Row],[Datum2]],tData[[Sort]:[Puls]],2,FALSE)","v":{"$error":"#N/A"}},{"$f":"VLOOKUP(tSequence[[#This Row],[Datum2]],tData[[Sort]:[Puls]],3,FALSE)","v":{"$error":"#N/A"}},{"$f":"VLOOKUP(tSequence[[#This Row],[Datum2]],tData[[Sort]:[Puls]],4,FALSE)","v":{"$error":"#N/A"}}]
[null,{"$f":"MAX(VLOOKUP(Report_4W!B25,tKategorien[],3),VLOOKUP(Report_4W!C25,tKategorien[[Limit diast. ]:[Kat.]],2))","v":{"$error":"#N/A"}},{"$f":"MAX(VLOOKUP(Report_4W!E25,tKategorien[],3),VLOOKUP(Report_4W!F25,tKategorien[[Limit diast. ]:[Kat.]],2))","v":{"$error":"#N/A"}},{"$f":"MAX(VLOOKUP(Report_4W!H25,tKategorien[],3),VLOOKUP(Report_4W!I25,tKategorien[[Limit diast. ]:[Kat.]],2))","v":{"$error":"#N/A"}},null,null,null,"2022-02-20","Abend",{"$f":"INT(H25)+0.75","v":44612.75},{"$f":"VLOOKUP(tSequence[[#This Row],[Datum2]],tData[[Sort]:[Puls]],2,FALSE)","v":{"$error":"#N/A"}},{"$f":"VLOOKUP(tSequence[[#This Row],[Datum2]],tData[[Sort]:[Puls]],3,FALSE)","v":{"$error":"#N/A"}},{"$f":"VLOOKUP(tSequence[[#This Row],[Datum2]],tData[[Sort]:[Puls]],4,FALSE)","v":{"$error":"#N/A"}}]
[null,{"$f":"MAX(VLOOKUP(Report_4W!B26,tKategorien[],3),VLOOKUP(Report_4W!C26,tKategorien[[Limit diast. ]:[Kat.]],2))","v":{"$error":"#N/A"}},{"$f":"MAX(VLOOKUP(Report_4W!E26,tKategorien[],3),VLOOKUP(Report_4W!F26,tKategorien[[Limit diast. ]:[Kat.]],2))","v":{"$error":"#N/A"}},{"$f":"MAX(VLOOKUP(Report_4W!H26,tKategorien[],3),VLOOKUP(Report_4W!I26,tKategorien[[Limit diast. ]:[Kat.]],2))","v":{"$error":"#N/A"}},null,null,null,"2022-02-21","Morgen",{"$f":"INT(H26)+0.25","v":44613.25},{"$f":"VLOOKUP(tSequence[[#This Row],[Datum2]],tData[[Sort]:[Puls]],2,FALSE)","v":{"$error":"#N/A"}},{"$f":"VLOOKUP(tSequence[[#This Row],[Datum2]],tData[[Sort]:[Puls]],3,FALSE)","v":{"$error":"#N/A"}},{"$f":"VLOOKUP(tSequence[[#This Row],[Datum2]],tData[[Sort]:[Puls]],4,FALSE)","v":{"$error":"#N/A"}},{"$f":"MAX(VLOOKUP($K26,tKategorien[],3),VLOOKUP($L26,tKategorien[[Limit diast. ]:[Kat.]],2))","v":{"$error":"#N/A"}},{"$f":"MAX(VLOOKUP($K27,tKategorien[],3),VLOOKUP($L27,tKategorien[[Limit diast. ]:[Kat.]],2))","v":{"$error":"#N/A"}},{"$f":"MAX(VLOOKUP($K28,tKategorien[],3),VLOOKUP($L28,tKategorien[[Limit diast. ]:[Kat.]],2))","v":{"$error":"#N/A"}}]
[null,{"$f":"MAX(VLOOKUP(Report_4W!B27,tKategorien[],3),VLOOKUP(Report_4W!C27,tKategorien[[Limit diast. ]:[Kat.]],2))","v":{"$error":"#N/A"}},{"$f":"MAX(VLOOKUP(Report_4W!E27,tKategorien[],3),VLOOKUP(Report_4W!F27,tKategorien[[Limit diast. ]:[Kat.]],2))","v":{"$error":"#N/A"}},{"$f":"MAX(VLOOKUP(Report_4W!H27,tKategorien[],3),VLOOKUP(Report_4W!I27,tKategorien[[Limit diast. ]:[Kat.]],2))","v":{"$error":"#N/A"}},null,null,null,"2022-02-21","Mittag",{"$f":"INT(H27)+0.5","v":44613.5},{"$f":"VLOOKUP(tSequence[[#This Row],[Datum2]],tData[[Sort]:[Puls]],2,FALSE)","v":{"$error":"#N/A"}},{"$f":"VLOOKUP(tSequence[[#This Row],[Datum2]],tData[[Sort]:[Puls]],3,FALSE)","v":{"$error":"#N/A"}},{"$f":"VLOOKUP(tSequence[[#This Row],[Datum2]],tData[[Sort]:[Puls]],4,FALSE)","v":{"$error":"#N/A"}}]
[null,{"$f":"MAX(VLOOKUP(Report_4W!B28,tKategorien[],3),VLOOKUP(Report_4W!C28,tKategorien[[Limit diast. ]:[Kat.]],2))","v":{"$error":"#N/A"}},{"$f":"MAX(VLOOKUP(Report_4W!E28,tKategorien[],3),VLOOKUP(Report_4W!F28,tKategorien[[Limit diast. ]:[Kat.]],2))","v":{"$error":"#N/A"}},{"$f":"MAX(VLOOKUP(Report_4W!H28,tKategorien[],3),VLOOKUP(Report_4W!I28,tKategorien[[Limit diast. ]:[Kat.]],2))","v":{"$error":"#N/A"}},null,null,null,"2022-02-21","Abend",{"$f":"INT(H28)+0.75","v":44613.75},{"$f":"VLOOKUP(tSequence[[#This Row],[Datum2]],tData[[Sort]:[Puls]],2,FALSE)","v":{"$error":"#N/A"}},{"$f":"VLOOKUP(tSequence[[#This Row],[Datum2]],tData[[Sort]:[Puls]],3,FALSE)","v":{"$error":"#N/A"}},{"$f":"VLOOKUP(tSequence[[#This Row],[Datum2]],tData[[Sort]:[Puls]],4,FALSE)","v":{"$error":"#N/A"}}]
[null,{"$f":"MAX(VLOOKUP(Report_4W!B29,tKategorien[],3),VLOOKUP(Report_4W!C29,tKategorien[[Limit diast. ]:[Kat.]],2))","v":{"$error":"#N/A"}},{"$f":"MAX(VLOOKUP(Report_4W!E29,tKategorien[],3),VLOOKUP(Report_4W!F29,tKategorien[[Limit diast. ]:[Kat.]],2))","v":{"$error":"#N/A"}},{"$f":"MAX(VLOOKUP(Report_4W!H29,tKategorien[],3),VLOOKUP(Report_4W!I29,tKategorien[[Limit diast. ]:[Kat.]],2))","v":{"$error":"#N/A"}},null,null,null,"2022-02-22","Morgen",{"$f":"INT(H29)+0.25","v":44614.25},{"$f":"VLOOKUP(tSequence[[#This Row],[Datum2]],tData[[Sort]:[Puls]],2,FALSE)","v":{"$error":"#N/A"}},{"$f":"VLOOKUP(tSequence[[#This Row],[Datum2]],tData[[Sort]:[Puls]],3,FALSE)","v":{"$error":"#N/A"}},{"$f":"VLOOKUP(tSequence[[#This Row],[Datum2]],tData[[Sort]:[Puls]],4,FALSE)","v":{"$error":"#N/A"}},{"$f":"MAX(VLOOKUP($K29,tKategorien[],3),VLOOKUP($L29,tKategorien[[Limit diast. ]:[Kat.]],2))","v":{"$error":"#N/A"}},{"$f":"MAX(VLOOKUP($K30,tKategorien[],3),VLOOKUP($L30,tKategorien[[Limit diast. ]:[Kat.]],2))","v":{"$error":"#N/A"}},{"$f":"MAX(VLOOKUP($K31,tKategorien[],3),VLOOKUP($L31,tKategorien[[Limit diast. ]:[Kat.]],2))","v":{"$error":"#N/A"}}]
[null,{"$f":"MAX(VLOOKUP(Report_4W!B30,tKategorien[],3),VLOOKUP(Report_4W!C30,tKategorien[[Limit diast. ]:[Kat.]],2))","v":{"$error":"#N/A"}},{"$f":"MAX(VLOOKUP(Report_4W!E30,tKategorien[],3),VLOOKUP(Report_4W!F30,tKategorien[[Limit diast. ]:[Kat.]],2))","v":{"$error":"#N/A"}},{"$f":"MAX(VLOOKUP(Report_4W!H30,tKategorien[],3),VLOOKUP(Report_4W!I30,tKategorien[[Limit diast. ]:[Kat.]],2))","v":{"$error":"#N/A"}},null,null,null,"2022-02-22","Mittag",{"$f":"INT(H30)+0.5","v":44614.5},{"$f":"VLOOKUP(tSequence[[#This Row],[Datum2]],tData[[Sort]:[Puls]],2,FALSE)","v":{"$error":"#N/A"}},{"$f":"VLOOKUP(tSequence[[#This Row],[Datum2]],tData[[Sort]:[Puls]],3,FALSE)","v":{"$error":"#N/A"}},{"$f":"VLOOKUP(tSequence[[#This Row],[Datum2]],tData[[Sort]:[Puls]],4,FALSE)","v":{"$error":"#N/A"}}]
[null,{"$f":"MAX(VLOOKUP(Report_4W!B31,tKategorien[],3),VLOOKUP(Report_4W!C31,tKategorien[[Limit diast. ]:[Kat.]],2))","v":{"$error":"#N/A"}},{"$f":"MAX(VLOOKUP(Report_4W!E31,tKategorien[],3),VLOOKUP(Report_4W!F31,tKategorien[[Limit diast. ]:[Kat.]],2))","v":{"$error":"#N/A"}},{"$f":"MAX(VLOOKUP(Report_4W!H31,tKategorien[],3),VLOOKUP(Report_4W!I31,tKategorien[[Limit diast. ]:[Kat.]],2))","v":{"$error":"#N/A"}},null,null,null,"2022-02-22","Abend",{"$f":"INT(H31)+0.75","v":44614.75},{"$f":"VLOOKUP(tSequence[[#This Row],[Datum2]],tData[[Sort]:[Puls]],2,FALSE)","v":{"$error":"#N/A"}},{"$f":"VLOOKUP(tSequence[[#This Row],[Datum2]],tData[[Sort]:[Puls]],3,FALSE)","v":{"$error":"#N/A"}},{"$f":"VLOOKUP(tSequence[[#This Row],[Datum2]],tData[[Sort]:[Puls]],4,FALSE)","v":{"$error":"#N/A"}}]
[null,{"$f":"MAX(VLOOKUP(Report_4W!#REF!,tKategorien[],3),VLOOKUP(Report_4W!#REF!,tKategorien[[Limit diast. ]:[Kat.]],2))","v":{"$error":"#REF!"}},{"$f":"MAX(VLOOKUP(Report_4W!#REF!,tKategorien[],3),VLOOKUP(Report_4W!#REF!,tKategorien[[Limit diast. ]:[Kat.]],2))","v":{"$error":"#REF!"}},{"$f":"MAX(VLOOKUP(Report_4W!#REF!,tKategorien[],3),VLOOKUP(Report_4W!#REF!,tKategorien[[Limit diast. ]:[Kat.]],2))","v":{"$error":"#REF!"}},null,null,null,"2022-02-23","Morgen",{"$f":"INT(H32)+0.25","v":44615.25},{"$f":"VLOOKUP(tSequence[[#This Row],[Datum2]],tData[[Sort]:[Puls]],2,FALSE)","v":{"$error":"#N/A"}},{"$f":"VLOOKUP(tSequence[[#This Row],[Datum2]],tData[[Sort]:[Puls]],3,FALSE)","v":{"$error":"#N/A"}},{"$f":"VLOOKUP(tSequence[[#This Row],[Datum2]],tData[[Sort]:[Puls]],4,FALSE)","v":{"$error":"#N/A"}},{"$f":"MAX(VLOOKUP($K32,tKategorien[],3),VLOOKUP($L32,tKategorien[[Limit diast. ]:[Kat.]],2))","v":{"$error":"#N/A"}},{"$f":"MAX(VLOOKUP($K33,tKategorien[],3),VLOOKUP($L33,tKategorien[[Limit diast. ]:[Kat.]],2))","v":{"$error":"#N/A"}},{"$f":"MAX(VLOOKUP($K34,tKategorien[],3),VLOOKUP($L34,tKategorien[[Limit diast. ]:[Kat.]],2))","v":{"$error":"#N/A"}}]
[null,{"$f":"MAX(VLOOKUP(Report_4W!#REF!,tKategorien[],3),VLOOKUP(Report_4W!#REF!,tKategorien[[Limit diast. ]:[Kat.]],2))","v":{"$error":"#REF!"}},{"$f":"MAX(VLOOKUP(Report_4W!#REF!,tKategorien[],3),VLOOKUP(Report_4W!#REF!,tKategorien[[Limit diast. ]:[Kat.]],2))","v":{"$error":"#REF!"}},{"$f":"MAX(VLOOKUP(Report_4W!#REF!,tKategorien[],3),VLOOKUP(Report_4W!#REF!,tKategorien[[Limit diast. ]:[Kat.]],2))","v":{"$error":"#REF!"}},null,null,null,"2022-02-23","Mittag",{"$f":"INT(H33)+0.5","v":44615.5},{"$f":"VLOOKUP(tSequence[[#This Row],[Datum2]],tData[[Sort]:[Puls]],2,FALSE)","v":{"$error":"#N/A"}},{"$f":"VLOOKUP(tSequence[[#This Row],[Datum2]],tData[[Sort]:[Puls]],3,FALSE)","v":{"$error":"#N/A"}},{"$f":"VLOOKUP(tSequence[[#This Row],[Datum2]],tData[[Sort]:[Puls]],4,FALSE)","v":{"$error":"#N/A"}}]
[null,{"$f":"MAX(VLOOKUP(Report_4W!#REF!,tKategorien[],3),VLOOKUP(Report_4W!#REF!,tKategorien[[Limit diast. ]:[Kat.]],2))","v":{"$error":"#REF!"}},{"$f":"MAX(VLOOKUP(Report_4W!#REF!,tKategorien[],3),VLOOKUP(Report_4W!#REF!,tKategorien[[Limit diast. ]:[Kat.]],2))","v":{"$error":"#REF!"}},{"$f":"MAX(VLOOKUP(Report_4W!#REF!,tKategorien[],3),VLOOKUP(Report_4W!#REF!,tKategorien[[Limit diast. ]:[Kat.]],2))","v":{"$error":"#REF!"}},null,null,null,"2022-02-23","Abend",{"$f":"INT(H34)+0.75","v":44615.75},{"$f":"VLOOKUP(tSequence[[#This Row],[Datum2]],tData[[Sort]:[Puls]],2,FALSE)","v":{"$error":"#N/A"}},{"$f":"VLOOKUP(tSequence[[#This Row],[Datum2]],tData[[Sort]:[Puls]],3,FALSE)","v":{"$error":"#N/A"}},{"$f":"VLOOKUP(tSequence[[#This Row],[Datum2]],tData[[Sort]:[Puls]],4,FALSE)","v":{"$error":"#N/A"}}]
[null,{"$f":"MAX(VLOOKUP(Report_4W!B32,tKategorien[],3),VLOOKUP(Report_4W!C32,tKategorien[[Limit diast. ]:[Kat.]],2))","v":{"$error":"#N/A"}},{"$f":"MAX(VLOOKUP(Report_4W!E32,tKategorien[],3),VLOOKUP(Report_4W!F32,tKategorien[[Limit diast. ]:[Kat.]],2))","v":{"$error":"#N/A"}},{"$f":"MAX(VLOOKUP(Report_4W!H32,tKategorien[],3),VLOOKUP(Report_4W!I32,tKategorien[[Limit diast. ]:[Kat.]],2))","v":{"$error":"#N/A"}},null,null,null,"2022-02-24","Morgen",{"$f":"INT(H35)+0.25","v":44616.25},{"$f":"VLOOKUP(tSequence[[#This Row],[Datum2]],tData[[Sort]:[Puls]],2,FALSE)","v":{"$error":"#N/A"}},{"$f":"VLOOKUP(tSequence[[#This Row],[Datum2]],tData[[Sort]:[Puls]],3,FALSE)","v":{"$error":"#N/A"}},{"$f":"VLOOKUP(tSequence[[#This Row],[Datum2]],tData[[Sort]:[Puls]],4,FALSE)","v":{"$error":"#N/A"}},{"$f":"MAX(VLOOKUP($K35,tKategorien[],3),VLOOKUP($L35,tKategorien[[Limit diast. ]:[Kat.]],2))","v":{"$error":"#N/A"}},{"$f":"MAX(VLOOKUP($K36,tKategorien[],3),VLOOKUP($L36,tKategorien[[Limit diast. ]:[Kat.]],2))","v":{"$error":"#N/A"}},{"$f":"MAX(VLOOKUP($K37,tKategorien[],3),VLOOKUP($L37,tKategorien[[Limit diast. ]:[Kat.]],2))","v":{"$error":"#N/A"}}]
[null,null,null,null,null,null,null,"2022-02-24","Mittag",{"$f":"INT(H36)+0.5","v":44616.5},{"$f":"VLOOKUP(tSequence[[#This Row],[Datum2]],tData[[Sort]:[Puls]],2,FALSE)","v":{"$error":"#N/A"}},{"$f":"VLOOKUP(tSequence[[#This Row],[Datum2]],tData[[Sort]:[Puls]],3,FALSE)","v":{"$error":"#N/A"}},{"$f":"VLOOKUP(tSequence[[#This Row],[Datum2]],tData[[Sort]:[Puls]],4,FALSE)","v":{"$error":"#N/A"}}]
[null,null,null,null,null,null,null,"2022-02-24","Abend",{"$f":"INT(H37)+0.75","v":44616.75},{"$f":"VLOOKUP(tSequence[[#This Row],[Datum2]],tData[[Sort]:[Puls]],2,FALSE)","v":{"$error":"#N/A"}},{"$f":"VLOOKUP(tSequence[[#This Row],[Datum2]],tData[[Sort]:[Puls]],3,FALSE)","v":{"$error":"#N/A"}},{"$f":"VLOOKUP(tSequence[[#This Row],[Datum2]],tData[[Sort]:[Puls]],4,FALSE)","v":{"$error":"#N/A"}}]
[null,null,null,null,null,null,null,{"$f":"INT($H$5+(ROW()-5)/3)","v":"2022-02-25"},"Morgen",{"$f":"INT(H38)+0.25","v":44617.25},{"$f":"VLOOKUP(tSequence[[#This Row],[Datum2]],tData[[Sort]:[Puls]],2,FALSE)","v":{"$error":"#N/A"}},{"$f":"VLOOKUP(tSequence[[#This Row],[Datum2]],tData[[Sort]:[Puls]],3,FALSE)","v":{"$error":"#N/A"}},{"$f":"VLOOKUP(tSequence[[#This Row],[Datum2]],tData[[Sort]:[Puls]],4,FALSE)","v":{"$error":"#N/A"}},{"$f":"MAX(VLOOKUP($K38,tKategorien[],3),VLOOKUP($L38,tKategorien[[Limit diast. ]:[Kat.]],2))","v":{"$error":"#N/A"}},{"$f":"MAX(VLOOKUP($K39,tKategorien[],3),VLOOKUP($L39,tKategorien[[Limit diast. ]:[Kat.]],2))","v":{"$error":"#N/A"}},{"$f":"MAX(VLOOKUP($K40,tKategorien[],3),VLOOKUP($L40,tKategorien[[Limit diast. ]:[Kat.]],2))","v":{"$error":"#N/A"}}]
[null,null,null,null,null,null,null,"2022-02-25","Mittag",{"$f":"INT(H39)+0.5","v":44617.5},{"$f":"VLOOKUP(tSequence[[#This Row],[Datum2]],tData[[Sort]:[Puls]],2,FALSE)","v":{"$error":"#N/A"}},{"$f":"VLOOKUP(tSequence[[#This Row],[Datum2]],tData[[Sort]:[Puls]],3,FALSE)","v":{"$error":"#N/A"}},{"$f":"VLOOKUP(tSequence[[#This Row],[Datum2]],tData[[Sort]:[Puls]],4,FALSE)","v":{"$error":"#N/A"}}]
[null,null,null,null,null,null,null,"2022-02-25","Abend",{"$f":"INT(H40)+0.75","v":44617.75},{"$f":"VLOOKUP(tSequence[[#This Row],[Datum2]],tData[[Sort]:[Puls]],2,FALSE)","v":{"$error":"#N/A"}},{"$f":"VLOOKUP(tSequence[[#This Row],[Datum2]],tData[[Sort]:[Puls]],3,FALSE)","v":{"$error":"#N/A"}},{"$f":"VLOOKUP(tSequence[[#This Row],[Datum2]],tData[[Sort]:[Puls]],4,FALSE)","v":{"$error":"#N/A"}}]
[null,null,null,null,null,null,null,"2022-02-26","Morgen",{"$f":"INT(H41)+0.25","v":44618.25},{"$f":"VLOOKUP(tSequence[[#This Row],[Datum2]],tData[[Sort]:[Puls]],2,FALSE)","v":{"$error":"#N/A"}},{"$f":"VLOOKUP(tSequence[[#This Row],[Datum2]],tData[[Sort]:[Puls]],3,FALSE)","v":{"$error":"#N/A"}},{"$f":"VLOOKUP(tSequence[[#This Row],[Datum2]],tData[[Sort]:[Puls]],4,FALSE)","v":{"$error":"#N/A"}},{"$f":"MAX(VLOOKUP($K41,tKategorien[],3),VLOOKUP($L41,tKategorien[[Limit diast. ]:[Kat.]],2))","v":{"$error":"#N/A"}},{"$f":"MAX(VLOOKUP($K42,tKategorien[],3),VLOOKUP($L42,tKategorien[[Limit diast. ]:[Kat.]],2))","v":{"$error":"#N/A"}},{"$f":"MAX(VLOOKUP($K43,tKategorien[],3),VLOOKUP($L43,tKategorien[[Limit diast. ]:[Kat.]],2))","v":{"$error":"#N/A"}}]
[null,null,null,null,null,null,null,"2022-02-26","Mittag",{"$f":"INT(H42)+0.5","v":44618.5},{"$f":"VLOOKUP(tSequence[[#This Row],[Datum2]],tData[[Sort]:[Puls]],2,FALSE)","v":{"$error":"#N/A"}},{"$f":"VLOOKUP(tSequence[[#This Row],[Datum2]],tData[[Sort]:[Puls]],3,FALSE)","v":{"$error":"#N/A"}},{"$f":"VLOOKUP(tSequence[[#This Row],[Datum2]],tData[[Sort]:[Puls]],4,FALSE)","v":{"$error":"#N/A"}}]
[null,null,null,null,null,null,null,"2022-02-26","Abend",{"$f":"INT(H43)+0.75","v":44618.75},{"$f":"VLOOKUP(tSequence[[#This Row],[Datum2]],tData[[Sort]:[Puls]],2,FALSE)","v":{"$error":"#N/A"}},{"$f":"VLOOKUP(tSequence[[#This Row],[Datum2]],tData[[Sort]:[Puls]],3,FALSE)","v":{"$error":"#N/A"}},{"$f":"VLOOKUP(tSequence[[#This Row],[Datum2]],tData[[Sort]:[Puls]],4,FALSE)","v":{"$error":"#N/A"}}]
[null,null,null,null,null,null,null,"2022-02-27","Morgen",{"$f":"INT(H44)+0.25","v":44619.25},{"$f":"VLOOKUP(tSequence[[#This Row],[Datum2]],tData[[Sort]:[Puls]],2,FALSE)","v":{"$error":"#N/A"}},{"$f":"VLOOKUP(tSequence[[#This Row],[Datum2]],tData[[Sort]:[Puls]],3,FALSE)","v":{"$error":"#N/A"}},{"$f":"VLOOKUP(tSequence[[#This Row],[Datum2]],tData[[Sort]:[Puls]],4,FALSE)","v":{"$error":"#N/A"}},{"$f":"MAX(VLOOKUP($K44,tKategorien[],3),VLOOKUP($L44,tKategorien[[Limit diast. ]:[Kat.]],2))","v":{"$error":"#N/A"}},{"$f":"MAX(VLOOKUP($K45,tKategorien[],3),VLOOKUP($L45,tKategorien[[Limit diast. ]:[Kat.]],2))","v":{"$error":"#N/A"}},{"$f":"MAX(VLOOKUP($K46,tKategorien[],3),VLOOKUP($L46,tKategorien[[Limit diast. ]:[Kat.]],2))","v":{"$error":"#N/A"}}]
[null,null,null,null,null,null,null,"2022-02-27","Mittag",{"$f":"INT(H45)+0.5","v":44619.5},{"$f":"VLOOKUP(tSequence[[#This Row],[Datum2]],tData[[Sort]:[Puls]],2,FALSE)","v":{"$error":"#N/A"}},{"$f":"VLOOKUP(tSequence[[#This Row],[Datum2]],tData[[Sort]:[Puls]],3,FALSE)","v":{"$error":"#N/A"}},{"$f":"VLOOKUP(tSequence[[#This Row],[Datum2]],tData[[Sort]:[Puls]],4,FALSE)","v":{"$error":"#N/A"}}]
[null,null,null,null,null,null,null,"2022-02-27","Abend",{"$f":"INT(H46)+0.75","v":44619.75},{"$f":"VLOOKUP(tSequence[[#This Row],[Datum2]],tData[[Sort]:[Puls]],2,FALSE)","v":{"$error":"#N/A"}},{"$f":"VLOOKUP(tSequence[[#This Row],[Datum2]],tData[[Sort]:[Puls]],3,FALSE)","v":{"$error":"#N/A"}},{"$f":"VLOOKUP(tSequence[[#This Row],[Datum2]],tData[[Sort]:[Puls]],4,FALSE)","v":{"$error":"#N/A"}}]
[null,null,null,null,null,null,null,"2022-02-28","Morgen",{"$f":"INT(H47)+0.25","v":44620.25},{"$f":"VLOOKUP(tSequence[[#This Row],[Datum2]],tData[[Sort]:[Puls]],2,FALSE)","v":{"$error":"#N/A"}},{"$f":"VLOOKUP(tSequence[[#This Row],[Datum2]],tData[[Sort]:[Puls]],3,FALSE)","v":{"$error":"#N/A"}},{"$f":"VLOOKUP(tSequence[[#This Row],[Datum2]],tData[[Sort]:[Puls]],4,FALSE)","v":{"$error":"#N/A"}},{"$f":"MAX(VLOOKUP($K47,tKategorien[],3),VLOOKUP($L47,tKategorien[[Limit diast. ]:[Kat.]],2))","v":{"$error":"#N/A"}},{"$f":"MAX(VLOOKUP($K48,tKategorien[],3),VLOOKUP($L48,tKategorien[[Limit diast. ]:[Kat.]],2))","v":{"$error":"#N/A"}},{"$f":"MAX(VLOOKUP($K49,tKategorien[],3),VLOOKUP($L49,tKategorien[[Limit diast. ]:[Kat.]],2))","v":{"$error":"#N/A"}}]
[null,null,null,null,null,null,null,"2022-02-28","Mittag",{"$f":"INT(H48)+0.5","v":44620.5},{"$f":"VLOOKUP(tSequence[[#This Row],[Datum2]],tData[[Sort]:[Puls]],2,FALSE)","v":{"$error":"#N/A"}},{"$f":"VLOOKUP(tSequence[[#This Row],[Datum2]],tData[[Sort]:[Puls]],3,FALSE)","v":{"$error":"#N/A"}},{"$f":"VLOOKUP(tSequence[[#This Row],[Datum2]],tData[[Sort]:[Puls]],4,FALSE)","v":{"$error":"#N/A"}}]
[null,null,null,null,null,null,null,"2022-02-28","Abend",{"$f":"INT(H49)+0.75","v":44620.75},{"$f":"VLOOKUP(tSequence[[#This Row],[Datum2]],tData[[Sort]:[Puls]],2,FALSE)","v":{"$error":"#N/A"}},{"$f":"VLOOKUP(tSequence[[#This Row],[Datum2]],tData[[Sort]:[Puls]],3,FALSE)","v":{"$error":"#N/A"}},{"$f":"VLOOKUP(tSequence[[#This Row],[Datum2]],tData[[Sort]:[Puls]],4,FALSE)","v":{"$error":"#N/A"}}]
[null,null,null,null,null,null,null,"2022-03-01","Morgen",{"$f":"INT(H50)+0.25","v":44621.25},{"$f":"VLOOKUP(tSequence[[#This Row],[Datum2]],tData[[Sort]:[Puls]],2,FALSE)","v":{"$error":"#N/A"}},{"$f":"VLOOKUP(tSequence[[#This Row],[Datum2]],tData[[Sort]:[Puls]],3,FALSE)","v":{"$error":"#N/A"}},{"$f":"VLOOKUP(tSequence[[#This Row],[Datum2]],tData[[Sort]:[Puls]],4,FALSE)","v":{"$error":"#N/A"}},{"$f":"MAX(VLOOKUP($K50,tKategorien[],3),VLOOKUP($L50,tKategorien[[Limit diast. ]:[Kat.]],2))","v":{"$error":"#N/A"}},{"$f":"MAX(VLOOKUP($K51,tKategorien[],3),VLOOKUP($L51,tKategorien[[Limit diast. ]:[Kat.]],2))","v":{"$error":"#N/A"}},{"$f":"MAX(VLOOKUP($K52,tKategorien[],3),VLOOKUP($L52,tKategorien[[Limit diast. ]:[Kat.]],2))","v":{"$error":"#N/A"}}]
[null,null,null,null,null,null,null,"2022-03-01","Mittag",{"$f":"INT(H51)+0.5","v":44621.5},{"$f":"VLOOKUP(tSequence[[#This Row],[Datum2]],tData[[Sort]:[Puls]],2,FALSE)","v":{"$error":"#N/A"}},{"$f":"VLOOKUP(tSequence[[#This Row],[Datum2]],tData[[Sort]:[Puls]],3,FALSE)","v":{"$error":"#N/A"}},{"$f":"VLOOKUP(tSequence[[#This Row],[Datum2]],tData[[Sort]:[Puls]],4,FALSE)","v":{"$error":"#N/A"}}]
[null,null,null,null,null,null,null,"2022-03-01","Abend",{"$f":"INT(H52)+0.75","v":44621.75},{"$f":"VLOOKUP(tSequence[[#This Row],[Datum2]],tData[[Sort]:[Puls]],2,FALSE)","v":{"$error":"#N/A"}},{"$f":"VLOOKUP(tSequence[[#This Row],[Datum2]],tData[[Sort]:[Puls]],3,FALSE)","v":{"$error":"#N/A"}},{"$f":"VLOOKUP(tSequence[[#This Row],[Datum2]],tData[[Sort]:[Puls]],4,FALSE)","v":{"$error":"#N/A"}}]
[null,null,null,null,null,null,null,"2022-03-02","Morgen",{"$f":"INT(H53)+0.25","v":44622.25},{"$f":"VLOOKUP(tSequence[[#This Row],[Datum2]],tData[[Sort]:[Puls]],2,FALSE)","v":{"$error":"#N/A"}},{"$f":"VLOOKUP(tSequence[[#This Row],[Datum2]],tData[[Sort]:[Puls]],3,FALSE)","v":{"$error":"#N/A"}},{"$f":"VLOOKUP(tSequence[[#This Row],[Datum2]],tData[[Sort]:[Puls]],4,FALSE)","v":{"$error":"#N/A"}},{"$f":"MAX(VLOOKUP($K53,tKategorien[],3),VLOOKUP($L53,tKategorien[[Limit diast. ]:[Kat.]],2))","v":{"$error":"#N/A"}},{"$f":"MAX(VLOOKUP($K54,tKategorien[],3),VLOOKUP($L54,tKategorien[[Limit diast. ]:[Kat.]],2))","v":{"$error":"#N/A"}},{"$f":"MAX(VLOOKUP($K55,tKategorien[],3),VLOOKUP($L55,tKategorien[[Limit diast. ]:[Kat.]],2))","v":{"$error":"#N/A"}}]
[null,null,null,null,null,null,null,"2022-03-02","Mittag",{"$f":"INT(H54)+0.5","v":44622.5},{"$f":"VLOOKUP(tSequence[[#This Row],[Datum2]],tData[[Sort]:[Puls]],2,FALSE)","v":{"$error":"#N/A"}},{"$f":"VLOOKUP(tSequence[[#This Row],[Datum2]],tData[[Sort]:[Puls]],3,FALSE)","v":{"$error":"#N/A"}},{"$f":"VLOOKUP(tSequence[[#This Row],[Datum2]],tData[[Sort]:[Puls]],4,FALSE)","v":{"$error":"#N/A"}}]
[null,null,null,null,null,null,null,"2022-03-02","Abend",{"$f":"INT(H55)+0.75","v":44622.75},{"$f":"VLOOKUP(tSequence[[#This Row],[Datum2]],tData[[Sort]:[Puls]],2,FALSE)","v":{"$error":"#N/A"}},{"$f":"VLOOKUP(tSequence[[#This Row],[Datum2]],tData[[Sort]:[Puls]],3,FALSE)","v":{"$error":"#N/A"}},{"$f":"VLOOKUP(tSequence[[#This Row],[Datum2]],tData[[Sort]:[Puls]],4,FALSE)","v":{"$error":"#N/A"}}]
[null,null,null,null,null,null,null,"2022-03-03","Morgen",{"$f":"INT(H56)+0.25","v":44623.25},{"$f":"VLOOKUP(tSequence[[#This Row],[Datum2]],tData[[Sort]:[Puls]],2,FALSE)","v":{"$error":"#N/A"}},{"$f":"VLOOKUP(tSequence[[#This Row],[Datum2]],tData[[Sort]:[Puls]],3,FALSE)","v":{"$error":"#N/A"}},{"$f":"VLOOKUP(tSequence[[#This Row],[Datum2]],tData[[Sort]:[Puls]],4,FALSE)","v":{"$error":"#N/A"}},{"$f":"MAX(VLOOKUP($K56,tKategorien[],3),VLOOKUP($L56,tKategorien[[Limit diast. ]:[Kat.]],2))","v":{"$error":"#N/A"}},{"$f":"MAX(VLOOKUP($K57,tKategorien[],3),VLOOKUP($L57,tKategorien[[Limit diast. ]:[Kat.]],2))","v":{"$error":"#N/A"}},{"$f":"MAX(VLOOKUP($K58,tKategorien[],3),VLOOKUP($L58,tKategorien[[Limit diast. ]:[Kat.]],2))","v":{"$error":"#N/A"}}]
[null,null,null,null,null,null,null,"2022-03-03","Mittag",{"$f":"INT(H57)+0.5","v":44623.5},{"$f":"VLOOKUP(tSequence[[#This Row],[Datum2]],tData[[Sort]:[Puls]],2,FALSE)","v":{"$error":"#N/A"}},{"$f":"VLOOKUP(tSequence[[#This Row],[Datum2]],tData[[Sort]:[Puls]],3,FALSE)","v":{"$error":"#N/A"}},{"$f":"VLOOKUP(tSequence[[#This Row],[Datum2]],tData[[Sort]:[Puls]],4,FALSE)","v":{"$error":"#N/A"}}]
[null,null,null,null,null,null,null,"2022-03-03","Abend",{"$f":"INT(H58)+0.75","v":44623.75},{"$f":"VLOOKUP(tSequence[[#This Row],[Datum2]],tData[[Sort]:[Puls]],2,FALSE)","v":{"$error":"#N/A"}},{"$f":"VLOOKUP(tSequence[[#This Row],[Datum2]],tData[[Sort]:[Puls]],3,FALSE)","v":{"$error":"#N/A"}},{"$f":"VLOOKUP(tSequence[[#This Row],[Datum2]],tData[[Sort]:[Puls]],4,FALSE)","v":{"$error":"#N/A"}}]
[null,null,null,null,null,null,null,"2022-03-04","Morgen",{"$f":"INT(H59)+0.25","v":44624.25},{"$f":"VLOOKUP(tSequence[[#This Row],[Datum2]],tData[[Sort]:[Puls]],2,FALSE)","v":{"$error":"#N/A"}},{"$f":"VLOOKUP(tSequence[[#This Row],[Datum2]],tData[[Sort]:[Puls]],3,FALSE)","v":{"$error":"#N/A"}},{"$f":"VLOOKUP(tSequence[[#This Row],[Datum2]],tData[[Sort]:[Puls]],4,FALSE)","v":{"$error":"#N/A"}},{"$f":"MAX(VLOOKUP($K59,tKategorien[],3),VLOOKUP($L59,tKategorien[[Limit diast. ]:[Kat.]],2))","v":{"$error":"#N/A"}},{"$f":"MAX(VLOOKUP($K60,tKategorien[],3),VLOOKUP($L60,tKategorien[[Limit diast. ]:[Kat.]],2))","v":{"$error":"#N/A"}},{"$f":"MAX(VLOOKUP($K61,tKategorien[],3),VLOOKUP($L61,tKategorien[[Limit diast. ]:[Kat.]],2))","v":{"$error":"#N/A"}}]
[null,null,null,null,null,null,null,"2022-03-04","Mittag",{"$f":"INT(H60)+0.5","v":44624.5},{"$f":"VLOOKUP(tSequence[[#This Row],[Datum2]],tData[[Sort]:[Puls]],2,FALSE)","v":{"$error":"#N/A"}},{"$f":"VLOOKUP(tSequence[[#This Row],[Datum2]],tData[[Sort]:[Puls]],3,FALSE)","v":{"$error":"#N/A"}},{"$f":"VLOOKUP(tSequence[[#This Row],[Datum2]],tData[[Sort]:[Puls]],4,FALSE)","v":{"$error":"#N/A"}}]
[null,null,null,null,null,null,null,"2022-03-04","Abend",{"$f":"INT(H61)+0.75","v":44624.75},{"$f":"VLOOKUP(tSequence[[#This Row],[Datum2]],tData[[Sort]:[Puls]],2,FALSE)","v":{"$error":"#N/A"}},{"$f":"VLOOKUP(tSequence[[#This Row],[Datum2]],tData[[Sort]:[Puls]],3,FALSE)","v":{"$error":"#N/A"}},{"$f":"VLOOKUP(tSequence[[#This Row],[Datum2]],tData[[Sort]:[Puls]],4,FALSE)","v":{"$error":"#N/A"}}]
[null,null,null,null,null,null,null,"2022-03-05","Morgen",{"$f":"INT(H62)+0.25","v":44625.25},{"$f":"VLOOKUP(tSequence[[#This Row],[Datum2]],tData[[Sort]:[Puls]],2,FALSE)","v":{"$error":"#N/A"}},{"$f":"VLOOKUP(tSequence[[#This Row],[Datum2]],tData[[Sort]:[Puls]],3,FALSE)","v":{"$error":"#N/A"}},{"$f":"VLOOKUP(tSequence[[#This Row],[Datum2]],tData[[Sort]:[Puls]],4,FALSE)","v":{"$error":"#N/A"}},{"$f":"MAX(VLOOKUP($K62,tKategorien[],3),VLOOKUP($L62,tKategorien[[Limit diast. ]:[Kat.]],2))","v":{"$error":"#N/A"}},{"$f":"MAX(VLOOKUP($K63,tKategorien[],3),VLOOKUP($L63,tKategorien[[Limit diast. ]:[Kat.]],2))","v":{"$error":"#N/A"}},{"$f":"MAX(VLOOKUP($K64,tKategorien[],3),VLOOKUP($L64,tKategorien[[Limit diast. ]:[Kat.]],2))","v":{"$error":"#N/A"}}]
[null,null,null,null,null,null,null,"2022-03-05","Mittag",{"$f":"INT(H63)+0.5","v":44625.5},{"$f":"VLOOKUP(tSequence[[#This Row],[Datum2]],tData[[Sort]:[Puls]],2,FALSE)","v":{"$error":"#N/A"}},{"$f":"VLOOKUP(tSequence[[#This Row],[Datum2]],tData[[Sort]:[Puls]],3,FALSE)","v":{"$error":"#N/A"}},{"$f":"VLOOKUP(tSequence[[#This Row],[Datum2]],tData[[Sort]:[Puls]],4,FALSE)","v":{"$error":"#N/A"}}]
[null,null,null,null,null,null,null,"2022-03-05","Abend",{"$f":"INT(H64)+0.75","v":44625.75},{"$f":"VLOOKUP(tSequence[[#This Row],[Datum2]],tData[[Sort]:[Puls]],2,FALSE)","v":{"$error":"#N/A"}},{"$f":"VLOOKUP(tSequence[[#This Row],[Datum2]],tData[[Sort]:[Puls]],3,FALSE)","v":{"$error":"#N/A"}},{"$f":"VLOOKUP(tSequence[[#This Row],[Datum2]],tData[[Sort]:[Puls]],4,FALSE)","v":{"$error":"#N/A"}}]
[null,null,null,null,null,null,null,"2022-03-06","Morgen",{"$f":"INT(H65)+0.25","v":44626.25},{"$f":"VLOOKUP(tSequence[[#This Row],[Datum2]],tData[[Sort]:[Puls]],2,FALSE)","v":{"$error":"#N/A"}},{"$f":"VLOOKUP(tSequence[[#This Row],[Datum2]],tData[[Sort]:[Puls]],3,FALSE)","v":{"$error":"#N/A"}},{"$f":"VLOOKUP(tSequence[[#This Row],[Datum2]],tData[[Sort]:[Puls]],4,FALSE)","v":{"$error":"#N/A"}},{"$f":"MAX(VLOOKUP($K65,tKategorien[],3),VLOOKUP($L65,tKategorien[[Limit diast. ]:[Kat.]],2))","v":{"$error":"#N/A"}},{"$f":"MAX(VLOOKUP($K66,tKategorien[],3),VLOOKUP($L66,tKategorien[[Limit diast. ]:[Kat.]],2))","v":{"$error":"#N/A"}},{"$f":"MAX(VLOOKUP($K67,tKategorien[],3),VLOOKUP($L67,tKategorien[[Limit diast. ]:[Kat.]],2))","v":{"$error":"#N/A"}}]
[null,null,null,null,null,null,null,"2022-03-06","Mittag",{"$f":"INT(H66)+0.5","v":44626.5},{"$f":"VLOOKUP(tSequence[[#This Row],[Datum2]],tData[[Sort]:[Puls]],2,FALSE)","v":{"$error":"#N/A"}},{"$f":"VLOOKUP(tSequence[[#This Row],[Datum2]],tData[[Sort]:[Puls]],3,FALSE)","v":{"$error":"#N/A"}},{"$f":"VLOOKUP(tSequence[[#This Row],[Datum2]],tData[[Sort]:[Puls]],4,FALSE)","v":{"$error":"#N/A"}}]
[null,null,null,null,null,null,null,"2022-03-06","Abend",{"$f":"INT(H67)+0.75","v":44626.75},{"$f":"VLOOKUP(tSequence[[#This Row],[Datum2]],tData[[Sort]:[Puls]],2,FALSE)","v":{"$error":"#N/A"}},{"$f":"VLOOKUP(tSequence[[#This Row],[Datum2]],tData[[Sort]:[Puls]],3,FALSE)","v":{"$error":"#N/A"}},{"$f":"VLOOKUP(tSequence[[#This Row],[Datum2]],tData[[Sort]:[Puls]],4,FALSE)","v":{"$error":"#N/A"}}]
[null,null,null,null,null,null,null,"2022-03-07","Morgen",{"$f":"INT(H68)+0.25","v":44627.25},{"$f":"VLOOKUP(tSequence[[#This Row],[Datum2]],tData[[Sort]:[Puls]],2,FALSE)","v":{"$error":"#N/A"}},{"$f":"VLOOKUP(tSequence[[#This Row],[Datum2]],tData[[Sort]:[Puls]],3,FALSE)","v":{"$error":"#N/A"}},{"$f":"VLOOKUP(tSequence[[#This Row],[Datum2]],tData[[Sort]:[Puls]],4,FALSE)","v":{"$error":"#N/A"}},{"$f":"MAX(VLOOKUP($K68,tKategorien[],3),VLOOKUP($L68,tKategorien[[Limit diast. ]:[Kat.]],2))","v":{"$error":"#N/A"}},{"$f":"MAX(VLOOKUP($K69,tKategorien[],3),VLOOKUP($L69,tKategorien[[Limit diast. ]:[Kat.]],2))","v":{"$error":"#N/A"}},{"$f":"MAX(VLOOKUP($K70,tKategorien[],3),VLOOKUP($L70,tKategorien[[Limit diast. ]:[Kat.]],2))","v":{"$error":"#N/A"}}]
[null,null,null,null,null,null,null,"2022-03-07","Mittag",{"$f":"INT(H69)+0.5","v":44627.5},{"$f":"VLOOKUP(tSequence[[#This Row],[Datum2]],tData[[Sort]:[Puls]],2,FALSE)","v":{"$error":"#N/A"}},{"$f":"VLOOKUP(tSequence[[#This Row],[Datum2]],tData[[Sort]:[Puls]],3,FALSE)","v":{"$error":"#N/A"}},{"$f":"VLOOKUP(tSequence[[#This Row],[Datum2]],tData[[Sort]:[Puls]],4,FALSE)","v":{"$error":"#N/A"}}]
[null,null,null,null,null,null,null,"2022-03-07","Abend",{"$f":"INT(H70)+0.75","v":44627.75},{"$f":"VLOOKUP(tSequence[[#This Row],[Datum2]],tData[[Sort]:[Puls]],2,FALSE)","v":{"$error":"#N/A"}},{"$f":"VLOOKUP(tSequence[[#This Row],[Datum2]],tData[[Sort]:[Puls]],3,FALSE)","v":{"$error":"#N/A"}},{"$f":"VLOOKUP(tSequence[[#This Row],[Datum2]],tData[[Sort]:[Puls]],4,FALSE)","v":{"$error":"#N/A"}}]
[null,null,null,null,null,null,null,"2022-03-08","Morgen",{"$f":"INT(H71)+0.25","v":44628.25},{"$f":"VLOOKUP(tSequence[[#This Row],[Datum2]],tData[[Sort]:[Puls]],2,FALSE)","v":{"$error":"#N/A"}},{"$f":"VLOOKUP(tSequence[[#This Row],[Datum2]],tData[[Sort]:[Puls]],3,FALSE)","v":{"$error":"#N/A"}},{"$f":"VLOOKUP(tSequence[[#This Row],[Datum2]],tData[[Sort]:[Puls]],4,FALSE)","v":{"$error":"#N/A"}},{"$f":"MAX(VLOOKUP($K71,tKategorien[],3),VLOOKUP($L71,tKategorien[[Limit diast. ]:[Kat.]],2))","v":{"$error":"#N/A"}},{"$f":"MAX(VLOOKUP($K72,tKategorien[],3),VLOOKUP($L72,tKategorien[[Limit diast. ]:[Kat.]],2))","v":{"$error":"#N/A"}},{"$f":"MAX(VLOOKUP($K73,tKategorien[],3),VLOOKUP($L73,tKategorien[[Limit diast. ]:[Kat.]],2))","v":{"$error":"#N/A"}}]
[null,null,null,null,null,null,null,"2022-03-08","Mittag",{"$f":"INT(H72)+0.5","v":44628.5},{"$f":"VLOOKUP(tSequence[[#This Row],[Datum2]],tData[[Sort]:[Puls]],2,FALSE)","v":{"$error":"#N/A"}},{"$f":"VLOOKUP(tSequence[[#This Row],[Datum2]],tData[[Sort]:[Puls]],3,FALSE)","v":{"$error":"#N/A"}},{"$f":"VLOOKUP(tSequence[[#This Row],[Datum2]],tData[[Sort]:[Puls]],4,FALSE)","v":{"$error":"#N/A"}}]
[null,null,null,null,null,null,null,"2022-03-08","Abend",{"$f":"INT(H73)+0.75","v":44628.75},{"$f":"VLOOKUP(tSequence[[#This Row],[Datum2]],tData[[Sort]:[Puls]],2,FALSE)","v":{"$error":"#N/A"}},{"$f":"VLOOKUP(tSequence[[#This Row],[Datum2]],tData[[Sort]:[Puls]],3,FALSE)","v":{"$error":"#N/A"}},{"$f":"VLOOKUP(tSequence[[#This Row],[Datum2]],tData[[Sort]:[Puls]],4,FALSE)","v":{"$error":"#N/A"}}]
[null,null,null,null,null,null,null,"2022-03-09","Morgen",{"$f":"INT(H74)+0.25","v":44629.25},{"$f":"VLOOKUP(tSequence[[#This Row],[Datum2]],tData[[Sort]:[Puls]],2,FALSE)","v":{"$error":"#N/A"}},{"$f":"VLOOKUP(tSequence[[#This Row],[Datum2]],tData[[Sort]:[Puls]],3,FALSE)","v":{"$error":"#N/A"}},{"$f":"VLOOKUP(tSequence[[#This Row],[Datum2]],tData[[Sort]:[Puls]],4,FALSE)","v":{"$error":"#N/A"}},{"$f":"MAX(VLOOKUP($K74,tKategorien[],3),VLOOKUP($L74,tKategorien[[Limit diast. ]:[Kat.]],2))","v":{"$error":"#N/A"}},{"$f":"MAX(VLOOKUP($K75,tKategorien[],3),VLOOKUP($L75,tKategorien[[Limit diast. ]:[Kat.]],2))","v":{"$error":"#N/A"}},{"$f":"MAX(VLOOKUP($K76,tKategorien[],3),VLOOKUP($L76,tKategorien[[Limit diast. ]:[Kat.]],2))","v":{"$error":"#N/A"}}]
[null,null,null,null,null,null,null,"2022-03-09","Mittag",{"$f":"INT(H75)+0.5","v":44629.5},{"$f":"VLOOKUP(tSequence[[#This Row],[Datum2]],tData[[Sort]:[Puls]],2,FALSE)","v":{"$error":"#N/A"}},{"$f":"VLOOKUP(tSequence[[#This Row],[Datum2]],tData[[Sort]:[Puls]],3,FALSE)","v":{"$error":"#N/A"}},{"$f":"VLOOKUP(tSequence[[#This Row],[Datum2]],tData[[Sort]:[Puls]],4,FALSE)","v":{"$error":"#N/A"}}]
[null,null,null,null,null,null,null,"2022-03-09","Abend",{"$f":"INT(H76)+0.75","v":44629.75},{"$f":"VLOOKUP(tSequence[[#This Row],[Datum2]],tData[[Sort]:[Puls]],2,FALSE)","v":{"$error":"#N/A"}},{"$f":"VLOOKUP(tSequence[[#This Row],[Datum2]],tData[[Sort]:[Puls]],3,FALSE)","v":{"$error":"#N/A"}},{"$f":"VLOOKUP(tSequence[[#This Row],[Datum2]],tData[[Sort]:[Puls]],4,FALSE)","v":{"$error":"#N/A"}}]
[null,null,null,null,null,null,null,"2022-03-10","Morgen",{"$f":"INT(H77)+0.25","v":44630.25},{"$f":"VLOOKUP(tSequence[[#This Row],[Datum2]],tData[[Sort]:[Puls]],2,FALSE)","v":{"$error":"#N/A"}},{"$f":"VLOOKUP(tSequence[[#This Row],[Datum2]],tData[[Sort]:[Puls]],3,FALSE)","v":{"$error":"#N/A"}},{"$f":"VLOOKUP(tSequence[[#This Row],[Datum2]],tData[[Sort]:[Puls]],4,FALSE)","v":{"$error":"#N/A"}},{"$f":"MAX(VLOOKUP($K77,tKategorien[],3),VLOOKUP($L77,tKategorien[[Limit diast. ]:[Kat.]],2))","v":{"$error":"#N/A"}},{"$f":"MAX(VLOOKUP($K78,tKategorien[],3),VLOOKUP($L78,tKategorien[[Limit diast. ]:[Kat.]],2))","v":{"$error":"#N/A"}},{"$f":"MAX(VLOOKUP($K79,tKategorien[],3),VLOOKUP($L79,tKategorien[[Limit diast. ]:[Kat.]],2))","v":{"$error":"#N/A"}}]
[null,null,null,null,null,null,null,"2022-03-10","Mittag",{"$f":"INT(H78)+0.5","v":44630.5},{"$f":"VLOOKUP(tSequence[[#This Row],[Datum2]],tData[[Sort]:[Puls]],2,FALSE)","v":{"$error":"#N/A"}},{"$f":"VLOOKUP(tSequence[[#This Row],[Datum2]],tData[[Sort]:[Puls]],3,FALSE)","v":{"$error":"#N/A"}},{"$f":"VLOOKUP(tSequence[[#This Row],[Datum2]],tData[[Sort]:[Puls]],4,FALSE)","v":{"$error":"#N/A"}}]
[null,null,null,null,null,null,null,"2022-03-10","Abend",{"$f":"INT(H79)+0.75","v":44630.75},{"$f":"VLOOKUP(tSequence[[#This Row],[Datum2]],tData[[Sort]:[Puls]],2,FALSE)","v":{"$error":"#N/A"}},{"$f":"VLOOKUP(tSequence[[#This Row],[Datum2]],tData[[Sort]:[Puls]],3,FALSE)","v":{"$error":"#N/A"}},{"$f":"VLOOKUP(tSequence[[#This Row],[Datum2]],tData[[Sort]:[Puls]],4,FALSE)","v":{"$error":"#N/A"}}]
[null,null,null,null,null,null,null,"2022-03-11","Morgen",{"$f":"INT(H80)+0.25","v":44631.25},{"$f":"VLOOKUP(tSequence[[#This Row],[Datum2]],tData[[Sort]:[Puls]],2,FALSE)","v":{"$error":"#N/A"}},{"$f":"VLOOKUP(tSequence[[#This Row],[Datum2]],tData[[Sort]:[Puls]],3,FALSE)","v":{"$error":"#N/A"}},{"$f":"VLOOKUP(tSequence[[#This Row],[Datum2]],tData[[Sort]:[Puls]],4,FALSE)","v":{"$error":"#N/A"}},{"$f":"MAX(VLOOKUP($K80,tKategorien[],3),VLOOKUP($L80,tKategorien[[Limit diast. ]:[Kat.]],2))","v":{"$error":"#N/A"}},{"$f":"MAX(VLOOKUP($K81,tKategorien[],3),VLOOKUP($L81,tKategorien[[Limit diast. ]:[Kat.]],2))","v":{"$error":"#N/A"}},{"$f":"MAX(VLOOKUP($K82,tKategorien[],3),VLOOKUP($L82,tKategorien[[Limit diast. ]:[Kat.]],2))","v":{"$error":"#N/A"}}]
[null,null,null,null,null,null,null,"2022-03-11","Mittag",{"$f":"INT(H81)+0.5","v":44631.5},{"$f":"VLOOKUP(tSequence[[#This Row],[Datum2]],tData[[Sort]:[Puls]],2,FALSE)","v":{"$error":"#N/A"}},{"$f":"VLOOKUP(tSequence[[#This Row],[Datum2]],tData[[Sort]:[Puls]],3,FALSE)","v":{"$error":"#N/A"}},{"$f":"VLOOKUP(tSequence[[#This Row],[Datum2]],tData[[Sort]:[Puls]],4,FALSE)","v":{"$error":"#N/A"}}]
[null,null,null,null,null,null,null,"2022-03-11","Abend",{"$f":"INT(H82)+0.75","v":44631.75},{"$f":"VLOOKUP(tSequence[[#This Row],[Datum2]],tData[[Sort]:[Puls]],2,FALSE)","v":{"$error":"#N/A"}},{"$f":"VLOOKUP(tSequence[[#This Row],[Datum2]],tData[[Sort]:[Puls]],3,FALSE)","v":{"$error":"#N/A"}},{"$f":"VLOOKUP(tSequence[[#This Row],[Datum2]],tData[[Sort]:[Puls]],4,FALSE)","v":{"$error":"#N/A"}}]
[null,null,null,null,null,null,null,"2022-03-12","Morgen",{"$f":"INT(H83)+0.25","v":44632.25},{"$f":"VLOOKUP(tSequence[[#This Row],[Datum2]],tData[[Sort]:[Puls]],2,FALSE)","v":{"$error":"#N/A"}},{"$f":"VLOOKUP(tSequence[[#This Row],[Datum2]],tData[[Sort]:[Puls]],3,FALSE)","v":{"$error":"#N/A"}},{"$f":"VLOOKUP(tSequence[[#This Row],[Datum2]],tData[[Sort]:[Puls]],4,FALSE)","v":{"$error":"#N/A"}},{"$f":"MAX(VLOOKUP($K83,tKategorien[],3),VLOOKUP($L83,tKategorien[[Limit diast. ]:[Kat.]],2))","v":{"$error":"#N/A"}},{"$f":"MAX(VLOOKUP($K84,tKategorien[],3),VLOOKUP($L84,tKategorien[[Limit diast. ]:[Kat.]],2))","v":{"$error":"#N/A"}},{"$f":"MAX(VLOOKUP($K85,tKategorien[],3),VLOOKUP($L85,tKategorien[[Limit diast. ]:[Kat.]],2))","v":{"$error":"#N/A"}}]
[null,null,null,null,null,null,null,"2022-03-12","Mittag",{"$f":"INT(H84)+0.5","v":44632.5},{"$f":"VLOOKUP(tSequence[[#This Row],[Datum2]],tData[[Sort]:[Puls]],2,FALSE)","v":{"$error":"#N/A"}},{"$f":"VLOOKUP(tSequence[[#This Row],[Datum2]],tData[[Sort]:[Puls]],3,FALSE)","v":{"$error":"#N/A"}},{"$f":"VLOOKUP(tSequence[[#This Row],[Datum2]],tData[[Sort]:[Puls]],4,FALSE)","v":{"$error":"#N/A"}}]
[null,null,null,null,null,null,null,"2022-03-12","Abend",{"$f":"INT(H85)+0.75","v":44632.75},{"$f":"VLOOKUP(tSequence[[#This Row],[Datum2]],tData[[Sort]:[Puls]],2,FALSE)","v":{"$error":"#N/A"}},{"$f":"VLOOKUP(tSequence[[#This Row],[Datum2]],tData[[Sort]:[Puls]],3,FALSE)","v":{"$error":"#N/A"}},{"$f":"VLOOKUP(tSequence[[#This Row],[Datum2]],tData[[Sort]:[Puls]],4,FALSE)","v":{"$error":"#N/A"}}]
[null,null,null,null,null,null,null,"2022-03-13","Morgen",{"$f":"INT(H86)+0.25","v":44633.25},{"$f":"VLOOKUP(tSequence[[#This Row],[Datum2]],tData[[Sort]:[Puls]],2,FALSE)","v":{"$error":"#N/A"}},{"$f":"VLOOKUP(tSequence[[#This Row],[Datum2]],tData[[Sort]:[Puls]],3,FALSE)","v":{"$error":"#N/A"}},{"$f":"VLOOKUP(tSequence[[#This Row],[Datum2]],tData[[Sort]:[Puls]],4,FALSE)","v":{"$error":"#N/A"}},{"$f":"MAX(VLOOKUP($K86,tKategorien[],3),VLOOKUP($L86,tKategorien[[Limit diast. ]:[Kat.]],2))","v":{"$error":"#N/A"}},{"$f":"MAX(VLOOKUP($K87,tKategorien[],3),VLOOKUP($L87,tKategorien[[Limit diast. ]:[Kat.]],2))","v":{"$error":"#N/A"}},{"$f":"MAX(VLOOKUP($K88,tKategorien[],3),VLOOKUP($L88,tKategorien[[Limit diast. ]:[Kat.]],2))","v":{"$error":"#N/A"}}]
[null,null,null,null,null,null,null,"2022-03-13","Mittag",{"$f":"INT(H87)+0.5","v":44633.5},{"$f":"VLOOKUP(tSequence[[#This Row],[Datum2]],tData[[Sort]:[Puls]],2,FALSE)","v":{"$error":"#N/A"}},{"$f":"VLOOKUP(tSequence[[#This Row],[Datum2]],tData[[Sort]:[Puls]],3,FALSE)","v":{"$error":"#N/A"}},{"$f":"VLOOKUP(tSequence[[#This Row],[Datum2]],tData[[Sort]:[Puls]],4,FALSE)","v":{"$error":"#N/A"}}]
[null,null,null,null,null,null,null,"2022-03-13","Abend",{"$f":"INT(H88)+0.75","v":44633.75},{"$f":"VLOOKUP(tSequence[[#This Row],[Datum2]],tData[[Sort]:[Puls]],2,FALSE)","v":{"$error":"#N/A"}},{"$f":"VLOOKUP(tSequence[[#This Row],[Datum2]],tData[[Sort]:[Puls]],3,FALSE)","v":{"$error":"#N/A"}},{"$f":"VLOOKUP(tSequence[[#This Row],[Datum2]],tData[[Sort]:[Puls]],4,FALSE)","v":{"$error":"#N/A"}}]
[]
[]
[]
[]
[]
[]
[]
[]
[]
[]
[]
["Datum1","Tageszeit","Sort","Systolisch","Diastolisch","Puls","Gewicht","Bemerkung","Jahr","Woche","Durchschnitt"]
["2019-10-19","Morgen",43757.25,135,89,73,131.80000000000001,null,{"$f":"YEAR(tCopiedWeightData[[#This Row],[Sort]])","v":2019},{"$f":"WEEKNUM(tCopiedWeightData[[#This Row],[Sort]],21)","v":42},{"$f":"SUBTOTAL(1, $G101:$G101)","v":131.80000000000001}]
["2019-10-25","Morgen",43763.25,116,87,83,131,null,{"$f":"YEAR(tCopiedWeightData[[#This Row],[Sort]])","v":2019},{"$f":"WEEKNUM(tCopiedWeightData[[#This Row],[Sort]],21)","v":43}]
["2019-10-26","Morgen",43764.25,117,81,75,130.9,null,{"$f":"YEAR(tCopiedWeightData[[#This Row],[Sort]])","v":2019},{"$f":"WEEKNUM(tCopiedWeightData[[#This Row],[Sort]],21)","v":43}]
["2019-10-27","Morgen",43765.25,133,90,84,131.5,null,{"$f":"YEAR(tCopiedWeightData[[#This Row],[Sort]])","v":2019},{"$f":"WEEKNUM(tCopiedWeightData[[#This Row],[Sort]],21)","v":43},{"$f":"SUBTOTAL(1, $G102:$G104)","v":131.13333333333333}]
["2019-10-28","Morgen",43766.25,127,93,79,131.19999999999999,null,{"$f":"YEAR(tCopiedWeightData[[#This Row],[Sort]])","v":2019},{"$f":"WEEKNUM(tCopiedWeightData[[#This Row],[Sort]],21)","v":44}]
["2019-10-29","Morgen",43767.25,136,91,82,131.1,null,{"$f":"YEAR(tCopiedWeightData[[#This Row],[Sort]])","v":2019},{"$f":"WEEKNUM(tCopiedWeightData[[#This Row],[Sort]],21)","v":44}]
["2019-10-30","Morgen",43768.25,129,89,85,130.30000000000001,null,{"$f":"YEAR(tCopiedWeightData[[#This Row],[Sort]])","v":2019},{"$f":"WEEKNUM(tCopiedWeightData[[#This Row],[Sort]],21)","v":44}]
["2019-10-31","Morgen",43769.25,126,85,74,130.4,null,{"$f":"YEAR(tCopiedWeightData[[#This Row],[Sort]])","v":2019},{"$f":"WEEKNUM(tCopiedWeightData[[#This Row],[Sort]],21)","v":44}]
["2019-11-01","Morgen",43770.25,115,79,80,131.4,null,{"$f":"YEAR(tCopiedWeightData[[#This Row],[Sort]])","v":2019},{"$f":"WEEKNUM(tCopiedWeightData[[#This Row],[Sort]],21)","v":44}]
["2019-11-02","Morgen",43771.25,129,92,75,131.1,null,{"$f":"YEAR(tCopiedWeightData[[#This Row],[Sort]])","v":2019},{"$f":"WEEKNUM(tCopiedWeightData[[#This Row],[Sort]],21)","v":44}]
["2019-11-03","Morgen",43772.25,123,80,82,131.80000000000001,null,{"$f":"YEAR(tCopiedWeightData[[#This Row],[Sort]])","v":2019},{"$f":"WEEKNUM(tCopiedWeightData[[#This Row],[Sort]],21)","v":44},{"$f":"SUBTOTAL(1, $G105:$G111)","v":131.04285714285714}]
["2019-11-04","Morgen",43773.25,132,87,77,131.1,null,{"$f":"YEAR(tCopiedWeightData[[#This Row],[Sort]])","v":2019},{"$f":"WEEKNUM(tCopiedWeightData[[#This Row],[Sort]],21)","v":45}]
["2019-11-05","Morgen",43774.25,126,86,86,131.30000000000001,null,{"$f":"YEAR(tCopiedWeightData[[#This Row],[Sort]])","v":2019},{"$f":"WEEKNUM(tCopiedWeightData[[#This Row],[Sort]],21)","v":45}]
["2019-11-06","Morgen",43775.25,123,87,79,131.19999999999999,null,{"$f":"YEAR(tCopiedWeightData[[#This Row],[Sort]])","v":2019},{"$f":"WEEKNUM(tCopiedWeightData[[#This Row],[Sort]],21)","v":45}]
["2019-11-08","Morgen",43777.25,132,92,84,130.9,null,{"$f":"YEAR(tCopiedWeightData[[#This Row],[Sort]])","v":2019},{"$f":"WEEKNUM(tCopiedWeightData[[#This Row],[Sort]],21)","v":45}]
["2019-11-09","Morgen",43778.25,136,89,89,131.1,null,{"$f":"YEAR(tCopiedWeightData[[#This Row],[Sort]])","v":2019},{"$f":"WEEKNUM(tCopiedWeightData[[#This Row],[Sort]],21)","v":45}]
["2019-11-10","Morgen",43779.25,123,83,87,130.4,null,{"$f":"YEAR(tCopiedWeightData[[#This Row],[Sort]])","v":2019},{"$f":"WEEKNUM(tCopiedWeightData[[#This Row],[Sort]],21)","v":45},{"$f":"SUBTOTAL(1, $G112:$G117)","v":131}]
["2019-11-11","Morgen",43780.25,119,82,74,130.6,null,{"$f":"YEAR(tCopiedWeightData[[#This Row],[Sort]])","v":2019},{"$f":"WEEKNUM(tCopiedWeightData[[#This Row],[Sort]],21)","v":46}]
["2019-11-12","Morgen",43781.25,120,79,81,131.1,null,{"$f":"YEAR(tCopiedWeightData[[#This Row],[Sort]])","v":2019},{"$f":"WEEKNUM(tCopiedWeightData[[#This Row],[Sort]],21)","v":46}]
["2019-11-13","Morgen",43782.25,133,83,75,130.69999999999999,null,{"$f":"YEAR(tCopiedWeightData[[#This Row],[Sort]])","v":2019},{"$f":"WEEKNUM(tCopiedWeightData[[#This Row],[Sort]],21)","v":46}]
["2019-11-14","Morgen",43783.25,128,91,90,130.5,null,{"$f":"YEAR(tCopiedWeightData[[#This Row],[Sort]])","v":2019},{"$f":"WEEKNUM(tCopiedWeightData[[#This Row],[Sort]],21)","v":46}]
["2019-11-15","Morgen",43784.25,124,81,98,131.19999999999999,null,{"$f":"YEAR(tCopiedWeightData[[#This Row],[Sort]])","v":2019},{"$f":"WEEKNUM(tCopiedWeightData[[#This Row],[Sort]],21)","v":46}]
["2019-11-16","Morgen",43785.25,139,88,81,130.80000000000001,null,{"$f":"YEAR(tCopiedWeightData[[#This Row],[Sort]])","v":2019},{"$f":"WEEKNUM(tCopiedWeightData[[#This Row],[Sort]],21)","v":46}]
["2019-11-17","Morgen",43786.25,128,92,82,130.5,null,{"$f":"YEAR(tCopiedWeightData[[#This Row],[Sort]])","v":2019},{"$f":"WEEKNUM(tCopiedWeightData[[#This Row],[Sort]],21)","v":46},{"$f":"SUBTOTAL(1, $G118:$G124)","v":130.77142857142854}]
["2019-11-18","Morgen",43787.25,120,84,78,130,null,{"$f":"YEAR(tCopiedWeightData[[#This Row],[Sort]])","v":2019},{"$f":"WEEKNUM(tCopiedWeightData[[#This Row],[Sort]],21)","v":47}]
["2019-11-19","Morgen",43788.25,116,85,79,130.1,null,{"$f":"YEAR(tCopiedWeightData[[#This Row],[Sort]])","v":2019},{"$f":"WEEKNUM(tCopiedWeightData[[#This Row],[Sort]],21)","v":47}]
["2019-11-20","Morgen",43789.25,138,86,78,130.6,null,{"$f":"YEAR(tCopiedWeightData[[#This Row],[Sort]])","v":2019},{"$f":"WEEKNUM(tCopiedWeightData[[#This Row],[Sort]],21)","v":47}]
["2019-11-21","Morgen",43790.25,125,86,74,130.1,null,{"$f":"YEAR(tCopiedWeightData[[#This Row],[Sort]])","v":2019},{"$f":"WEEKNUM(tCopiedWeightData[[#This Row],[Sort]],21)","v":47}]
["2019-11-22","Morgen",43791.25,123,87,76,131.5,null,{"$f":"YEAR(tCopiedWeightData[[#This Row],[Sort]])","v":2019},{"$f":"WEEKNUM(tCopiedWeightData[[#This Row],[Sort]],21)","v":47}]
["2019-11-23","Morgen",43792.25,128,87,74,130.30000000000001,null,{"$f":"YEAR(tCopiedWeightData[[#This Row],[Sort]])","v":2019},{"$f":"WEEKNUM(tCopiedWeightData[[#This Row],[Sort]],21)","v":47}]
["2019-11-24","Morgen",43793.25,123,81,80,130,null,{"$f":"YEAR(tCopiedWeightData[[#This Row],[Sort]])","v":2019},{"$f":"WEEKNUM(tCopiedWeightData[[#This Row],[Sort]],21)","v":47},{"$f":"SUBTOTAL(1, $G125:$G131)","v":130.37142857142859}]
["2019-11-25","Morgen",43794.25,132,82,84,129.69999999999999,null,{"$f":"YEAR(tCopiedWeightData[[#This Row],[Sort]])","v":2019},{"$f":"WEEKNUM(tCopiedWeightData[[#This Row],[Sort]],21)","v":48}]
["2019-11-26","Morgen",43795.25,118,79,77,130.6,null,{"$f":"YEAR(tCopiedWeightData[[#This Row],[Sort]])","v":2019},{"$f":"WEEKNUM(tCopiedWeightData[[#This Row],[Sort]],21)","v":48}]
["2019-11-27","Morgen",43796.25,131,88,83,130.5,null,{"$f":"YEAR(tCopiedWeightData[[#This Row],[Sort]])","v":2019},{"$f":"WEEKNUM(tCopiedWeightData[[#This Row],[Sort]],21)","v":48}]
["2019-11-28","Morgen",43797.25,132,85,76,129.4,null,{"$f":"YEAR(tCopiedWeightData[[#This Row],[Sort]])","v":2019},{"$f":"WEEKNUM(tCopiedWeightData[[#This Row],[Sort]],21)","v":48}]
["2019-11-29","Morgen",43798.25,126,81,78,130.19999999999999,null,{"$f":"YEAR(tCopiedWeightData[[#This Row],[Sort]])","v":2019},{"$f":"WEEKNUM(tCopiedWeightData[[#This Row],[Sort]],21)","v":48}]
["2019-11-30","Morgen",43799.25,127,88,82,129.9,null,{"$f":"YEAR(tCopiedWeightData[[#This Row],[Sort]])","v":2019},{"$f":"WEEKNUM(tCopiedWeightData[[#This Row],[Sort]],21)","v":48}]
["2019-12-01","Morgen",43800.25,120,85,72,129.9,null,{"$f":"YEAR(tCopiedWeightData[[#This Row],[Sort]])","v":2019},{"$f":"WEEKNUM(tCopiedWeightData[[#This Row],[Sort]],21)","v":48},{"$f":"SUBTOTAL(1, $G132:$G138)","v":130.02857142857141}]
["2019-12-02","Morgen",43801.25,138,84,77,129.69999999999999,null,{"$f":"YEAR(tCopiedWeightData[[#This Row],[Sort]])","v":2019},{"$f":"WEEKNUM(tCopiedWeightData[[#This Row],[Sort]],21)","v":49}]
["2019-12-03","Morgen",43802.25,128,83,79,129.6,null,{"$f":"YEAR(tCopiedWeightData[[#This Row],[Sort]])","v":2019},{"$f":"WEEKNUM(tCopiedWeightData[[#This Row],[Sort]],21)","v":49}]
["2019-12-04","Morgen",43803.25,129,81,79,131,null,{"$f":"YEAR(tCopiedWeightData[[#This Row],[Sort]])","v":2019},{"$f":"WEEKNUM(tCopiedWeightData[[#This Row],[Sort]],21)","v":49}]
["2019-12-05","Morgen",43804.25,136,86,81,129.69999999999999,null,{"$f":"YEAR(tCopiedWeightData[[#This Row],[Sort]])","v":2019},{"$f":"WEEKNUM(tCopiedWeightData[[#This Row],[Sort]],21)","v":49}]
["2019-12-06","Morgen",43805.25,136,87,79,129,null,{"$f":"YEAR(tCopiedWeightData[[#This Row],[Sort]])","v":2019},{"$f":"WEEKNUM(tCopiedWeightData[[#This Row],[Sort]],21)","v":49}]
["2019-12-07","Morgen",43806.25,126,88,85,129,null,{"$f":"YEAR(tCopiedWeightData[[#This Row],[Sort]])","v":2019},{"$f":"WEEKNUM(tCopiedWeightData[[#This Row],[Sort]],21)","v":49}]
["2019-12-08","Morgen",43807.25,121,87,80,128.19999999999999,null,{"$f":"YEAR(tCopiedWeightData[[#This Row],[Sort]])","v":2019},{"$f":"WEEKNUM(tCopiedWeightData[[#This Row],[Sort]],21)","v":49},{"$f":"SUBTOTAL(1, $G139:$G145)","v":129.45714285714286}]
["2019-12-09","Morgen",43808.25,130,84,81,129.6,null,{"$f":"YEAR(tCopiedWeightData[[#This Row],[Sort]])","v":2019},{"$f":"WEEKNUM(tCopiedWeightData[[#This Row],[Sort]],21)","v":50}]
["2019-12-10","Morgen",43809.25,114,74,71,129.9,null,{"$f":"YEAR(tCopiedWeightData[[#This Row],[Sort]])","v":2019},{"$f":"WEEKNUM(tCopiedWeightData[[#This Row],[Sort]],21)","v":50}]
["2019-12-11","Morgen",43810.25,135,84,89,130.6,null,{"$f":"YEAR(tCopiedWeightData[[#This Row],[Sort]])","v":2019},{"$f":"WEEKNUM(tCopiedWeightData[[#This Row],[Sort]],21)","v":50}]
["2019-12-12","Morgen",43811.25,138,79,89,129.1,null,{"$f":"YEAR(tCopiedWeightData[[#This Row],[Sort]])","v":2019},{"$f":"WEEKNUM(tCopiedWeightData[[#This Row],[Sort]],21)","v":50}]
["2019-12-13","Morgen",43812.25,121,71,76,129.5,null,{"$f":"YEAR(tCopiedWeightData[[#This Row],[Sort]])","v":2019},{"$f":"WEEKNUM(tCopiedWeightData[[#This Row],[Sort]],21)","v":50}]
["2019-12-14","Morgen",43813.25,125,89,87,128.69999999999999,null,{"$f":"YEAR(tCopiedWeightData[[#This Row],[Sort]])","v":2019},{"$f":"WEEKNUM(tCopiedWeightData[[#This Row],[Sort]],21)","v":50}]
["2019-12-15","Morgen",43814.25,132,96,87,128.69999999999999,null,{"$f":"YEAR(tCopiedWeightData[[#This Row],[Sort]])","v":2019},{"$f":"WEEKNUM(tCopiedWeightData[[#This Row],[Sort]],21)","v":50},{"$f":"SUBTOTAL(1, $G146:$G152)","v":129.44285714285715}]
["2019-12-17","Morgen",43816.25,121,82,86,128.80000000000001,null,{"$f":"YEAR(tCopiedWeightData[[#This Row],[Sort]])","v":2019},{"$f":"WEEKNUM(tCopiedWeightData[[#This Row],[Sort]],21)","v":51}]
["2019-12-18","Morgen",43817.25,116,82,78,128.4,null,{"$f":"YEAR(tCopiedWeightData[[#This Row],[Sort]])","v":2019},{"$f":"WEEKNUM(tCopiedWeightData[[#This Row],[Sort]],21)","v":51}]
["2019-12-19","Morgen",43818.25,125,89,78,128,null,{"$f":"YEAR(tCopiedWeightData[[#This Row],[Sort]])","v":2019},{"$f":"WEEKNUM(tCopiedWeightData[[#This Row],[Sort]],21)","v":51}]
["2019-12-20","Morgen",43819.25,136,96,87,128.30000000000001,null,{"$f":"YEAR(tCopiedWeightData[[#This Row],[Sort]])","v":2019},{"$f":"WEEKNUM(tCopiedWeightData[[#This Row],[Sort]],21)","v":51}]
["2019-12-21","Morgen",43820.25,125,90,82,128.30000000000001,null,{"$f":"YEAR(tCopiedWeightData[[#This Row],[Sort]])","v":2019},{"$f":"WEEKNUM(tCopiedWeightData[[#This Row],[Sort]],21)","v":51}]
["2019-12-22","Morgen",43821.25,138,95,83,127.7,null,{"$f":"YEAR(tCopiedWeightData[[#This Row],[Sort]])","v":2019},{"$f":"WEEKNUM(tCopiedWeightData[[#This Row],[Sort]],21)","v":51},{"$f":"SUBTOTAL(1, $G153:$G158)","v":128.25}]
["2019-12-23","Morgen",43822.25,128,77,94,128.1,null,{"$f":"YEAR(tCopiedWeightData[[#This Row],[Sort]])","v":2019},{"$f":"WEEKNUM(tCopiedWeightData[[#This Row],[Sort]],21)","v":52}]
["2019-12-24","Morgen",43823.25,124,89,97,127.9,null,{"$f":"YEAR(tCopiedWeightData[[#This Row],[Sort]])","v":2019},{"$f":"WEEKNUM(tCopiedWeightData[[#This Row],[Sort]],21)","v":52}]
["2019-12-25","Morgen",43824.25,144,95,90,128.6,null,{"$f":"YEAR(tCopiedWeightData[[#This Row],[Sort]])","v":2019},{"$f":"WEEKNUM(tCopiedWeightData[[#This Row],[Sort]],21)","v":52}]
["2019-12-26","Morgen",43825.25,138,95,87,128.6,null,{"$f":"YEAR(tCopiedWeightData[[#This Row],[Sort]])","v":2019},{"$f":"WEEKNUM(tCopiedWeightData[[#This Row],[Sort]],21)","v":52}]
["2019-12-27","Morgen",43826.25,122,80,73,128.6,null,{"$f":"YEAR(tCopiedWeightData[[#This Row],[Sort]])","v":2019},{"$f":"WEEKNUM(tCopiedWeightData[[#This Row],[Sort]],21)","v":52}]
["2019-12-28","Morgen",43827.25,141,91,86,128.6,null,{"$f":"YEAR(tCopiedWeightData[[#This Row],[Sort]])","v":2019},{"$f":"WEEKNUM(tCopiedWeightData[[#This Row],[Sort]],21)","v":52}]
["2019-12-29","Morgen",43828.25,111,78,71,128.5,null,{"$f":"YEAR(tCopiedWeightData[[#This Row],[Sort]])","v":2019},{"$f":"WEEKNUM(tCopiedWeightData[[#This Row],[Sort]],21)","v":52},{"$f":"SUBTOTAL(1, $G159:$G165)","v":128.41428571428574}]
["2019-12-30","Morgen",43829.25,130,89,89,128.5,null,{"$f":"YEAR(tCopiedWeightData[[#This Row],[Sort]])","v":2019},{"$f":"WEEKNUM(tCopiedWeightData[[#This Row],[Sort]],21)","v":1}]
["2019-12-31","Morgen",43830.25,134,95,82,128.4,null,{"$f":"YEAR(tCopiedWeightData[[#This Row],[Sort]])","v":2019},{"$f":"WEEKNUM(tCopiedWeightData[[#This Row],[Sort]],21)","v":1}]
["2020-01-01","Morgen",43831.25,126,97,83,128.1,null,{"$f":"YEAR(tCopiedWeightData[[#This Row],[Sort]])","v":2020},{"$f":"WEEKNUM(tCopiedWeightData[[#This Row],[Sort]],21)","v":1}]
["2020-01-02","Morgen",43832.25,126,81,79,127.9,null,{"$f":"YEAR(tCopiedWeightData[[#This Row],[Sort]])","v":2020},{"$f":"WEEKNUM(tCopiedWeightData[[#This Row],[Sort]],21)","v":1}]
["2020-01-03","Morgen",43833.25,125,89,81,127.9,null,{"$f":"YEAR(tCopiedWeightData[[#This Row],[Sort]])","v":2020},{"$f":"WEEKNUM(tCopiedWeightData[[#This Row],[Sort]],21)","v":1}]
["2020-01-04","Morgen",43834.25,121,82,80,127.5,null,{"$f":"YEAR(tCopiedWeightData[[#This Row],[Sort]])","v":2020},{"$f":"WEEKNUM(tCopiedWeightData[[#This Row],[Sort]],21)","v":1}]
["2020-01-05","Morgen",43835.25,128,81,82,127.7,null,{"$f":"YEAR(tCopiedWeightData[[#This Row],[Sort]])","v":2020},{"$f":"WEEKNUM(tCopiedWeightData[[#This Row],[Sort]],21)","v":1},{"$f":"SUBTOTAL(1, $G166:$G172)","v":128}]
["2020-01-06","Morgen",43836.25,113,78,101,126.9,null,{"$f":"YEAR(tCopiedWeightData[[#This Row],[Sort]])","v":2020},{"$f":"WEEKNUM(tCopiedWeightData[[#This Row],[Sort]],21)","v":2}]
["2020-01-07","Morgen",43837.25,107,80,84,126.6,null,{"$f":"YEAR(tCopiedWeightData[[#This Row],[Sort]])","v":2020},{"$f":"WEEKNUM(tCopiedWeightData[[#This Row],[Sort]],21)","v":2}]
["2020-01-09","Morgen",43839.25,123,86,88,125.7,null,{"$f":"YEAR(tCopiedWeightData[[#This Row],[Sort]])","v":2020},{"$f":"WEEKNUM(tCopiedWeightData[[#This Row],[Sort]],21)","v":2}]
["2020-01-10","Morgen",43840.25,125,83,81,125.2,null,{"$f":"YEAR(tCopiedWeightData[[#This Row],[Sort]])","v":2020},{"$f":"WEEKNUM(tCopiedWeightData[[#This Row],[Sort]],21)","v":2}]
["2020-01-11","Morgen",43841.25,117,77,73,125.8,null,{"$f":"YEAR(tCopiedWeightData[[#This Row],[Sort]])","v":2020},{"$f":"WEEKNUM(tCopiedWeightData[[#This Row],[Sort]],21)","v":2}]
["2020-01-12","Morgen",43842.25,114,78,82,126.1,null,{"$f":"YEAR(tCopiedWeightData[[#This Row],[Sort]])","v":2020},{"$f":"WEEKNUM(tCopiedWeightData[[#This Row],[Sort]],21)","v":2},{"$f":"SUBTOTAL(1, $G173:$G178)","v":126.05}]
["2020-01-17","Morgen",43847.25,113,83,89,124.8,null,{"$f":"YEAR(tCopiedWeightData[[#This Row],[Sort]])","v":2020},{"$f":"WEEKNUM(tCopiedWeightData[[#This Row],[Sort]],21)","v":3}]
["2020-01-18","Morgen",43848.25,124,77,81,123.8,null,{"$f":"YEAR(tCopiedWeightData[[#This Row],[Sort]])","v":2020},{"$f":"WEEKNUM(tCopiedWeightData[[#This Row],[Sort]],21)","v":3}]
["2020-01-19","Morgen",43849.25,114,72,81,123.4,null,{"$f":"YEAR(tCopiedWeightData[[#This Row],[Sort]])","v":2020},{"$f":"WEEKNUM(tCopiedWeightData[[#This Row],[Sort]],21)","v":3},{"$f":"SUBTOTAL(1, $G179:$G181)","v":124}]
["2020-01-20","Morgen",43850.25,118,88,85,124.5,null,{"$f":"YEAR(tCopiedWeightData[[#This Row],[Sort]])","v":2020},{"$f":"WEEKNUM(tCopiedWeightData[[#This Row],[Sort]],21)","v":4}]
["2020-01-21","Morgen",43851.25,118,85,78,124.3,null,{"$f":"YEAR(tCopiedWeightData[[#This Row],[Sort]])","v":2020},{"$f":"WEEKNUM(tCopiedWeightData[[#This Row],[Sort]],21)","v":4}]
["2020-01-22","Morgen",43852.25,122,78,92,123.6,null,{"$f":"YEAR(tCopiedWeightData[[#This Row],[Sort]])","v":2020},{"$f":"WEEKNUM(tCopiedWeightData[[#This Row],[Sort]],21)","v":4}]
["2020-01-23","Morgen",43853.25,127,94,78,123.4,null,{"$f":"YEAR(tCopiedWeightData[[#This Row],[Sort]])","v":2020},{"$f":"WEEKNUM(tCopiedWeightData[[#This Row],[Sort]],21)","v":4}]
["2020-01-24","Morgen",43854.25,125,81,76,123.6,null,{"$f":"YEAR(tCopiedWeightData[[#This Row],[Sort]])","v":2020},{"$f":"WEEKNUM(tCopiedWeightData[[#This Row],[Sort]],21)","v":4}]
["2020-01-25","Morgen",43855.25,112,82,81,123.6,null,{"$f":"YEAR(tCopiedWeightData[[#This Row],[Sort]])","v":2020},{"$f":"WEEKNUM(tCopiedWeightData[[#This Row],[Sort]],21)","v":4}]
["2020-01-26","Morgen",43856.25,138,92,79,124.6,null,{"$f":"YEAR(tCopiedWeightData[[#This Row],[Sort]])","v":2020},{"$f":"WEEKNUM(tCopiedWeightData[[#This Row],[Sort]],21)","v":4},{"$f":"SUBTOTAL(1, $G182:$G188)","v":123.94285714285715}]
["2020-01-28","Morgen",43858.25,139,87,71,124.5,null,{"$f":"YEAR(tCopiedWeightData[[#This Row],[Sort]])","v":2020},{"$f":"WEEKNUM(tCopiedWeightData[[#This Row],[Sort]],21)","v":5}]
["2020-01-29","Morgen",43859.25,128,84,82,123,null,{"$f":"YEAR(tCopiedWeightData[[#This Row],[Sort]])","v":2020},{"$f":"WEEKNUM(tCopiedWeightData[[#This Row],[Sort]],21)","v":5}]
["2020-01-30","Morgen",43860.25,128,89,84,123.4,null,{"$f":"YEAR(tCopiedWeightData[[#This Row],[Sort]])","v":2020},{"$f":"WEEKNUM(tCopiedWeightData[[#This Row],[Sort]],21)","v":5}]
["2020-01-31","Morgen",43861.25,130,91,80,123.8,null,{"$f":"YEAR(tCopiedWeightData[[#This Row],[Sort]])","v":2020},{"$f":"WEEKNUM(tCopiedWeightData[[#This Row],[Sort]],21)","v":5}]
["2020-02-01","Morgen",43862.25,124,78,81,124.4,null,{"$f":"YEAR(tCopiedWeightData[[#This Row],[Sort]])","v":2020},{"$f":"WEEKNUM(tCopiedWeightData[[#This Row],[Sort]],21)","v":5}]
["2020-02-02","Morgen",43863.25,138,86,74,124,null,{"$f":"YEAR(tCopiedWeightData[[#This Row],[Sort]])","v":2020},{"$f":"WEEKNUM(tCopiedWeightData[[#This Row],[Sort]],21)","v":5},{"$f":"SUBTOTAL(1, $G189:$G194)","v":123.85000000000001}]
["2020-02-03","Morgen",43864.25,120,84,78,124.6,null,{"$f":"YEAR(tCopiedWeightData[[#This Row],[Sort]])","v":2020},{"$f":"WEEKNUM(tCopiedWeightData[[#This Row],[Sort]],21)","v":6}]
["2020-02-05","Morgen",43866.25,118,85,80,124.8,null,{"$f":"YEAR(tCopiedWeightData[[#This Row],[Sort]])","v":2020},{"$f":"WEEKNUM(tCopiedWeightData[[#This Row],[Sort]],21)","v":6}]
["2020-02-06","Morgen",43867.25,121,94,83,124.2,null,{"$f":"YEAR(tCopiedWeightData[[#This Row],[Sort]])","v":2020},{"$f":"WEEKNUM(tCopiedWeightData[[#This Row],[Sort]],21)","v":6}]
["2020-02-07","Morgen",43868.25,112,77,79,124.3,null,{"$f":"YEAR(tCopiedWeightData[[#This Row],[Sort]])","v":2020},{"$f":"WEEKNUM(tCopiedWeightData[[#This Row],[Sort]],21)","v":6}]
["2020-02-08","Morgen",43869.25,118,77,76,124.5,null,{"$f":"YEAR(tCopiedWeightData[[#This Row],[Sort]])","v":2020},{"$f":"WEEKNUM(tCopiedWeightData[[#This Row],[Sort]],21)","v":6}]
["2020-02-09","Morgen",43870.25,133,94,79,124.5,null,{"$f":"YEAR(tCopiedWeightData[[#This Row],[Sort]])","v":2020},{"$f":"WEEKNUM(tCopiedWeightData[[#This Row],[Sort]],21)","v":6},{"$f":"SUBTOTAL(1, $G195:$G200)","v":124.48333333333333}]
["2020-02-10","Morgen",43871.25,133,92,86,124.4,null,{"$f":"YEAR(tCopiedWeightData[[#This Row],[Sort]])","v":2020},{"$f":"WEEKNUM(tCopiedWeightData[[#This Row],[Sort]],21)","v":7}]
["2020-02-11","Morgen",43872.25,131,99,78,124.2,null,{"$f":"YEAR(tCopiedWeightData[[#This Row],[Sort]])","v":2020},{"$f":"WEEKNUM(tCopiedWeightData[[#This Row],[Sort]],21)","v":7}]
["2020-02-12","Morgen",43873.25,115,80,67,124.3,null,{"$f":"YEAR(tCopiedWeightData[[#This Row],[Sort]])","v":2020},{"$f":"WEEKNUM(tCopiedWeightData[[#This Row],[Sort]],21)","v":7}]
["2020-02-13","Morgen",43874.25,123,84,78,124,null,{"$f":"YEAR(tCopiedWeightData[[#This Row],[Sort]])","v":2020},{"$f":"WEEKNUM(tCopiedWeightData[[#This Row],[Sort]],21)","v":7}]
["2020-02-14","Morgen",43875.25,120,76,78,124.2,null,{"$f":"YEAR(tCopiedWeightData[[#This Row],[Sort]])","v":2020},{"$f":"WEEKNUM(tCopiedWeightData[[#This Row],[Sort]],21)","v":7}]
["2020-02-15","Morgen",43876.25,129,82,88,123.6,null,{"$f":"YEAR(tCopiedWeightData[[#This Row],[Sort]])","v":2020},{"$f":"WEEKNUM(tCopiedWeightData[[#This Row],[Sort]],21)","v":7}]
["2020-02-16","Morgen",43877.25,129,93,80,124.5,null,{"$f":"YEAR(tCopiedWeightData[[#This Row],[Sort]])","v":2020},{"$f":"WEEKNUM(tCopiedWeightData[[#This Row],[Sort]],21)","v":7},{"$f":"SUBTOTAL(1, $G201:$G207)","v":124.17142857142858}]
["2020-02-18","Morgen",43879.25,112,82,75,124.2,null,{"$f":"YEAR(tCopiedWeightData[[#This Row],[Sort]])","v":2020},{"$f":"WEEKNUM(tCopiedWeightData[[#This Row],[Sort]],21)","v":8}]
["2020-02-19","Morgen",43880.25,124,86,86,124.1,null,{"$f":"YEAR(tCopiedWeightData[[#This Row],[Sort]])","v":2020},{"$f":"WEEKNUM(tCopiedWeightData[[#This Row],[Sort]],21)","v":8}]
["2020-02-20","Morgen",43881.25,128,88,84,123.8,null,{"$f":"YEAR(tCopiedWeightData[[#This Row],[Sort]])","v":2020},{"$f":"WEEKNUM(tCopiedWeightData[[#This Row],[Sort]],21)","v":8}]
["2020-02-21","Morgen",43882.25,111,83,93,124.3,null,{"$f":"YEAR(tCopiedWeightData[[#This Row],[Sort]])","v":2020},{"$f":"WEEKNUM(tCopiedWeightData[[#This Row],[Sort]],21)","v":8}]
["2020-02-22","Morgen",43883.25,111,81,79,124.5,null,{"$f":"YEAR(tCopiedWeightData[[#This Row],[Sort]])","v":2020},{"$f":"WEEKNUM(tCopiedWeightData[[#This Row],[Sort]],21)","v":8}]
["2020-02-23","Morgen",43884.25,117,96,79,124.5,null,{"$f":"YEAR(tCopiedWeightData[[#This Row],[Sort]])","v":2020},{"$f":"WEEKNUM(tCopiedWeightData[[#This Row],[Sort]],21)","v":8},{"$f":"SUBTOTAL(1, $G208:$G213)","v":124.23333333333335}]
["2020-02-24","Morgen",43885.25,127,79,78,124.5,null,{"$f":"YEAR(tCopiedWeightData[[#This Row],[Sort]])","v":2020},{"$f":"WEEKNUM(tCopiedWeightData[[#This Row],[Sort]],21)","v":9}]
["2020-02-25","Morgen",43886.25,116,81,81,124.7,null,{"$f":"YEAR(tCopiedWeightData[[#This Row],[Sort]])","v":2020},{"$f":"WEEKNUM(tCopiedWeightData[[#This Row],[Sort]],21)","v":9}]
["2020-02-26","Morgen",43887.25,119,88,90,123.8,null,{"$f":"YEAR(tCopiedWeightData[[#This Row],[Sort]])","v":2020},{"$f":"WEEKNUM(tCopiedWeightData[[#This Row],[Sort]],21)","v":9}]
["2020-02-27","Morgen",43888.25,112,83,80,123.3,null,{"$f":"YEAR(tCopiedWeightData[[#This Row],[Sort]])","v":2020},{"$f":"WEEKNUM(tCopiedWeightData[[#This Row],[Sort]],21)","v":9}]
["2020-02-28","Morgen",43889.25,110,73,89,123.1,null,{"$f":"YEAR(tCopiedWeightData[[#This Row],[Sort]])","v":2020},{"$f":"WEEKNUM(tCopiedWeightData[[#This Row],[Sort]],21)","v":9}]
["2020-02-29","Morgen",43890.25,112,78,82,123.3,null,{"$f":"YEAR(tCopiedWeightData[[#This Row],[Sort]])","v":2020},{"$f":"WEEKNUM(tCopiedWeightData[[#This Row],[Sort]],21)","v":9}]
["2020-03-01","Morgen",43891.25,123,79,88,123,null,{"$f":"YEAR(tCopiedWeightData[[#This Row],[Sort]])","v":2020},{"$f":"WEEKNUM(tCopiedWeightData[[#This Row],[Sort]],21)","v":9},{"$f":"SUBTOTAL(1, $G214:$G220)","v":123.67142857142856}]
["2020-03-04","Morgen",43894.25,129,85,77,124.3,null,{"$f":"YEAR(tCopiedWeightData[[#This Row],[Sort]])","v":2020},{"$f":"WEEKNUM(tCopiedWeightData[[#This Row],[Sort]],21)","v":10}]
["2020-03-05","Morgen",43895.25,128,89,75,123.6,null,{"$f":"YEAR(tCopiedWeightData[[#This Row],[Sort]])","v":2020},{"$f":"WEEKNUM(tCopiedWeightData[[#This Row],[Sort]],21)","v":10}]
["2020-03-06","Morgen",43896.25,129,79,87,123.6,null,{"$f":"YEAR(tCopiedWeightData[[#This Row],[Sort]])","v":2020},{"$f":"WEEKNUM(tCopiedWeightData[[#This Row],[Sort]],21)","v":10}]
["2020-03-07","Morgen",43897.25,123,84,78,124,null,{"$f":"YEAR(tCopiedWeightData[[#This Row],[Sort]])","v":2020},{"$f":"WEEKNUM(tCopiedWeightData[[#This Row],[Sort]],21)","v":10}]
["2020-03-08","Morgen",43898.25,134,92,72,123.9,null,{"$f":"YEAR(tCopiedWeightData[[#This Row],[Sort]])","v":2020},{"$f":"WEEKNUM(tCopiedWeightData[[#This Row],[Sort]],21)","v":10},{"$f":"SUBTOTAL(1, $G221:$G225)","v":123.88}]
["2020-03-09","Morgen",43899.25,146,93,80,123.9,null,{"$f":"YEAR(tCopiedWeightData[[#This Row],[Sort]])","v":2020},{"$f":"WEEKNUM(tCopiedWeightData[[#This Row],[Sort]],21)","v":11}]
["2020-03-10","Morgen",43900.25,122,82,72,124.9,null,{"$f":"YEAR(tCopiedWeightData[[#This Row],[Sort]])","v":2020},{"$f":"WEEKNUM(tCopiedWeightData[[#This Row],[Sort]],21)","v":11}]
["2020-03-11","Morgen",43901.25,128,93,85,123.3,null,{"$f":"YEAR(tCopiedWeightData[[#This Row],[Sort]])","v":2020},{"$f":"WEEKNUM(tCopiedWeightData[[#This Row],[Sort]],21)","v":11}]
["2020-03-14","Morgen",43904.25,129,84,80,124.2,null,{"$f":"YEAR(tCopiedWeightData[[#This Row],[Sort]])","v":2020},{"$f":"WEEKNUM(tCopiedWeightData[[#This Row],[Sort]],21)","v":11}]
["2020-03-15","Morgen",43905.25,118,83,76,122.9,null,{"$f":"YEAR(tCopiedWeightData[[#This Row],[Sort]])","v":2020},{"$f":"WEEKNUM(tCopiedWeightData[[#This Row],[Sort]],21)","v":11},{"$f":"SUBTOTAL(1, $G226:$G230)","v":123.84}]
["2020-03-16","Morgen",43906.25,126,83,79,124,null,{"$f":"YEAR(tCopiedWeightData[[#This Row],[Sort]])","v":2020},{"$f":"WEEKNUM(tCopiedWeightData[[#This Row],[Sort]],21)","v":12}]
["2020-03-17","Morgen",43907.25,127,86,82,123.7,null,{"$f":"YEAR(tCopiedWeightData[[#This Row],[Sort]])","v":2020},{"$f":"WEEKNUM(tCopiedWeightData[[#This Row],[Sort]],21)","v":12}]
["2020-03-18","Morgen",43908.25,142,98,80,122.3,null,{"$f":"YEAR(tCopiedWeightData[[#This Row],[Sort]])","v":2020},{"$f":"WEEKNUM(tCopiedWeightData[[#This Row],[Sort]],21)","v":12}]
["2020-03-19","Morgen",43909.25,126,89,86,123,null,{"$f":"YEAR(tCopiedWeightData[[#This Row],[Sort]])","v":2020},{"$f":"WEEKNUM(tCopiedWeightData[[#This Row],[Sort]],21)","v":12}]
["2020-03-20","Morgen",43910.25,128,86,81,122.9,null,{"$f":"YEAR(tCopiedWeightData[[#This Row],[Sort]])","v":2020},{"$f":"WEEKNUM(tCopiedWeightData[[#This Row],[Sort]],21)","v":12}]
["2020-03-21","Morgen",43911.25,114,80,86,122.9,null,{"$f":"YEAR(tCopiedWeightData[[#This Row],[Sort]])","v":2020},{"$f":"WEEKNUM(tCopiedWeightData[[#This Row],[Sort]],21)","v":12}]
["2020-03-22","Morgen",43912.25,128,83,90,122.9,null,{"$f":"YEAR(tCopiedWeightData[[#This Row],[Sort]])","v":2020},{"$f":"WEEKNUM(tCopiedWeightData[[#This Row],[Sort]],21)","v":12},{"$f":"SUBTOTAL(1, $G231:$G237)","v":123.1}]
["2020-03-23","Morgen",43913.25,129,86,81,122.6,null,{"$f":"YEAR(tCopiedWeightData[[#This Row],[Sort]])","v":2020},{"$f":"WEEKNUM(tCopiedWeightData[[#This Row],[Sort]],21)","v":13}]
["2020-03-25","Morgen",43915.25,118,83,79,122.8,null,{"$f":"YEAR(tCopiedWeightData[[#This Row],[Sort]])","v":2020},{"$f":"WEEKNUM(tCopiedWeightData[[#This Row],[Sort]],21)","v":13}]
["2020-03-26","Morgen",43916.25,128,88,94,122.7,null,{"$f":"YEAR(tCopiedWeightData[[#This Row],[Sort]])","v":2020},{"$f":"WEEKNUM(tCopiedWeightData[[#This Row],[Sort]],21)","v":13}]
["2020-03-27","Morgen",43917.25,121,86,77,122.6,null,{"$f":"YEAR(tCopiedWeightData[[#This Row],[Sort]])","v":2020},{"$f":"WEEKNUM(tCopiedWeightData[[#This Row],[Sort]],21)","v":13}]
["2020-03-28","Morgen",43918.25,114,80,84,123.2,null,{"$f":"YEAR(tCopiedWeightData[[#This Row],[Sort]])","v":2020},{"$f":"WEEKNUM(tCopiedWeightData[[#This Row],[Sort]],21)","v":13}]
["2020-03-29","Morgen",43919.25,127,88,80,123.2,null,{"$f":"YEAR(tCopiedWeightData[[#This Row],[Sort]])","v":2020},{"$f":"WEEKNUM(tCopiedWeightData[[#This Row],[Sort]],21)","v":13},{"$f":"SUBTOTAL(1, $G238:$G243)","v":122.85000000000001}]
["2020-03-31","Morgen",43921.25,113,79,85,123.5,null,{"$f":"YEAR(tCopiedWeightData[[#This Row],[Sort]])","v":2020},{"$f":"WEEKNUM(tCopiedWeightData[[#This Row],[Sort]],21)","v":14}]
["2020-04-01","Morgen",43922.25,106,73,90,123.3,null,{"$f":"YEAR(tCopiedWeightData[[#This Row],[Sort]])","v":2020},{"$f":"WEEKNUM(tCopiedWeightData[[#This Row],[Sort]],21)","v":14}]
["2020-04-02","Morgen",43923.25,129,79,87,123,null,{"$f":"YEAR(tCopiedWeightData[[#This Row],[Sort]])","v":2020},{"$f":"WEEKNUM(tCopiedWeightData[[#This Row],[Sort]],21)","v":14}]
["2020-04-03","Morgen",43924.25,123,76,89,122.8,null,{"$f":"YEAR(tCopiedWeightData[[#This Row],[Sort]])","v":2020},{"$f":"WEEKNUM(tCopiedWeightData[[#This Row],[Sort]],21)","v":14}]
["2020-04-04","Morgen",43925.25,118,92,95,122.5,null,{"$f":"YEAR(tCopiedWeightData[[#This Row],[Sort]])","v":2020},{"$f":"WEEKNUM(tCopiedWeightData[[#This Row],[Sort]],21)","v":14}]
["2020-04-05","Morgen",43926.25,120,81,79,122.4,null,{"$f":"YEAR(tCopiedWeightData[[#This Row],[Sort]])","v":2020},{"$f":"WEEKNUM(tCopiedWeightData[[#This Row],[Sort]],21)","v":14},{"$f":"SUBTOTAL(1, $G244:$G249)","v":122.91666666666667}]
["2020-04-06","Morgen",43927.25,121,85,75,123.7,null,{"$f":"YEAR(tCopiedWeightData[[#This Row],[Sort]])","v":2020},{"$f":"WEEKNUM(tCopiedWeightData[[#This Row],[Sort]],21)","v":15}]
["2020-04-08","Morgen",43929.25,115,84,86,123.4,null,{"$f":"YEAR(tCopiedWeightData[[#This Row],[Sort]])","v":2020},{"$f":"WEEKNUM(tCopiedWeightData[[#This Row],[Sort]],21)","v":15}]
["2020-04-11","Morgen",43932.25,129,86,73,121.6,null,{"$f":"YEAR(tCopiedWeightData[[#This Row],[Sort]])","v":2020},{"$f":"WEEKNUM(tCopiedWeightData[[#This Row],[Sort]],21)","v":15}]
["2020-04-12","Morgen",43933.25,121,81,78,122.1,null,{"$f":"YEAR(tCopiedWeightData[[#This Row],[Sort]])","v":2020},{"$f":"WEEKNUM(tCopiedWeightData[[#This Row],[Sort]],21)","v":15},{"$f":"SUBTOTAL(1, $G250:$G253)","v":122.70000000000002}]
["2020-04-13","Morgen",43934.25,118,86,81,121.6,null,{"$f":"YEAR(tCopiedWeightData[[#This Row],[Sort]])","v":2020},{"$f":"WEEKNUM(tCopiedWeightData[[#This Row],[Sort]],21)","v":16}]
["2020-04-14","Morgen",43935.25,121,87,83,122.4,null,{"$f":"YEAR(tCopiedWeightData[[#This Row],[Sort]])","v":2020},{"$f":"WEEKNUM(tCopiedWeightData[[#This Row],[Sort]],21)","v":16}]
["2020-04-15","Morgen",43936.25,121,84,83,122.8,null,{"$f":"YEAR(tCopiedWeightData[[#This Row],[Sort]])","v":2020},{"$f":"WEEKNUM(tCopiedWeightData[[#This Row],[Sort]],21)","v":16}]
["2020-04-16","Morgen",43937.25,122,84,81,121.6,null,{"$f":"YEAR(tCopiedWeightData[[#This Row],[Sort]])","v":2020},{"$f":"WEEKNUM(tCopiedWeightData[[#This Row],[Sort]],21)","v":16}]
["2020-04-17","Morgen",43938.25,105,81,81,121.4,null,{"$f":"YEAR(tCopiedWeightData[[#This Row],[Sort]])","v":2020},{"$f":"WEEKNUM(tCopiedWeightData[[#This Row],[Sort]],21)","v":16}]
["2020-04-18","Morgen",43939.25,129,84,85,121.5,null,{"$f":"YEAR(tCopiedWeightData[[#This Row],[Sort]])","v":2020},{"$f":"WEEKNUM(tCopiedWeightData[[#This Row],[Sort]],21)","v":16}]
["2020-04-19","Morgen",43940.25,118,89,75,121.5,null,{"$f":"YEAR(tCopiedWeightData[[#This Row],[Sort]])","v":2020},{"$f":"WEEKNUM(tCopiedWeightData[[#This Row],[Sort]],21)","v":16},{"$f":"SUBTOTAL(1, $G254:$G260)","v":121.82857142857142}]
["2020-04-20","Morgen",43941.25,116,76,91,121.4,null,{"$f":"YEAR(tCopiedWeightData[[#This Row],[Sort]])","v":2020},{"$f":"WEEKNUM(tCopiedWeightData[[#This Row],[Sort]],21)","v":17}]
["2020-04-21","Morgen",43942.25,132,91,102,121.6,null,{"$f":"YEAR(tCopiedWeightData[[#This Row],[Sort]])","v":2020},{"$f":"WEEKNUM(tCopiedWeightData[[#This Row],[Sort]],21)","v":17}]
["2020-04-22","Morgen",43943.25,121,79,75,122,null,{"$f":"YEAR(tCopiedWeightData[[#This Row],[Sort]])","v":2020},{"$f":"WEEKNUM(tCopiedWeightData[[#This Row],[Sort]],21)","v":17}]
["2020-04-23","Morgen",43944.25,130,87,86,121.2,null,{"$f":"YEAR(tCopiedWeightData[[#This Row],[Sort]])","v":2020},{"$f":"WEEKNUM(tCopiedWeightData[[#This Row],[Sort]],21)","v":17}]
["2020-04-24","Morgen",43945.25,124,88,79,122.2,null,{"$f":"YEAR(tCopiedWeightData[[#This Row],[Sort]])","v":2020},{"$f":"WEEKNUM(tCopiedWeightData[[#This Row],[Sort]],21)","v":17}]
["2020-04-25","Morgen",43946.25,132,88,75,121.4,null,{"$f":"YEAR(tCopiedWeightData[[#This Row],[Sort]])","v":2020},{"$f":"WEEKNUM(tCopiedWeightData[[#This Row],[Sort]],21)","v":17}]
["2020-04-26","Morgen",43947.25,115,83,86,122,null,{"$f":"YEAR(tCopiedWeightData[[#This Row],[Sort]])","v":2020},{"$f":"WEEKNUM(tCopiedWeightData[[#This Row],[Sort]],21)","v":17},{"$f":"SUBTOTAL(1, $G261:$G267)","v":121.68571428571428}]
["2020-04-29","Morgen",43950.25,120,84,80,121.6,null,{"$f":"YEAR(tCopiedWeightData[[#This Row],[Sort]])","v":2020},{"$f":"WEEKNUM(tCopiedWeightData[[#This Row],[Sort]],21)","v":18}]
["2020-04-30","Morgen",43951.25,119,82,85,121.6,null,{"$f":"YEAR(tCopiedWeightData[[#This Row],[Sort]])","v":2020},{"$f":"WEEKNUM(tCopiedWeightData[[#This Row],[Sort]],21)","v":18}]
["2020-05-01","Morgen",43952.25,118,84,77,121.3,null,{"$f":"YEAR(tCopiedWeightData[[#This Row],[Sort]])","v":2020},{"$f":"WEEKNUM(tCopiedWeightData[[#This Row],[Sort]],21)","v":18}]
["2020-05-02","Morgen",43953.25,129,78,80,121.3,null,{"$f":"YEAR(tCopiedWeightData[[#This Row],[Sort]])","v":2020},{"$f":"WEEKNUM(tCopiedWeightData[[#This Row],[Sort]],21)","v":18}]
["2020-05-03","Morgen",43954.25,119,77,80,122,null,{"$f":"YEAR(tCopiedWeightData[[#This Row],[Sort]])","v":2020},{"$f":"WEEKNUM(tCopiedWeightData[[#This Row],[Sort]],21)","v":18},{"$f":"SUBTOTAL(1, $G268:$G272)","v":121.55999999999999}]
["2020-05-04","Morgen",43955.25,111,78,84,121.9,null,{"$f":"YEAR(tCopiedWeightData[[#This Row],[Sort]])","v":2020},{"$f":"WEEKNUM(tCopiedWeightData[[#This Row],[Sort]],21)","v":19}]
["2020-05-06","Morgen",43957.25,122,85,77,121.1,null,{"$f":"YEAR(tCopiedWeightData[[#This Row],[Sort]])","v":2020},{"$f":"WEEKNUM(tCopiedWeightData[[#This Row],[Sort]],21)","v":19}]
["2020-05-07","Morgen",43958.25,117,76,76,120.7,null,{"$f":"YEAR(tCopiedWeightData[[#This Row],[Sort]])","v":2020},{"$f":"WEEKNUM(tCopiedWeightData[[#This Row],[Sort]],21)","v":19}]
["2020-05-08","Morgen",43959.25,118,78,78,120.5,null,{"$f":"YEAR(tCopiedWeightData[[#This Row],[Sort]])","v":2020},{"$f":"WEEKNUM(tCopiedWeightData[[#This Row],[Sort]],21)","v":19}]
["2020-05-09","Morgen",43960.25,103,67,67,120.7,null,{"$f":"YEAR(tCopiedWeightData[[#This Row],[Sort]])","v":2020},{"$f":"WEEKNUM(tCopiedWeightData[[#This Row],[Sort]],21)","v":19}]
["2020-05-10","Morgen",43961.25,106,72,79,121.2,null,{"$f":"YEAR(tCopiedWeightData[[#This Row],[Sort]])","v":2020},{"$f":"WEEKNUM(tCopiedWeightData[[#This Row],[Sort]],21)","v":19},{"$f":"SUBTOTAL(1, $G273:$G278)","v":121.01666666666667}]
["2020-05-11","Morgen",43962.25,119,72,78,121.4,null,{"$f":"YEAR(tCopiedWeightData[[#This Row],[Sort]])","v":2020},{"$f":"WEEKNUM(tCopiedWeightData[[#This Row],[Sort]],21)","v":20}]
["2020-05-13","Morgen",43964.25,129,89,91,120.9,null,{"$f":"YEAR(tCopiedWeightData[[#This Row],[Sort]])","v":2020},{"$f":"WEEKNUM(tCopiedWeightData[[#This Row],[Sort]],21)","v":20}]
["2020-05-14","Morgen",43965.25,123,80,81,120.9,null,{"$f":"YEAR(tCopiedWeightData[[#This Row],[Sort]])","v":2020},{"$f":"WEEKNUM(tCopiedWeightData[[#This Row],[Sort]],21)","v":20}]
["2020-05-15","Morgen",43966.25,114,79,75,121.5,null,{"$f":"YEAR(tCopiedWeightData[[#This Row],[Sort]])","v":2020},{"$f":"WEEKNUM(tCopiedWeightData[[#This Row],[Sort]],21)","v":20}]
["2020-05-16","Morgen",43967.25,114,79,80,121.2,null,{"$f":"YEAR(tCopiedWeightData[[#This Row],[Sort]])","v":2020},{"$f":"WEEKNUM(tCopiedWeightData[[#This Row],[Sort]],21)","v":20}]
["2020-05-17","Morgen",43968.25,127,79,79,120.9,null,{"$f":"YEAR(tCopiedWeightData[[#This Row],[Sort]])","v":2020},{"$f":"WEEKNUM(tCopiedWeightData[[#This Row],[Sort]],21)","v":20},{"$f":"SUBTOTAL(1, $G279:$G284)","v":121.13333333333334}]
["2020-05-18","Morgen",43969.25,126,82,83,121,null,{"$f":"YEAR(tCopiedWeightData[[#This Row],[Sort]])","v":2020},{"$f":"WEEKNUM(tCopiedWeightData[[#This Row],[Sort]],21)","v":21}]
["2020-05-19","Morgen",43970.25,121,78,84,120.8,null,{"$f":"YEAR(tCopiedWeightData[[#This Row],[Sort]])","v":2020},{"$f":"WEEKNUM(tCopiedWeightData[[#This Row],[Sort]],21)","v":21}]
["2020-05-20","Morgen",43971.25,112,76,77,120.9,null,{"$f":"YEAR(tCopiedWeightData[[#This Row],[Sort]])","v":2020},{"$f":"WEEKNUM(tCopiedWeightData[[#This Row],[Sort]],21)","v":21}]
["2020-05-21","Morgen",43972.25,119,85,84,121.1,null,{"$f":"YEAR(tCopiedWeightData[[#This Row],[Sort]])","v":2020},{"$f":"WEEKNUM(tCopiedWeightData[[#This Row],[Sort]],21)","v":21}]
["2020-05-22","Morgen",43973.25,114,75,87,122,null,{"$f":"YEAR(tCopiedWeightData[[#This Row],[Sort]])","v":2020},{"$f":"WEEKNUM(tCopiedWeightData[[#This Row],[Sort]],21)","v":21}]
["2020-05-24","Morgen",43975.25,125,87,87,121,null,{"$f":"YEAR(tCopiedWeightData[[#This Row],[Sort]])","v":2020},{"$f":"WEEKNUM(tCopiedWeightData[[#This Row],[Sort]],21)","v":21},{"$f":"SUBTOTAL(1, $G285:$G290)","v":121.13333333333334}]
["2020-05-25","Morgen",43976.25,125,81,79,121,null,{"$f":"YEAR(tCopiedWeightData[[#This Row],[Sort]])","v":2020},{"$f":"WEEKNUM(tCopiedWeightData[[#This Row],[Sort]],21)","v":22}]
["2020-05-26","Morgen",43977.25,124,81,74,121.6,null,{"$f":"YEAR(tCopiedWeightData[[#This Row],[Sort]])","v":2020},{"$f":"WEEKNUM(tCopiedWeightData[[#This Row],[Sort]],21)","v":22}]
["2020-05-27","Morgen",43978.25,129,83,81,121,null,{"$f":"YEAR(tCopiedWeightData[[#This Row],[Sort]])","v":2020},{"$f":"WEEKNUM(tCopiedWeightData[[#This Row],[Sort]],21)","v":22}]
["2020-05-30","Morgen",43981.25,116,78,80,121.9,null,{"$f":"YEAR(tCopiedWeightData[[#This Row],[Sort]])","v":2020},{"$f":"WEEKNUM(tCopiedWeightData[[#This Row],[Sort]],21)","v":22}]
["2020-05-31","Morgen",43982.25,123,74,69,122,null,{"$f":"YEAR(tCopiedWeightData[[#This Row],[Sort]])","v":2020},{"$f":"WEEKNUM(tCopiedWeightData[[#This Row],[Sort]],21)","v":22},{"$f":"SUBTOTAL(1, $G291:$G295)","v":121.5}]
["2020-06-01","Morgen",43983.25,121,83,78,121.4,null,{"$f":"YEAR(tCopiedWeightData[[#This Row],[Sort]])","v":2020},{"$f":"WEEKNUM(tCopiedWeightData[[#This Row],[Sort]],21)","v":23}]
["2020-06-02","Morgen",43984.25,114,74,85,122.3,null,{"$f":"YEAR(tCopiedWeightData[[#This Row],[Sort]])","v":2020},{"$f":"WEEKNUM(tCopiedWeightData[[#This Row],[Sort]],21)","v":23}]
["2020-06-03","Morgen",43985.25,114,79,82,121.4,null,{"$f":"YEAR(tCopiedWeightData[[#This Row],[Sort]])","v":2020},{"$f":"WEEKNUM(tCopiedWeightData[[#This Row],[Sort]],21)","v":23}]
["2020-06-04","Morgen",43986.25,117,82,86,121.4,null,{"$f":"YEAR(tCopiedWeightData[[#This Row],[Sort]])","v":2020},{"$f":"WEEKNUM(tCopiedWeightData[[#This Row],[Sort]],21)","v":23}]
["2020-06-05","Morgen",43987.25,112,72,83,122.1,null,{"$f":"YEAR(tCopiedWeightData[[#This Row],[Sort]])","v":2020},{"$f":"WEEKNUM(tCopiedWeightData[[#This Row],[Sort]],21)","v":23}]
["2020-06-06","Morgen",43988.25,112,81,79,122.4,null,{"$f":"YEAR(tCopiedWeightData[[#This Row],[Sort]])","v":2020},{"$f":"WEEKNUM(tCopiedWeightData[[#This Row],[Sort]],21)","v":23}]
["2020-06-07","Morgen",43989.25,127,79,80,122.7,null,{"$f":"YEAR(tCopiedWeightData[[#This Row],[Sort]])","v":2020},{"$f":"WEEKNUM(tCopiedWeightData[[#This Row],[Sort]],21)","v":23},{"$f":"SUBTOTAL(1, $G296:$G302)","v":121.95714285714287}]
["2020-06-08","Morgen",43990.25,107,74,73,122.1,null,{"$f":"YEAR(tCopiedWeightData[[#This Row],[Sort]])","v":2020},{"$f":"WEEKNUM(tCopiedWeightData[[#This Row],[Sort]],21)","v":24}]
["2020-06-09","Morgen",43991.25,119,79,70,122.8,null,{"$f":"YEAR(tCopiedWeightData[[#This Row],[Sort]])","v":2020},{"$f":"WEEKNUM(tCopiedWeightData[[#This Row],[Sort]],21)","v":24}]
["2020-06-10","Morgen",43992.25,127,87,74,121.7,null,{"$f":"YEAR(tCopiedWeightData[[#This Row],[Sort]])","v":2020},{"$f":"WEEKNUM(tCopiedWeightData[[#This Row],[Sort]],21)","v":24}]
["2020-06-11","Morgen",43993.25,119,83,85,121.7,null,{"$f":"YEAR(tCopiedWeightData[[#This Row],[Sort]])","v":2020},{"$f":"WEEKNUM(tCopiedWeightData[[#This Row],[Sort]],21)","v":24}]
["2020-06-12","Morgen",43994.25,102,73,86,121.4,null,{"$f":"YEAR(tCopiedWeightData[[#This Row],[Sort]])","v":2020},{"$f":"WEEKNUM(tCopiedWeightData[[#This Row],[Sort]],21)","v":24}]
["2020-06-13","Morgen",43995.25,119,72,83,121.4,null,{"$f":"YEAR(tCopiedWeightData[[#This Row],[Sort]])","v":2020},{"$f":"WEEKNUM(tCopiedWeightData[[#This Row],[Sort]],21)","v":24}]
["2020-06-14","Morgen",43996.25,111,81,89,121.1,null,{"$f":"YEAR(tCopiedWeightData[[#This Row],[Sort]])","v":2020},{"$f":"WEEKNUM(tCopiedWeightData[[#This Row],[Sort]],21)","v":24},{"$f":"SUBTOTAL(1, $G303:$G309)","v":121.74285714285713}]
["2020-06-15","Morgen",43997.25,111,73,82,121.8,null,{"$f":"YEAR(tCopiedWeightData[[#This Row],[Sort]])","v":2020},{"$f":"WEEKNUM(tCopiedWeightData[[#This Row],[Sort]],21)","v":25}]
["2020-06-16","Morgen",43998.25,117,73,84,121.3,null,{"$f":"YEAR(tCopiedWeightData[[#This Row],[Sort]])","v":2020},{"$f":"WEEKNUM(tCopiedWeightData[[#This Row],[Sort]],21)","v":25}]
["2020-06-17","Morgen",43999.25,113,74,81,121.1,null,{"$f":"YEAR(tCopiedWeightData[[#This Row],[Sort]])","v":2020},{"$f":"WEEKNUM(tCopiedWeightData[[#This Row],[Sort]],21)","v":25}]
["2020-06-18","Morgen",44000.25,115,76,69,121.7,null,{"$f":"YEAR(tCopiedWeightData[[#This Row],[Sort]])","v":2020},{"$f":"WEEKNUM(tCopiedWeightData[[#This Row],[Sort]],21)","v":25}]
["2020-06-19","Morgen",44001.25,108,76,81,120.8,null,{"$f":"YEAR(tCopiedWeightData[[#This Row],[Sort]])","v":2020},{"$f":"WEEKNUM(tCopiedWeightData[[#This Row],[Sort]],21)","v":25}]
["2020-06-20","Morgen",44002.25,119,83,80,120.8,null,{"$f":"YEAR(tCopiedWeightData[[#This Row],[Sort]])","v":2020},{"$f":"WEEKNUM(tCopiedWeightData[[#This Row],[Sort]],21)","v":25}]
["2020-06-21","Morgen",44003.25,110,74,90,121.4,null,{"$f":"YEAR(tCopiedWeightData[[#This Row],[Sort]])","v":2020},{"$f":"WEEKNUM(tCopiedWeightData[[#This Row],[Sort]],21)","v":25},{"$f":"SUBTOTAL(1, $G310:$G316)","v":121.27142857142856}]
["2020-06-24","Morgen",44006.25,124,89,86,121.4,null,{"$f":"YEAR(tCopiedWeightData[[#This Row],[Sort]])","v":2020},{"$f":"WEEKNUM(tCopiedWeightData[[#This Row],[Sort]],21)","v":26}]
["2020-06-25","Morgen",44007.25,118,74,77,120.4,null,{"$f":"YEAR(tCopiedWeightData[[#This Row],[Sort]])","v":2020},{"$f":"WEEKNUM(tCopiedWeightData[[#This Row],[Sort]],21)","v":26}]
["2020-06-26","Morgen",44008.25,111,74,78,120.5,null,{"$f":"YEAR(tCopiedWeightData[[#This Row],[Sort]])","v":2020},{"$f":"WEEKNUM(tCopiedWeightData[[#This Row],[Sort]],21)","v":26}]
["2020-06-27","Morgen",44009.25,105,74,84,120.2,null,{"$f":"YEAR(tCopiedWeightData[[#This Row],[Sort]])","v":2020},{"$f":"WEEKNUM(tCopiedWeightData[[#This Row],[Sort]],21)","v":26}]
["2020-06-28","Morgen",44010.25,104,69,87,120.4,null,{"$f":"YEAR(tCopiedWeightData[[#This Row],[Sort]])","v":2020},{"$f":"WEEKNUM(tCopiedWeightData[[#This Row],[Sort]],21)","v":26},{"$f":"SUBTOTAL(1, $G317:$G321)","v":120.58}]
["2020-06-29","Morgen",44011.25,109,70,81,120.4,null,{"$f":"YEAR(tCopiedWeightData[[#This Row],[Sort]])","v":2020},{"$f":"WEEKNUM(tCopiedWeightData[[#This Row],[Sort]],21)","v":27}]
["2020-06-30","Morgen",44012.25,109,79,73,120.6,null,{"$f":"YEAR(tCopiedWeightData[[#This Row],[Sort]])","v":2020},{"$f":"WEEKNUM(tCopiedWeightData[[#This Row],[Sort]],21)","v":27}]
["2020-07-01","Morgen",44013.25,109,77,86,120.8,null,{"$f":"YEAR(tCopiedWeightData[[#This Row],[Sort]])","v":2020},{"$f":"WEEKNUM(tCopiedWeightData[[#This Row],[Sort]],21)","v":27}]
["2020-07-02","Morgen",44014.25,102,69,78,120.1,null,{"$f":"YEAR(tCopiedWeightData[[#This Row],[Sort]])","v":2020},{"$f":"WEEKNUM(tCopiedWeightData[[#This Row],[Sort]],21)","v":27}]
["2020-07-03","Morgen",44015.25,112,74,79,119.6,null,{"$f":"YEAR(tCopiedWeightData[[#This Row],[Sort]])","v":2020},{"$f":"WEEKNUM(tCopiedWeightData[[#This Row],[Sort]],21)","v":27}]
["2020-07-04","Morgen",44016.25,115,72,76,120.4,null,{"$f":"YEAR(tCopiedWeightData[[#This Row],[Sort]])","v":2020},{"$f":"WEEKNUM(tCopiedWeightData[[#This Row],[Sort]],21)","v":27}]
["2020-07-05","Morgen",44017.25,107,72,85,120.6,null,{"$f":"YEAR(tCopiedWeightData[[#This Row],[Sort]])","v":2020},{"$f":"WEEKNUM(tCopiedWeightData[[#This Row],[Sort]],21)","v":27},{"$f":"SUBTOTAL(1, $G322:$G328)","v":120.35714285714286}]
["2020-07-06","Morgen",44018.25,112,74,81,121.3,null,{"$f":"YEAR(tCopiedWeightData[[#This Row],[Sort]])","v":2020},{"$f":"WEEKNUM(tCopiedWeightData[[#This Row],[Sort]],21)","v":28}]
["2020-07-07","Morgen",44019.25,129,85,79,120.4,null,{"$f":"YEAR(tCopiedWeightData[[#This Row],[Sort]])","v":2020},{"$f":"WEEKNUM(tCopiedWeightData[[#This Row],[Sort]],21)","v":28}]
["2020-07-08","Morgen",44020.25,110,79,74,119.8,null,{"$f":"YEAR(tCopiedWeightData[[#This Row],[Sort]])","v":2020},{"$f":"WEEKNUM(tCopiedWeightData[[#This Row],[Sort]],21)","v":28}]
["2020-07-09","Morgen",44021.25,114,76,79,120.1,null,{"$f":"YEAR(tCopiedWeightData[[#This Row],[Sort]])","v":2020},{"$f":"WEEKNUM(tCopiedWeightData[[#This Row],[Sort]],21)","v":28}]
["2020-07-10","Morgen",44022.25,119,75,91,120,null,{"$f":"YEAR(tCopiedWeightData[[#This Row],[Sort]])","v":2020},{"$f":"WEEKNUM(tCopiedWeightData[[#This Row],[Sort]],21)","v":28}]
["2020-07-11","Morgen",44023.25,117,79,79,120.1,null,{"$f":"YEAR(tCopiedWeightData[[#This Row],[Sort]])","v":2020},{"$f":"WEEKNUM(tCopiedWeightData[[#This Row],[Sort]],21)","v":28},{"$f":"SUBTOTAL(1, $G329:$G334)","v":120.28333333333335}]

{"sheet":"Report_Weight","index":2,"n_rows":232,"n_cols":23,"rows_kept":232,"cut":false,"hidden":true,"merged":[]}
["Gewichtskurve"]
[]
["Startdatum:","2019-10-23",null,"Ausgangsgewicht:",131.80000000000001,"kg","Aktuelles Gewicht:",120.6,"kg"]
[null,null,null,null,null,null,null,null,null,null,"Tag","Veränd_neg","Veränd_pos","Veränderung","Gewicht"]
[null,null,null,null,null,null,null,null,null,null,"2019-10-19",0,null,0,131.80000000000001,null,null,"2019-10-19",43757.25,null,null,null,131.80000000000001]
[null,null,null,null,null,null,null,null,null,null,"2019-10-25",-0.80000000000001137,null,{"$f":"tWeightDaily[[#This Row],[Gewicht]]-Ausgangsgewicht","v":-0.80000000000001137},131,null,null,"2019-10-25",43763.25,null,null,null,131]
[null,null,null,null,null,null,null,null,null,null,"2019-10-26",-0.90000000000000568,-0.90000000000000568,{"$f":"tWeightDaily[[#This Row],[Gewicht]]-Ausgangsgewicht","v":-0.90000000000000568},130.9,null,null,"2019-10-26",43764.25,null,null,null,130.9]
[null,null,null,null,null,null,null,null,null,null,"2019-10-27",-0.30000000000001137,-0.30000000000001137,{"$f":"tWeightDaily[[#This Row],[Gewicht]]-Ausgangsgewicht","v":-0.30000000000001137},131.5,null,null,"2019-10-27",43765.25,null,null,null,131.5]
[null,null,null,null,null,null,null,null,null,null,"2019-10-28",-0.60000000000002274,null,{"$f":"tWeightDaily[[#This Row],[Gewicht]]-Ausgangsgewicht","v":-0.60000000000002274},131.19999999999999,null,null,"2019-10-28",43766.25,null,null,null,131.19999999999999]
[null,null,null,null,null,null,null,null,null,null,"2019-10-29",-0.70000000000001705,null,{"$f":"tWeightDaily[[#This Row],[Gewicht]]-Ausgangsgewicht","v":-0.70000000000001705},131.1,null,null,"2019-10-29",43767.25,null,null,null,131.1]
[null,null,null,null,null,null,null,null,null,null,"2019-10-30",-1.5,-1.5,{"$f":"tWeightDaily[[#This Row],[Gewicht]]-Ausgangsgewicht","v":-1.5},130.30000000000001,null,null,"2019-10-30",43768.25,null,null,null,130.30000000000001]
[null,null,null,null,null,null,null,null,null,null,"2019-10-31",null,-1.4000000000000057,{"$f":"tWeightDaily[[#This Row],[Gewicht]]-Ausgangsgewicht","v":-1.4000000000000057},130.4,null,null,"2019-10-31",43769.25,null,null,null,130.4]
[null,null,null,null,null,null,null,null,null,null,"2019-11-01",-0.40000000000000568,-0.40000000000000568,{"$f":"tWeightDaily[[#This Row],[Gewicht]]-Ausgangsgewicht","v":-0.40000000000000568},131.4,null,null,"2019-11-01",43770.25,null,null,null,131.4]
[null,null,null,null,null,null,null,null,null,null,"2019-11-02",-0.70000000000001705,-0.70000000000001705,{"$f":"tWeightDaily[[#This Row],[Gewicht]]-Ausgangsgewicht","v":-0.70000000000001705},131.1,null,null,"2019-11-02",43771.25,null,null,null,131.1]
[null,null,null,null,null,null,null,null,null,null,"2019-11-03",0,0,{"$f":"tWeightDaily[[#This Row],[Gewicht]]-Ausgangsgewicht","v":0},131.80000000000001,null,null,"2019-11-03",43772.25,null,null,null,131.80000000000001]
[null,null,null,null,null,null,null,null,null,null,"2019-11-04",-0.70000000000001705,-0.70000000000001705,{"$f":"tWeightDaily[[#This Row],[Gewicht]]-Ausgangsgewicht","v":-0.70000000000001705},131.1,null,null,"2019-11-04",43773.25,null,null,null,131.1]
[null,null,null,null,null,null,null,null,null,null,"2019-11-05",-0.5,-0.5,{"$f":"tWeightDaily[[#This Row],[Gewicht]]-Ausgangsgewicht","v":-0.5},131.30000000000001,null,null,"2019-11-05",43774.25,null,null,null,131.30000000000001]
[null,null,null,null,null,null,null,null,null,null,"2019-11-06",-0.60000000000002274,null,{"$f":"tWeightDaily[[#This Row],[Gewicht]]-Ausgangsgewicht","v":-0.60000000000002274},131.19999999999999,null,null,"2019-11-06",43775.25,null,null,null,131.19999999999999]
[null,null,null,null,null,null,null,null,null,null,"2019-11-08",-0.90000000000000568,-0.90000000000000568,{"$f":"tWeightDaily[[#This Row],[Gewicht]]-Ausgangsgewicht","v":-0.90000000000000568},130.9,null,null,"2019-11-08",43777.25,null,null,null,130.9]
[null,null,null,null,null,null,null,null,null,null,"2019-11-09",-0.70000000000001705,-0.70000000000001705,{"$f":"tWeightDaily[[#This Row],[Gewicht]]-Ausgangsgewicht","v":-0.70000000000001705},131.1,null,null,"2019-11-09",43778.25,null,null,null,131.1]
[null,null,null,null,null,null,null,null,null,null,"2019-11-10",-1.4000000000000057,-1.4000000000000057,{"$f":"tWeightDaily[[#This Row],[Gewicht]]-Ausgangsgewicht","v":-1.4000000000000057},130.4,null,null,"2019-11-10",43779.25,null,null,null,130.4]
[null,null,null,null,null,null,null,null,null,null,"2019-11-11",null,-1.2000000000000171,{"$f":"tWeightDaily[[#This Row],[Gewicht]]-Ausgangsgewicht","v":-1.2000000000000171},130.6,null,null,"2019-11-11",43780.25,null,null,null,130.6]
[null,null,null,null,null,null,null,null,null,null,"2019-11-12",-0.70000000000001705,-0.70000000000001705,{"$f":"tWeightDaily[[#This Row],[Gewicht]]-Ausgangsgewicht","v":-0.70000000000001705},131.1,null,null,"2019-11-12",43781.25,null,null,null,131.1]
[null,null,null,null,null,null,null,null,null,null,"2019-11-13",-1.1000000000000227,null,{"$f":"tWeightDaily[[#This Row],[Gewicht]]-Ausgangsgewicht","v":-1.1000000000000227},130.69999999999999,null,null,"2019-11-13",43782.25,null,null,null,130.69999999999999]
[null,null,null,null,null,null,null,null,null,null,"2019-11-14",-1.3000000000000114,-1.3000000000000114,{"$f":"tWeightDaily[[#This Row],[Gewicht]]-Ausgangsgewicht","v":-1.3000000000000114},130.5,null,null,"2019-11-14",43783.25,null,null,null,130.5]
[null,null,null,null,null,null,null,null,null,null,"2019-11-15",-0.60000000000002274,-0.60000000000002274,{"$f":"tWeightDaily[[#This Row],[Gewicht]]-Ausgangsgewicht","v":-0.60000000000002274},131.19999999999999,null,null,"2019-11-15",43784.25,null,null,null,131.19999999999999]
[null,null,null,null,null,null,null,null,null,null,"2019-11-16",-1,null,{"$f":"tWeightDaily[[#This Row],[Gewicht]]-Ausgangsgewicht","v":-1},130.80000000000001,null,null,"2019-11-16",43785.25,null,null,null,130.80000000000001]
[null,null,null,null,null,null,null,null,null,null,"2019-11-17",-1.3000000000000114,null,{"$f":"tWeightDaily[[#This Row],[Gewicht]]-Ausgangsgewicht","v":-1.3000000000000114},130.5,null,null,"2019-11-17",43786.25,null,null,null,130.5]
[null,null,null,null,null,null,null,null,null,null,"2019-11-18",-1.8000000000000114,-1.8000000000000114,{"$f":"tWeightDaily[[#This Row],[Gewicht]]-Ausgangsgewicht","v":-1.8000000000000114},130,null,null,"2019-11-18",43787.25,null,null,null,130]
[null,null,null,null,null,null,null,null,null,null,"2019-11-19",null,-1.7000000000000171,{"$f":"tWeightDaily[[#This Row],[Gewicht]]-Ausgangsgewicht","v":-1.7000000000000171},130.1,null,null,"2019-11-19",43788.25,null,null,null,130.1]
[null,null,null,null,null,null,null,null,null,null,"2019-11-20",-1.2000000000000171,-1.2000000000000171,{"$f":"tWeightDaily[[#This Row],[Gewicht]]-Ausgangsgewicht","v":-1.2000000000000171},130.6,null,null,"2019-11-20",43789.25,null,null,null,130.6]
[null,null,null,null,null,null,null,null,null,null,"2019-11-21",-1.7000000000000171,-1.7000000000000171,{"$f":"tWeightDaily[[#This Row],[Gewicht]]-Ausgangsgewicht","v":-1.7000000000000171},130.1,null,null,"2019-11-21",43790.25,null,null,null,130.1]
[null,null,null,null,null,null,null,null,null,null,"2019-11-22",-0.30000000000001137,-0.30000000000001137,{"$f":"tWeightDaily[[#This Row],[Gewicht]]-Ausgangsgewicht","v":-0.30000000000001137},131.5,null,null,"2019-11-22",43791.25,null,null,null,131.5]
[null,null,null,null,null,null,null,null,null,null,"2019-11-23",-1.5,null,{"$f":"tWeightDaily[[#This Row],[Gewicht]]-Ausgangsgewicht","v":-1.5},130.30000000000001,null,null,"2019-11-23",43792.25,null,null,null,130.30000000000001]
[null,null,null,null,null,null,null,null,null,null,"2019-11-24",-1.8000000000000114,null,{"$f":"tWeightDaily[[#This Row],[Gewicht]]-Ausgangsgewicht","v":-1.8000000000000114},130,null,null,"2019-11-24",43793.25,null,null,null,130]
[null,null,null,null,null,null,null,null,null,null,"2019-11-25",-2.1000000000000227,-2.1000000000000227,{"$f":"tWeightDaily[[#This Row],[Gewicht]]-Ausgangsgewicht","v":-2.1000000000000227},129.69999999999999,null,null,"2019-11-25",43794.25,null,null,null,129.69999999999999]
[null,null,null,null,null,null,null,null,null,null,"2019-11-26",-1.2000000000000171,-1.2000000000000171,{"$f":"tWeightDaily[[#This Row],[Gewicht]]-Ausgangsgewicht","v":-1.2000000000000171},130.6,null,null,"2019-11-26",43795.25,null,null,null,130.6]
[null,null,null,null,null,null,null,null,null,null,"2019-11-27",-1.3000000000000114,null,{"$f":"tWeightDaily[[#This Row],[Gewicht]]-Ausgangsgewicht","v":-1.3000000000000114},130.5,null,null,"2019-11-27",43796.25,null,null,null,130.5]
[null,null,null,null,null,null,null,null,null,null,"2019-11-28",-2.4000000000000057,-2.4000000000000057,{"$f":"tWeightDaily[[#This Row],[Gewicht]]-Ausgangsgewicht","v":-2.4000000000000057},129.4,null,null,"2019-11-28",43797.25,null,null,null,129.4]
[null,null,null,null,null,null,null,null,null,null,"2019-11-29",-1.6000000000000227,-1.6000000000000227,{"$f":"tWeightDaily[[#This Row],[Gewicht]]-Ausgangsgewicht","v":-1.6000000000000227},130.19999999999999,null,null,"2019-11-29",43798.25,null,null,null,130.19999999999999]
[null,null,null,null,null,null,null,null,null,null,"2019-11-30",-1.9000000000000057,null,{"$f":"tWeightDaily[[#This Row],[Gewicht]]-Ausgangsgewicht","v":-1.9000000000000057},129.9,null,null,"2019-11-30",43799.25,null,null,null,129.9]
[null,null,null,null,null,null,null,null,null,null,"2019-12-01",-1.9000000000000057,null,{"$f":"tWeightDaily[[#This Row],[Gewicht]]-Ausgangsgewicht","v":-1.9000000000000057},129.9,null,null,"2019-12-01",43800.25,null,null,null,129.9]
[null,null,null,null,null,null,null,null,null,null,"2019-12-02",-2.1000000000000227,null,{"$f":"tWeightDaily[[#This Row],[Gewicht]]-Ausgangsgewicht","v":-2.1000000000000227},129.69999999999999,null,null,"2019-12-02",43801.25,null,null,null,129.69999999999999]
[null,null,null,null,null,null,null,null,null,null,"2019-12-03",-2.2000000000000171,-2.2000000000000171,{"$f":"tWeightDaily[[#This Row],[Gewicht]]-Ausgangsgewicht","v":-2.2000000000000171},129.6,null,null,"2019-12-03",43802.25,null,null,null,129.6]
[null,null,null,null,null,null,null,null,null,null,"2019-12-04",-0.80000000000001137,-0.80000000000001137,{"$f":"tWeightDaily[[#This Row],[Gewicht]]-Ausgangsgewicht","v":-0.80000000000001137},131,null,null,"2019-12-04",43803.25,null,null,null,131]
[null,null,null,null,null,null,null,null,null,null,"2019-12-05",-2.1000000000000227,null,{"$f":"tWeightDaily[[#This Row],[Gewicht]]-Ausgangsgewicht","v":-2.1000000000000227},129.69999999999999,null,null,"2019-12-05",43804.25,null,null,null,129.69999999999999]
[null,null,null,null,null,null,null,null,null,null,"2019-12-06",-2.8000000000000114,null,{"$f":"tWeightDaily[[#This Row],[Gewicht]]-Ausgangsgewicht","v":-2.8000000000000114},129,null,null,"2019-12-06",43805.25,null,null,null,129]
[null,null,null,null,null,null,null,null,null,null,"2019-12-07",-2.8000000000000114,null,{"$f":"tWeightDaily[[#This Row],[Gewicht]]-Ausgangsgewicht","v":-2.8000000000000114},129,null,null,"2019-12-07",43806.25,null,null,null,129]
[null,null,null,null,null,null,null,null,null,null,"2019-12-08",-3.6000000000000227,-3.6000000000000227,{"$f":"tWeightDaily[[#This Row],[Gewicht]]-Ausgangsgewicht","v":-3.6000000000000227},128.19999999999999,null,null,"2019-12-08",43807.25,null,null,null,128.19999999999999]
[null,null,null,null,null,null,null,null,null,null,"2019-12-09",null,-2.2000000000000171,{"$f":"tWeightDaily[[#This Row],[Gewicht]]-Ausgangsgewicht","v":-2.2000000000000171},129.6,null,null,"2019-12-09",43808.25,null,null,null,129.6]
[null,null,null,null,null,null,null,null,null,null,"2019-12-10",null,-1.9000000000000057,{"$f":"tWeightDaily[[#This Row],[Gewicht]]-Ausgangsgewicht","v":-1.9000000000000057},129.9,null,null,"2019-12-10",43809.25,null,null,null,129.9]
[null,null,null,null,null,null,null,null,null,null,"2019-12-11",-1.2000000000000171,-1.2000000000000171,{"$f":"tWeightDaily[[#This Row],[Gewicht]]-Ausgangsgewicht","v":-1.2000000000000171},130.6,null,null,"2019-12-11",43810.25,null,null,null,130.6]
[null,null,null,null,null,null,null,null,null,null,"2019-12-12",-2.7000000000000171,-2.7000000000000171,{"$f":"tWeightDaily[[#This Row],[Gewicht]]-Ausgangsgewicht","v":-2.7000000000000171},129.1,null,null,"2019-12-12",43811.25,null,null,null,129.1]
[null,null,null,null,null,null,null,null,null,null,"2019-12-13",-2.3000000000000114,-2.3000000000000114,{"$f":"tWeightDaily[[#This Row],[Gewicht]]-Ausgangsgewicht","v":-2.3000000000000114},129.5,null,null,"2019-12-13",43812.25,null,null,null,129.5]
[null,null,null,null,null,null,null,null,null,null,"2019-12-14",-3.1000000000000227,null,{"$f":"tWeightDaily[[#This Row],[Gewicht]]-Ausgangsgewicht","v":-3.1000000000000227},128.69999999999999,null,null,"2019-12-14",43813.25,null,null,null,128.69999999999999]
[null,null,null,null,null,null,null,null,null,null,"2019-12-15",-3.1000000000000227,-3.1000000000000227,{"$f":"tWeightDaily[[#This Row],[Gewicht]]-Ausgangsgewicht","v":-3.1000000000000227},128.69999999999999,null,null,"2019-12-15",43814.25,null,null,null,128.69999999999999]
[null,null,null,null,null,null,null,null,null,null,"2019-12-17",-3,-3,{"$f":"tWeightDaily[[#This Row],[Gewicht]]-Ausgangsgewicht","v":-3},128.80000000000001,null,null,"2019-12-17",43816.25,null,null,null,128.80000000000001]
[null,null,null,null,null,null,null,null,null,null,"2019-12-18",-3.4000000000000057,null,{"$f":"tWeightDaily[[#This Row],[Gewicht]]-Ausgangsgewicht","v":-3.4000000000000057},128.4,null,null,"2019-12-18",43817.25,null,null,null,128.4]
[null,null,null,null,null,null,null,null,null,null,"2019-12-19",-3.8000000000000114,-3.8000000000000114,{"$f":"tWeightDaily[[#This Row],[Gewicht]]-Ausgangsgewicht","v":-3.8000000000000114},128,null,null,"2019-12-19",43818.25,null,null,null,128]
[null,null,null,null,null,null,null,null,null,null,"2019-12-20",-3.5,-3.5,{"$f":"tWeightDaily[[#This Row],[Gewicht]]-Ausgangsgewicht","v":-3.5},128.30000000000001,null,null,"2019-12-20",43819.25,null,null,null,128.30000000000001]
[null,null,null,null,null,null,null,null,null,null,"2019-12-21",-3.5,null,{"$f":"tWeightDaily[[#This Row],[Gewicht]]-Ausgangsgewicht","v":-3.5},128.30000000000001,null,null,"2019-12-21",43820.25,null,null,null,128.30000000000001]
[null,null,null,null,null,null,null,null,null,null,"2019-12-22",-4.1000000000000085,-4.1000000000000085,{"$f":"tWeightDaily[[#This Row],[Gewicht]]-Ausgangsgewicht","v":-4.1000000000000085},127.7,null,null,"2019-12-22",43821.25,null,null,null,127.7]
[null,null,null,null,null,null,null,null,null,null,"2019-12-23",-3.7000000000000171,-3.7000000000000171,{"$f":"tWeightDaily[[#This Row],[Gewicht]]-Ausgangsgewicht","v":-3.7000000000000171},128.1,null,null,"2019-12-23",43822.25,null,null,null,128.1]
[null,null,null,null,null,null,null,null,null,null,"2019-12-24",-3.9000000000000057,-3.9000000000000057,{"$f":"tWeightDaily[[#This Row],[Gewicht]]-Ausgangsgewicht","v":-3.9000000000000057},127.9,null,null,"2019-12-24",43823.25,null,null,null,127.9]
[null,null,null,null,null,null,null,null,null,null,"2019-12-25",-3.2000000000000171,-3.2000000000000171,{"$f":"tWeightDaily[[#This Row],[Gewicht]]-Ausgangsgewicht","v":-3.2000000000000171},128.6,null,null,"2019-12-25",43824.25,null,null,null,128.6]
[null,null,null,null,null,null,null,null,null,null,"2019-12-26",-3.2000000000000171,null,{"$f":"tWeightDaily[[#This Row],[Gewicht]]-Ausgangsgewicht","v":-3.2000000000000171},128.6,null,null,"2019-12-26",43825.25,null,null,null,128.6]
[null,null,null,null,null,null,null,null,null,null,"2019-12-27",-3.2000000000000171,null,{"$f":"tWeightDaily[[#This Row],[Gewicht]]-Ausgangsgewicht","v":-3.2000000000000171},128.6,null,null,"2019-12-27",43826.25,null,null,null,128.6]
[null,null,null,null,null,null,null,null,null,null,"2019-12-28",-3.2000000000000171,null,{"$f":"tWeightDaily[[#This Row],[Gewicht]]-Ausgangsgewicht","v":-3.2000000000000171},128.6,null,null,"2019-12-28",43827.25,null,null,null,128.6]
[null,null,null,null,null,null,null,null,null,null,"2019-12-29",-3.3000000000000114,null,{"$f":"tWeightDaily[[#This Row],[Gewicht]]-Ausgangsgewicht","v":-3.3000000000000114},128.5,null,null,"2019-12-29",43828.25,null,null,null,128.5]
[null,null,null,null,null,null,null,null,null,null,"2019-12-30",-3.3000000000000114,null,{"$f":"tWeightDaily[[#This Row],[Gewicht]]-Ausgangsgewicht","v":-3.3000000000000114},128.5,null,null,"2019-12-30",43829.25,null,null,null,128.5]
[null,null,null,null,null,null,null,null,null,null,"2019-12-31",-3.4000000000000057,null,{"$f":"tWeightDaily[[#This Row],[Gewicht]]-Ausgangsgewicht","v":-3.4000000000000057},128.4,null,null,"2019-12-31",43830.25,null,null,null,128.4]
[null,null,null,null,null,null,null,null,null,null,"2020-01-01",-3.7000000000000171,null,{"$f":"tWeightDaily[[#This Row],[Gewicht]]-Ausgangsgewicht","v":-3.7000000000000171},128.1,null,null,"2020-01-01",43831.25,null,null,null,128.1]
[null,null,null,null,null,null,null,null,null,null,"2020-01-02",-3.9000000000000057,null,{"$f":"tWeightDaily[[#This Row],[Gewicht]]-Ausgangsgewicht","v":-3.9000000000000057},127.9,null,null,"2020-01-02",43832.25,null,null,null,127.9]
[null,null,null,null,null,null,null,null,null,null,"2020-01-03",-3.9000000000000057,null,{"$f":"tWeightDaily[[#This Row],[Gewicht]]-Ausgangsgewicht","v":-3.9000000000000057},127.9,null,null,"2020-01-03",43833.25,null,null,null,127.9]
[null,null,null,null,null,null,null,null,null,null,"2020-01-04",-4.3000000000000114,-4.3000000000000114,{"$f":"tWeightDaily[[#This Row],[Gewicht]]-Ausgangsgewicht","v":-4.3000000000000114},127.5,null,null,"2020-01-04",43834.25,null,null,null,127.5]
[null,null,null,null,null,null,null,null,null,null,"2020-01-05",-4.1000000000000085,-4.1000000000000085,{"$f":"tWeightDaily[[#This Row],[Gewicht]]-Ausgangsgewicht","v":-4.1000000000000085},127.7,null,null,"2020-01-05",43835.25,null,null,null,127.7]
[null,null,null,null,null,null,null,null,null,null,"2020-01-06",-4.9000000000000057,null,{"$f":"tWeightDaily[[#This Row],[Gewicht]]-Ausgangsgewicht","v":-4.9000000000000057},126.9,null,null,"2020-01-06",43836.25,null,null,null,126.9]
[null,null,null,null,null,null,null,null,null,null,"2020-01-07",-5.2000000000000171,null,{"$f":"tWeightDaily[[#This Row],[Gewicht]]-Ausgangsgewicht","v":-5.2000000000000171},126.6,null,null,"2020-01-07",43837.25,null,null,null,126.6]
[null,null,null,null,null,null,null,null,null,null,"2020-01-09",-6.1000000000000085,null,{"$f":"tWeightDaily[[#This Row],[Gewicht]]-Ausgangsgewicht","v":-6.1000000000000085},125.7,null,null,"2020-01-09",43839.25,null,null,null,125.7]
[null,null,null,null,null,null,null,null,null,null,"2020-01-10",-6.6000000000000085,-6.6000000000000085,{"$f":"tWeightDaily[[#This Row],[Gewicht]]-Ausgangsgewicht","v":-6.6000000000000085},125.2,null,null,"2020-01-10",43840.25,null,null,null,125.2]
[null,null,null,null,null,null,null,null,null,null,"2020-01-11",null,-6.0000000000000142,{"$f":"tWeightDaily[[#This Row],[Gewicht]]-Ausgangsgewicht","v":-6.0000000000000142},125.8,null,null,"2020-01-11",43841.25,null,null,null,125.8]
[null,null,null,null,null,null,null,null,null,null,"2020-01-12",-5.7000000000000171,-5.7000000000000171,{"$f":"tWeightDaily[[#This Row],[Gewicht]]-Ausgangsgewicht","v":-5.7000000000000171},126.1,null,null,"2020-01-12",43842.25,null,null,null,126.1]
[null,null,null,null,null,null,null,null,null,null,"2020-01-17",-7.0000000000000142,null,{"$f":"tWeightDaily[[#This Row],[Gewicht]]-Ausgangsgewicht","v":-7.0000000000000142},124.8,null,null,"2020-01-17",43847.25,null,null,null,124.8]
[null,null,null,null,null,null,null,null,null,null,"2020-01-18",-8.0000000000000142,null,{"$f":"tWeightDaily[[#This Row],[Gewicht]]-Ausgangsgewicht","v":-8.0000000000000142},123.8,null,null,"2020-01-18",43848.25,null,null,null,123.8]
[null,null,null,null,null,null,null,null,null,null,"2020-01-19",-8.4000000000000057,-8.4000000000000057,{"$f":"tWeightDaily[[#This Row],[Gewicht]]-Ausgangsgewicht","v":-8.4000000000000057},123.4,null,null,"2020-01-19",43849.25,null,null,null,123.4]
[null,null,null,null,null,null,null,null,null,null,"2020-01-20",-7.3000000000000114,-7.3000000000000114,{"$f":"tWeightDaily[[#This Row],[Gewicht]]-Ausgangsgewicht","v":-7.3000000000000114},124.5,null,null,"2020-01-20",43850.25,null,null,null,124.5]
[null,null,null,null,null,null,null,null,null,null,"2020-01-21",-7.5000000000000142,null,{"$f":"tWeightDaily[[#This Row],[Gewicht]]-Ausgangsgewicht","v":-7.5000000000000142},124.3,null,null,"2020-01-21",43851.25,null,null,null,124.3]
[null,null,null,null,null,null,null,null,null,null,"2020-01-22",-8.2000000000000171,null,{"$f":"tWeightDaily[[#This Row],[Gewicht]]-Ausgangsgewicht","v":-8.2000000000000171},123.6,null,null,"2020-01-22",43852.25,null,null,null,123.6]
[null,null,null,null,null,null,null,null,null,null,"2020-01-23",-8.4000000000000057,-8.4000000000000057,{"$f":"tWeightDaily[[#This Row],[Gewicht]]-Ausgangsgewicht","v":-8.4000000000000057},123.4,null,null,"2020-01-23",43853.25,null,null,null,123.4]
[null,null,null,null,null,null,null,null,null,null,"2020-01-24",-8.2000000000000171,-8.2000000000000171,{"$f":"tWeightDaily[[#This Row],[Gewicht]]-Ausgangsgewicht","v":-8.2000000000000171},123.6,null,null,"2020-01-24",43854.25,null,null,null,123.6]
[null,null,null,null,null,null,null,null,null,null,"2020-01-25",-8.2000000000000171,-8.2000000000000171,{"$f":"tWeightDaily[[#This Row],[Gewicht]]-Ausgangsgewicht","v":-8.2000000000000171},123.6,null,null,"2020-01-25",43855.25,null,null,null,123.6]
[null,null,null,null,null,null,null,null,null,null,"2020-01-26",-7.2000000000000171,-7.2000000000000171,{"$f":"tWeightDaily[[#This Row],[Gewicht]]-Ausgangsgewicht","v":-7.2000000000000171},124.6,null,null,"2020-01-26",43856.25,null,null,null,124.6]
[null,null,null,null,null,null,null,null,null,null,"2020-01-28",-7.3000000000000114,null,{"$f":"tWeightDaily[[#This Row],[Gewicht]]-Ausgangsgewicht","v":-7.3000000000000114},124.5,null,null,"2020-01-28",43858.25,null,null,null,124.5]
[null,null,null,null,null,null,null,null,null,null,"2020-01-29",-8.8000000000000114,-8.8000000000000114,{"$f":"tWeightDaily[[#This Row],[Gewicht]]-Ausgangsgewicht","v":-8.8000000000000114},123,null,null,"2020-01-29",43859.25,null,null,null,123]
[null,null,null,null,null,null,null,null,null,null,"2020-01-30",null,-8.4000000000000057,{"$f":"tWeightDaily[[#This Row],[Gewicht]]-Ausgangsgewicht","v":-8.4000000000000057},123.4,null,null,"2020-01-30",43860.25,null,null,null,123.4]
[null,null,null,null,null,null,null,null,null,null,"2020-01-31",null,-8.0000000000000142,{"$f":"tWeightDaily[[#This Row],[Gewicht]]-Ausgangsgewicht","v":-8.0000000000000142},123.8,null,null,"2020-01-31",43861.25,null,null,null,123.8]
[null,null,null,null,null,null,null,null,null,null,"2020-02-01",-7.4000000000000057,-7.4000000000000057,{"$f":"tWeightDaily[[#This Row],[Gewicht]]-Ausgangsgewicht","v":-7.4000000000000057},124.4,null,null,"2020-02-01",43862.25,null,null,null,124.4]
[null,null,null,null,null,null,null,null,null,null,"2020-02-02",-7.8000000000000114,-7.8000000000000114,{"$f":"tWeightDaily[[#This Row],[Gewicht]]-Ausgangsgewicht","v":-7.8000000000000114},124,null,null,"2020-02-02",43863.25,null,null,null,124]
[null,null,null,null,null,null,null,null,null,null,"2020-02-03",null,-7.2000000000000171,{"$f":"tWeightDaily[[#This Row],[Gewicht]]-Ausgangsgewicht","v":-7.2000000000000171},124.6,null,null,"2020-02-03",43864.25,null,null,null,124.6]
[null,null,null,null,null,null,null,null,null,null,"2020-02-05",-7.0000000000000142,-7.0000000000000142,{"$f":"tWeightDaily[[#This Row],[Gewicht]]-Ausgangsgewicht","v":-7.0000000000000142},124.8,null,null,"2020-02-05",43866.25,null,null,null,124.8]
[null,null,null,null,null,null,null,null,null,null,"2020-02-06",-7.6000000000000085,-7.6000000000000085,{"$f":"tWeightDaily[[#This Row],[Gewicht]]-Ausgangsgewicht","v":-7.6000000000000085},124.2,null,null,"2020-02-06",43867.25,null,null,null,124.2]
[null,null,null,null,null,null,null,null,null,null,"2020-02-07",null,-7.5000000000000142,{"$f":"tWeightDaily[[#This Row],[Gewicht]]-Ausgangsgewicht","v":-7.5000000000000142},124.3,null,null,"2020-02-07",43868.25,null,null,null,124.3]
[null,null,null,null,null,null,null,null,null,null,"2020-02-08",-7.3000000000000114,-7.3000000000000114,{"$f":"tWeightDaily[[#This Row],[Gewicht]]-Ausgangsgewicht","v":-7.3000000000000114},124.5,null,null,"2020-02-08",43869.25,null,null,null,124.5]
[null,null,null,null,null,null,null,null,null,null,"2020-02-09",-7.3000000000000114,null,{"$f":"tWeightDaily[[#This Row],[Gewicht]]-Ausgangsgewicht","v":-7.3000000000000114},124.5,null,null,"2020-02-09",43870.25,null,null,null,124.5]
[null,null,null,null,null,null,null,null,null,null,"2020-02-10",-7.4000000000000057,null,{"$f":"tWeightDaily[[#This Row],[Gewicht]]-Ausgangsgewicht","v":-7.4000000000000057},124.4,null,null,"2020-02-10",43871.25,null,null,null,124.4]
[null,null,null,null,null,null,null,null,null,null,"2020-02-11",-7.6000000000000085,-7.6000000000000085,{"$f":"tWeightDaily[[#This Row],[Gewicht]]-Ausgangsgewicht","v":-7.6000000000000085},124.2,null,null,"2020-02-11",43872.25,null,null,null,124.2]
[null,null,null,null,null,null,null,null,null,null,"2020-02-12",-7.5000000000000142,-7.5000000000000142,{"$f":"tWeightDaily[[#This Row],[Gewicht]]-Ausgangsgewicht","v":-7.5000000000000142},124.3,null,null,"2020-02-12",43873.25,null,null,null,124.3]
[null,null,null,null,null,null,null,null,null,null,"2020-02-13",-7.8000000000000114,-7.8000000000000114,{"$f":"tWeightDaily[[#This Row],[Gewicht]]-Ausgangsgewicht","v":-7.8000000000000114},124,null,null,"2020-02-13",43874.25,null,null,null,124]
[null,null,null,null,null,null,null,null,null,null,"2020-02-14",-7.6000000000000085,-7.6000000000000085,{"$f":"tWeightDaily[[#This Row],[Gewicht]]-Ausgangsgewicht","v":-7.6000000000000085},124.2,null,null,"2020-02-14",43875.25,null,null,null,124.2]
[null,null,null,null,null,null,null,null,null,null,"2020-02-15",-8.2000000000000171,-8.2000000000000171,{"$f":"tWeightDaily[[#This Row],[Gewicht]]-Ausgangsgewicht","v":-8.2000000000000171},123.6,null,null,"2020-02-15",43876.25,null,null,null,123.6]
[null,null,null,null,null,null,null,null,null,null,"2020-02-16",-7.3000000000000114,-7.3000000000000114,{"$f":"tWeightDaily[[#This Row],[Gewicht]]-Ausgangsgewicht","v":-7.3000000000000114},124.5,null,null,"2020-02-16",43877.25,null,null,null,124.5]
[null,null,null,null,null,null,null,null,null,null,"2020-02-18",-7.6000000000000085,null,{"$f":"tWeightDaily[[#This Row],[Gewicht]]-Ausgangsgewicht","v":-7.6000000000000085},124.2,null,null,"2020-02-18",43879.25,null,null,null,124.2]
[null,null,null,null,null,null,null,null,null,null,"2020-02-19",-7.7000000000000171,null,{"$f":"tWeightDaily[[#This Row],[Gewicht]]-Ausgangsgewicht","v":-7.7000000000000171},124.1,null,null,"2020-02-19",43880.25,null,null,null,124.1]
[null,null,null,null,null,null,null,null,null,null,"2020-02-20",-8.0000000000000142,-8.0000000000000142,{"$f":"tWeightDaily[[#This Row],[Gewicht]]-Ausgangsgewicht","v":-8.0000000000000142},123.8,null,null,"2020-02-20",43881.25,null,null,null,123.8]
[null,null,null,null,null,null,null,null,null,null,"2020-02-21",null,-7.5000000000000142,{"$f":"tWeightDaily[[#This Row],[Gewicht]]-Ausgangsgewicht","v":-7.5000000000000142},124.3,null,null,"2020-02-21",43882.25,null,null,null,124.3]
[null,null,null,null,null,null,null,null,null,null,"2020-02-22",-7.3000000000000114,-7.3000000000000114,{"$f":"tWeightDaily[[#This Row],[Gewicht]]-Ausgangsgewicht","v":-7.3000000000000114},124.5,null,null,"2020-02-22",43883.25,null,null,null,124.5]
[null,null,null,null,null,null,null,null,null,null,"2020-02-23",-7.3000000000000114,null,{"$f":"tWeightDaily[[#This Row],[Gewicht]]-Ausgangsgewicht","v":-7.3000000000000114},124.5,null,null,"2020-02-23",43884.25,null,null,null,124.5]
[null,null,null,null,null,null,null,null,null,null,"2020-02-24",-7.3000000000000114,-7.3000000000000114,{"$f":"tWeightDaily[[#This Row],[Gewicht]]-Ausgangsgewicht","v":-7.3000000000000114},124.5,null,null,"2020-02-24",43885.25,null,null,null,124.5]
[null,null,null,null,null,null,null,null,null,null,"2020-02-25",-7.1000000000000085,-7.1000000000000085,{"$f":"tWeightDaily[[#This Row],[Gewicht]]-Ausgangsgewicht","v":-7.1000000000000085},124.7,null,null,"2020-02-25",43886.25,null,null,null,124.7]
[null,null,null,null,null,null,null,null,null,null,"2020-02-26",-8.0000000000000142,null,{"$f":"tWeightDaily[[#This Row],[Gewicht]]-Ausgangsgewicht","v":-8.0000000000000142},123.8,null,null,"2020-02-26",43887.25,null,null,null,123.8]
[null,null,null,null,null,null,null,null,null,null,"2020-02-27",-8.5000000000000142,null,{"$f":"tWeightDaily[[#This Row],[Gewicht]]-Ausgangsgewicht","v":-8.5000000000000142},123.3,null,null,"2020-02-27",43888.25,null,null,null,123.3]
[null,null,null,null,null,null,null,null,null,null,"2020-02-28",-8.7000000000000171,-8.7000000000000171,{"$f":"tWeightDaily[[#This Row],[Gewicht]]-Ausgangsgewicht","v":-8.7000000000000171},123.1,null,null,"2020-02-28",43889.25,null,null,null,123.1]
[null,null,null,null,null,null,null,null,null,null,"2020-02-29",-8.5000000000000142,-8.5000000000000142,{"$f":"tWeightDaily[[#This Row],[Gewicht]]-Ausgangsgewicht","v":-8.5000000000000142},123.3,null,null,"2020-02-29",43890.25,null,null,null,123.3]
[null,null,null,null,null,null,null,null,null,null,"2020-03-01",-8.8000000000000114,-8.8000000000000114,{"$f":"tWeightDaily[[#This Row],[Gewicht]]-Ausgangsgewicht","v":-8.8000000000000114},123,null,null,"2020-03-01",43891.25,null,null,null,123]
[null,null,null,null,null,null,null,null,null,null,"2020-03-04",-7.5000000000000142,-7.5000000000000142,{"$f":"tWeightDaily[[#This Row],[Gewicht]]-Ausgangsgewicht","v":-7.5000000000000142},124.3,null,null,"2020-03-04",43894.25,null,null,null,124.3]
[null,null,null,null,null,null,null,null,null,null,"2020-03-05",-8.2000000000000171,null,{"$f":"tWeightDaily[[#This Row],[Gewicht]]-Ausgangsgewicht","v":-8.2000000000000171},123.6,null,null,"2020-03-05",43895.25,null,null,null,123.6]
[null,null,null,null,null,null,null,null,null,null,"2020-03-06",-8.2000000000000171,-8.2000000000000171,{"$f":"tWeightDaily[[#This Row],[Gewicht]]-Ausgangsgewicht","v":-8.2000000000000171},123.6,null,null,"2020-03-06",43896.25,null,null,null,123.6]
[null,null,null,null,null,null,null,null,null,null,"2020-03-07",-7.8000000000000114,-7.8000000000000114,{"$f":"tWeightDaily[[#This Row],[Gewicht]]-Ausgangsgewicht","v":-7.8000000000000114},124,null,null,"2020-03-07",43897.25,null,null,null,124]
[null,null,null,null,null,null,null,null,null,null,"2020-03-08",-7.9000000000000057,null,{"$f":"tWeightDaily[[#This Row],[Gewicht]]-Ausgangsgewicht","v":-7.9000000000000057},123.9,null,null,"2020-03-08",43898.25,null,null,null,123.9]
[null,null,null,null,null,null,null,null,null,null,"2020-03-09",-7.9000000000000057,-7.9000000000000057,{"$f":"tWeightDaily[[#This Row],[Gewicht]]-Ausgangsgewicht","v":-7.9000000000000057},123.9,null,null,"2020-03-09",43899.25,null,null,null,123.9]
[null,null,null,null,null,null,null,null,null,null,"2020-03-10",-6.9000000000000057,-6.9000000000000057,{"$f":"tWeightDaily[[#This Row],[Gewicht]]-Ausgangsgewicht","v":-6.9000000000000057},124.9,null,null,"2020-03-10",43900.25,null,null,null,124.9]
[null,null,null,null,null,null,null,null,null,null,"2020-03-11",-8.5000000000000142,-8.5000000000000142,{"$f":"tWeightDaily[[#This Row],[Gewicht]]-Ausgangsgewicht","v":-8.5000000000000142},123.3,null,null,"2020-03-11",43901.25,null,null,null,123.3]
[null,null,null,null,null,null,null,null,null,null,"2020-03-14",-7.6000000000000085,-7.6000000000000085,{"$f":"tWeightDaily[[#This Row],[Gewicht]]-Ausgangsgewicht","v":-7.6000000000000085},124.2,null,null,"2020-03-14",43904.25,null,null,null,124.2]
[null,null,null,null,null,null,null,null,null,null,"2020-03-15",-8.9000000000000057,-8.9000000000000057,{"$f":"tWeightDaily[[#This Row],[Gewicht]]-Ausgangsgewicht","v":-8.9000000000000057},122.9,null,null,"2020-03-15",43905.25,null,null,null,122.9]
[null,null,null,null,null,null,null,null,null,null,"2020-03-16",-7.8000000000000114,-7.8000000000000114,{"$f":"tWeightDaily[[#This Row],[Gewicht]]-Ausgangsgewicht","v":-7.8000000000000114},124,null,null,"2020-03-16",43906.25,null,null,null,124]
[null,null,null,null,null,null,null,null,null,null,"2020-03-17",-8.1000000000000085,null,{"$f":"tWeightDaily[[#This Row],[Gewicht]]-Ausgangsgewicht","v":-8.1000000000000085},123.7,null,null,"2020-03-17",43907.25,null,null,null,123.7]
[null,null,null,null,null,null,null,null,null,null,"2020-03-18",-9.5000000000000142,-9.5000000000000142,{"$f":"tWeightDaily[[#This Row],[Gewicht]]-Ausgangsgewicht","v":-9.5000000000000142},122.3,null,null,"2020-03-18",43908.25,null,null,null,122.3]
[null,null,null,null,null,null,null,null,null,null,"2020-03-19",-8.8000000000000114,-8.8000000000000114,{"$f":"tWeightDaily[[#This Row],[Gewicht]]-Ausgangsgewicht","v":-8.8000000000000114},123,null,null,"2020-03-19",43909.25,null,null,null,123]
[null,null,null,null,null,null,null,null,null,null,"2020-03-20",-8.9000000000000057,null,{"$f":"tWeightDaily[[#This Row],[Gewicht]]-Ausgangsgewicht","v":-8.9000000000000057},122.9,null,null,"2020-03-20",43910.25,null,null,null,122.9]
[null,null,null,null,null,null,null,null,null,null,"2020-03-21",-8.9000000000000057,null,{"$f":"tWeightDaily[[#This Row],[Gewicht]]-Ausgangsgewicht","v":-8.9000000000000057},122.9,null,null,"2020-03-21",43911.25,null,null,null,122.9]
[null,null,null,null,null,null,null,null,null,null,"2020-03-22",-8.9000000000000057,null,{"$f":"tWeightDaily[[#This Row],[Gewicht]]-Ausgangsgewicht","v":-8.9000000000000057},122.9,null,null,"2020-03-22",43912.25,null,null,null,122.9]
[null,null,null,null,null,null,null,null,null,null,"2020-03-23",-9.2000000000000171,-9.2000000000000171,{"$f":"tWeightDaily[[#This Row],[Gewicht]]-Ausgangsgewicht","v":-9.2000000000000171},122.6,null,null,"2020-03-23",43913.25,null,null,null,122.6]
[null,null,null,null,null,null,null,null,null,null,"2020-03-25",-9.0000000000000142,-9.0000000000000142,{"$f":"tWeightDaily[[#This Row],[Gewicht]]-Ausgangsgewicht","v":-9.0000000000000142},122.8,null,null,"2020-03-25",43915.25,null,null,null,122.8]
[null,null,null,null,null,null,null,null,null,null,"2020-03-26",-9.1000000000000085,null,{"$f":"tWeightDaily[[#This Row],[Gewicht]]-Ausgangsgewicht","v":-9.1000000000000085},122.7,null,null,"2020-03-26",43916.25,null,null,null,122.7]
[null,null,null,null,null,null,null,null,null,null,"2020-03-27",-9.2000000000000171,-9.2000000000000171,{"$f":"tWeightDaily[[#This Row],[Gewicht]]-Ausgangsgewicht","v":-9.2000000000000171},122.6,null,null,"2020-03-27",43917.25,null,null,null,122.6]
[null,null,null,null,null,null,null,null,null,null,"2020-03-28",-8.6000000000000085,-8.6000000000000085,{"$f":"tWeightDaily[[#This Row],[Gewicht]]-Ausgangsgewicht","v":-8.6000000000000085},123.2,null,null,"2020-03-28",43918.25,null,null,null,123.2]
[null,null,null,null,null,null,null,null,null,null,"2020-03-29",-8.6000000000000085,-8.6000000000000085,{"$f":"tWeightDaily[[#This Row],[Gewicht]]-Ausgangsgewicht","v":-8.6000000000000085},123.2,null,null,"2020-03-29",43919.25,null,null,null,123.2]
[null,null,null,null,null,null,null,null,null,null,"2020-03-31",-8.3000000000000114,-8.3000000000000114,{"$f":"tWeightDaily[[#This Row],[Gewicht]]-Ausgangsgewicht","v":-8.3000000000000114},123.5,null,null,"2020-03-31",43921.25,null,null,null,123.5]
[null,null,null,null,null,null,null,null,null,null,"2020-04-01",-8.5000000000000142,null,{"$f":"tWeightDaily[[#This Row],[Gewicht]]-Ausgangsgewicht","v":-8.5000000000000142},123.3,null,null,"2020-04-01",43922.25,null,null,null,123.3]
[null,null,null,null,null,null,null,null,null,null,"2020-04-02",-8.8000000000000114,null,{"$f":"tWeightDaily[[#This Row],[Gewicht]]-Ausgangsgewicht","v":-8.8000000000000114},123,null,null,"2020-04-02",43923.25,null,null,null,123]
[null,null,null,null,null,null,null,null,null,null,"2020-04-03",-9.0000000000000142,null,{"$f":"tWeightDaily[[#This Row],[Gewicht]]-Ausgangsgewicht","v":-9.0000000000000142},122.8,null,null,"2020-04-03",43924.25,null,null,null,122.8]
[null,null,null,null,null,null,null,null,null,null,"2020-04-04",-9.3000000000000114,null,{"$f":"tWeightDaily[[#This Row],[Gewicht]]-Ausgangsgewicht","v":-9.3000000000000114},122.5,null,null,"2020-04-04",43925.25,null,null,null,122.5]
[null,null,null,null,null,null,null,null,null,null,"2020-04-05",-9.4000000000000057,-9.4000000000000057,{"$f":"tWeightDaily[[#This Row],[Gewicht]]-Ausgangsgewicht","v":-9.4000000000000057},122.4,null,null,"2020-04-05",43926.25,null,null,null,122.4]
[null,null,null,null,null,null,null,null,null,null,"2020-04-06",-8.1000000000000085,-8.1000000000000085,{"$f":"tWeightDaily[[#This Row],[Gewicht]]-Ausgangsgewicht","v":-8.1000000000000085},123.7,null,null,"2020-04-06",43927.25,null,null,null,123.7]
[null,null,null,null,null,null,null,null,null,null,"2020-04-08",-8.4000000000000057,null,{"$f":"tWeightDaily[[#This Row],[Gewicht]]-Ausgangsgewicht","v":-8.4000000000000057},123.4,null,null,"2020-04-08",43929.25,null,null,null,123.4]
[null,null,null,null,null,null,null,null,null,null,"2020-04-11",-10.200000000000017,-10.200000000000017,{"$f":"tWeightDaily[[#This Row],[Gewicht]]-Ausgangsgewicht","v":-10.200000000000017},121.6,null,null,"2020-04-11",43932.25,null,null,null,121.6]
[null,null,null,null,null,null,null,null,null,null,"2020-04-12",-9.7000000000000171,-9.7000000000000171,{"$f":"tWeightDaily[[#This Row],[Gewicht]]-Ausgangsgewicht","v":-9.7000000000000171},122.1,null,null,"2020-04-12",43933.25,null,null,null,122.1]
[null,null,null,null,null,null,null,null,null,null,"2020-04-13",-10.200000000000017,-10.200000000000017,{"$f":"tWeightDaily[[#This Row],[Gewicht]]-Ausgangsgewicht","v":-10.200000000000017},121.6,null,null,"2020-04-13",43934.25,null,null,null,121.6]
[null,null,null,null,null,null,null,null,null,null,"2020-04-14",null,-9.4000000000000057,{"$f":"tWeightDaily[[#This Row],[Gewicht]]-Ausgangsgewicht","v":-9.4000000000000057},122.4,null,null,"2020-04-14",43935.25,null,null,null,122.4]
[null,null,null,null,null,null,null,null,null,null,"2020-04-15",-9.0000000000000142,-9.0000000000000142,{"$f":"tWeightDaily[[#This Row],[Gewicht]]-Ausgangsgewicht","v":-9.0000000000000142},122.8,null,null,"2020-04-15",43936.25,null,null,null,122.8]
[null,null,null,null,null,null,null,null,null,null,"2020-04-16",-10.200000000000017,null,{"$f":"tWeightDaily[[#This Row],[Gewicht]]-Ausgangsgewicht","v":-10.200000000000017},121.6,null,null,"2020-04-16",43937.25,null,null,null,121.6]
[null,null,null,null,null,null,null,null,null,null,"2020-04-17",-10.400000000000006,-10.400000000000006,{"$f":"tWeightDaily[[#This Row],[Gewicht]]-Ausgangsgewicht","v":-10.400000000000006},121.4,null,null,"2020-04-17",43938.25,null,null,null,121.4]
[null,null,null,null,null,null,null,null,null,null,"2020-04-18",-10.300000000000011,-10.300000000000011,{"$f":"tWeightDaily[[#This Row],[Gewicht]]-Ausgangsgewicht","v":-10.300000000000011},121.5,null,null,"2020-04-18",43939.25,null,null,null,121.5]
[null,null,null,null,null,null,null,null,null,null,"2020-04-19",-10.300000000000011,null,{"$f":"tWeightDaily[[#This Row],[Gewicht]]-Ausgangsgewicht","v":-10.300000000000011},121.5,null,null,"2020-04-19",43940.25,null,null,null,121.5]
[null,null,null,null,null,null,null,null,null,null,"2020-04-20",-10.400000000000006,-10.400000000000006,{"$f":"tWeightDaily[[#This Row],[Gewicht]]-Ausgangsgewicht","v":-10.400000000000006},121.4,null,null,"2020-04-20",43941.25,null,null,null,121.4]
[null,null,null,null,null,null,null,null,null,null,"2020-04-21",null,-10.200000000000017,{"$f":"tWeightDaily[[#This Row],[Gewicht]]-Ausgangsgewicht","v":-10.200000000000017},121.6,null,null,"2020-04-21",43942.25,null,null,null,121.6]
[null,null,null,null,null,null,null,null,null,null,"2020-04-22",-9.8000000000000114,-9.8000000000000114,{"$f":"tWeightDaily[[#This Row],[Gewicht]]-Ausgangsgewicht","v":-9.8000000000000114},122,null,null,"2020-04-22",43943.25,null,null,null,122]
[null,null,null,null,null,null,null,null,null,null,"2020-04-23",-10.600000000000009,-10.600000000000009,{"$f":"tWeightDaily[[#This Row],[Gewicht]]-Ausgangsgewicht","v":-10.600000000000009},121.2,null,null,"2020-04-23",43944.25,null,null,null,121.2]
[null,null,null,null,null,null,null,null,null,null,"2020-04-24",-9.6000000000000085,-9.6000000000000085,{"$f":"tWeightDaily[[#This Row],[Gewicht]]-Ausgangsgewicht","v":-9.6000000000000085},122.2,null,null,"2020-04-24",43945.25,null,null,null,122.2]
[null,null,null,null,null,null,null,null,null,null,"2020-04-25",-10.400000000000006,-10.400000000000006,{"$f":"tWeightDaily[[#This Row],[Gewicht]]-Ausgangsgewicht","v":-10.400000000000006},121.4,null,null,"2020-04-25",43946.25,null,null,null,121.4]
[null,null,null,null,null,null,null,null,null,null,"2020-04-26",-9.8000000000000114,-9.8000000000000114,{"$f":"tWeightDaily[[#This Row],[Gewicht]]-Ausgangsgewicht","v":-9.8000000000000114},122,null,null,"2020-04-26",43947.25,null,null,null,122]
[null,null,null,null,null,null,null,null,null,null,"2020-04-29",-10.200000000000017,null,{"$f":"tWeightDaily[[#This Row],[Gewicht]]-Ausgangsgewicht","v":-10.200000000000017},121.6,null,null,"2020-04-29",43950.25,null,null,null,121.6]
[null,null,null,null,null,null,null,null,null,null,"2020-04-30",-10.200000000000017,null,{"$f":"tWeightDaily[[#This Row],[Gewicht]]-Ausgangsgewicht","v":-10.200000000000017},121.6,null,null,"2020-04-30",43951.25,null,null,null,121.6]
[null,null,null,null,null,null,null,null,null,null,"2020-05-01",-10.500000000000014,null,{"$f":"tWeightDaily[[#This Row],[Gewicht]]-Ausgangsgewicht","v":-10.500000000000014},121.3,null,null,"2020-05-01",43952.25,null,null,null,121.3]
[null,null,null,null,null,null,null,null,null,null,"2020-05-02",-10.500000000000014,-10.500000000000014,{"$f":"tWeightDaily[[#This Row],[Gewicht]]-Ausgangsgewicht","v":-10.500000000000014},121.3,null,null,"2020-05-02",43953.25,null,null,null,121.3]
[null,null,null,null,null,null,null,null,null,null,"2020-05-03",-9.8000000000000114,-9.8000000000000114,{"$f":"tWeightDaily[[#This Row],[Gewicht]]-Ausgangsgewicht","v":-9.8000000000000114},122,null,null,"2020-05-03",43954.25,null,null,null,122]
[null,null,null,null,null,null,null,null,null,null,"2020-05-04",-9.9000000000000057,null,{"$f":"tWeightDaily[[#This Row],[Gewicht]]-Ausgangsgewicht","v":-9.9000000000000057},121.9,null,null,"2020-05-04",43955.25,null,null,null,121.9]
[null,null,null,null,null,null,null,null,null,null,"2020-05-06",-10.700000000000017,null,{"$f":"tWeightDaily[[#This Row],[Gewicht]]-Ausgangsgewicht","v":-10.700000000000017},121.1,null,null,"2020-05-06",43957.25,null,null,null,121.1]
[null,null,null,null,null,null,null,null,null,null,"2020-05-07",-11.100000000000009,null,{"$f":"tWeightDaily[[#This Row],[Gewicht]]-Ausgangsgewicht","v":-11.100000000000009},120.7,null,null,"2020-05-07",43958.25,null,null,null,120.7]
[null,null,null,null,null,null,null,null,null,null,"2020-05-08",-11.300000000000011,-11.300000000000011,{"$f":"tWeightDaily[[#This Row],[Gewicht]]-Ausgangsgewicht","v":-11.300000000000011},120.5,null,null,"2020-05-08",43959.25,null,null,null,120.5]
[null,null,null,null,null,null,null,null,null,null,"2020-05-09",null,-11.100000000000009,{"$f":"tWeightDaily[[#This Row],[Gewicht]]-Ausgangsgewicht","v":-11.100000000000009},120.7,null,null,"2020-05-09",43960.25,null,null,null,120.7]
[null,null,null,null,null,null,null,null,null,null,"2020-05-10",null,-10.600000000000009,{"$f":"tWeightDaily[[#This Row],[Gewicht]]-Ausgangsgewicht","v":-10.600000000000009},121.2,null,null,"2020-05-10",43961.25,null,null,null,121.2]
[null,null,null,null,null,null,null,null,null,null,"2020-05-11",-10.400000000000006,-10.400000000000006,{"$f":"tWeightDaily[[#This Row],[Gewicht]]-Ausgangsgewicht","v":-10.400000000000006},121.4,null,null,"2020-05-11",43962.25,null,null,null,121.4]
[null,null,null,null,null,null,null,null,null,null,"2020-05-13",-10.900000000000006,null,{"$f":"tWeightDaily[[#This Row],[Gewicht]]-Ausgangsgewicht","v":-10.900000000000006},120.9,null,null,"2020-05-13",43964.25,null,null,null,120.9]
[null,null,null,null,null,null,null,null,null,null,"2020-05-14",-10.900000000000006,-10.900000000000006,{"$f":"tWeightDaily[[#This Row],[Gewicht]]-Ausgangsgewicht","v":-10.900000000000006},120.9,null,null,"2020-05-14",43965.25,null,null,null,120.9]
[null,null,null,null,null,null,null,null,null,null,"2020-05-15",-10.300000000000011,-10.300000000000011,{"$f":"tWeightDaily[[#This Row],[Gewicht]]-Ausgangsgewicht","v":-10.300000000000011},121.5,null,null,"2020-05-15",43966.25,null,null,null,121.5]
[null,null,null,null,null,null,null,null,null,null,"2020-05-16",-10.600000000000009,null,{"$f":"tWeightDaily[[#This Row],[Gewicht]]-Ausgangsgewicht","v":-10.600000000000009},121.2,null,null,"2020-05-16",43967.25,null,null,null,121.2]
[null,null,null,null,null,null,null,null,null,null,"2020-05-17",-10.900000000000006,-10.900000000000006,{"$f":"tWeightDaily[[#This Row],[Gewicht]]-Ausgangsgewicht","v":-10.900000000000006},120.9,null,null,"2020-05-17",43968.25,null,null,null,120.9]
[null,null,null,null,null,null,null,null,null,null,"2020-05-18",-10.800000000000011,-10.800000000000011,{"$f":"tWeightDaily[[#This Row],[Gewicht]]-Ausgangsgewicht","v":-10.800000000000011},121,null,null,"2020-05-18",43969.25,null,null,null,121]
[null,null,null,null,null,null,null,null,null,null,"2020-05-19",-11.000000000000014,-11.000000000000014,{"$f":"tWeightDaily[[#This Row],[Gewicht]]-Ausgangsgewicht","v":-11.000000000000014},120.8,null,null,"2020-05-19",43970.25,null,null,null,120.8]
[null,null,null,null,null,null,null,null,null,null,"2020-05-20",null,-10.900000000000006,{"$f":"tWeightDaily[[#This Row],[Gewicht]]-Ausgangsgewicht","v":-10.900000000000006},120.9,null,null,"2020-05-20",43971.25,null,null,null,120.9]
[null,null,null,null,null,null,null,null,null,null,"2020-05-21",null,-10.700000000000017,{"$f":"tWeightDaily[[#This Row],[Gewicht]]-Ausgangsgewicht","v":-10.700000000000017},121.1,null,null,"2020-05-21",43972.25,null,null,null,121.1]
[null,null,null,null,null,null,null,null,null,null,"2020-05-22",-9.8000000000000114,-9.8000000000000114,{"$f":"tWeightDaily[[#This Row],[Gewicht]]-Ausgangsgewicht","v":-9.8000000000000114},122,null,null,"2020-05-22",43973.25,null,null,null,122]
[null,null,null,null,null,null,null,null,null,null,"2020-05-24",-10.800000000000011,null,{"$f":"tWeightDaily[[#This Row],[Gewicht]]-Ausgangsgewicht","v":-10.800000000000011},121,null,null,"2020-05-24",43975.25,null,null,null,121]
[null,null,null,null,null,null,null,null,null,null,"2020-05-25",-10.800000000000011,-10.800000000000011,{"$f":"tWeightDaily[[#This Row],[Gewicht]]-Ausgangsgewicht","v":-10.800000000000011},121,null,null,"2020-05-25",43976.25,null,null,null,121]
[null,null,null,null,null,null,null,null,null,null,"2020-05-26",-10.200000000000017,-10.200000000000017,{"$f":"tWeightDaily[[#This Row],[Gewicht]]-Ausgangsgewicht","v":-10.200000000000017},121.6,null,null,"2020-05-26",43977.25,null,null,null,121.6]
[null,null,null,null,null,null,null,null,null,null,"2020-05-27",-10.800000000000011,-10.800000000000011,{"$f":"tWeightDaily[[#This Row],[Gewicht]]-Ausgangsgewicht","v":-10.800000000000011},121,null,null,"2020-05-27",43978.25,null,null,null,121]
[null,null,null,null,null,null,null,null,null,null,"2020-05-30",null,-9.9000000000000057,{"$f":"tWeightDaily[[#This Row],[Gewicht]]-Ausgangsgewicht","v":-9.9000000000000057},121.9,null,null,"2020-05-30",43981.25,null,null,null,121.9]
[null,null,null,null,null,null,null,null,null,null,"2020-05-31",-9.8000000000000114,-9.8000000000000114,{"$f":"tWeightDaily[[#This Row],[Gewicht]]-Ausgangsgewicht","v":-9.8000000000000114},122,null,null,"2020-05-31",43982.25,null,null,null,122]
[null,null,null,null,null,null,null,null,null,null,"2020-06-01",-10.400000000000006,-10.400000000000006,{"$f":"tWeightDaily[[#This Row],[Gewicht]]-Ausgangsgewicht","v":-10.400000000000006},121.4,null,null,"2020-06-01",43983.25,null,null,null,121.4]
[null,null,null,null,null,null,null,null,null,null,"2020-06-02",-9.5000000000000142,-9.5000000000000142,{"$f":"tWeightDaily[[#This Row],[Gewicht]]-Ausgangsgewicht","v":-9.5000000000000142},122.3,null,null,"2020-06-02",43984.25,null,null,null,122.3]
[null,null,null,null,null,null,null,null,null,null,"2020-06-03",-10.400000000000006,null,{"$f":"tWeightDaily[[#This Row],[Gewicht]]-Ausgangsgewicht","v":-10.400000000000006},121.4,null,null,"2020-06-03",43985.25,null,null,null,121.4]
[null,null,null,null,null,null,null,null,null,null,"2020-06-04",-10.400000000000006,-10.400000000000006,{"$f":"tWeightDaily[[#This Row],[Gewicht]]-Ausgangsgewicht","v":-10.400000000000006},121.4,null,null,"2020-06-04",43986.25,null,null,null,121.4]
[null,null,null,null,null,null,null,null,null,null,"2020-06-05",null,-9.7000000000000171,{"$f":"tWeightDaily[[#This Row],[Gewicht]]-Ausgangsgewicht","v":-9.7000000000000171},122.1,null,null,"2020-06-05",43987.25,null,null,null,122.1]
[null,null,null,null,null,null,null,null,null,null,"2020-06-06",null,-9.4000000000000057,{"$f":"tWeightDaily[[#This Row],[Gewicht]]-Ausgangsgewicht","v":-9.4000000000000057},122.4,null,null,"2020-06-06",43988.25,null,null,null,122.4]
[null,null,null,null,null,null,null,null,null,null,"2020-06-07",-9.1000000000000085,-9.1000000000000085,{"$f":"tWeightDaily[[#This Row],[Gewicht]]-Ausgangsgewicht","v":-9.1000000000000085},122.7,null,null,"2020-06-07",43989.25,null,null,null,122.7]
[null,null,null,null,null,null,null,null,null,null,"2020-06-08",-9.7000000000000171,-9.7000000000000171,{"$f":"tWeightDaily[[#This Row],[Gewicht]]-Ausgangsgewicht","v":-9.7000000000000171},122.1,null,null,"2020-06-08",43990.25,null,null,null,122.1]
[null,null,null,null,null,null,null,null,null,null,"2020-06-09",-9.0000000000000142,-9.0000000000000142,{"$f":"tWeightDaily[[#This Row],[Gewicht]]-Ausgangsgewicht","v":-9.0000000000000142},122.8,null,null,"2020-06-09",43991.25,null,null,null,122.8]
[null,null,null,null,null,null,null,null,null,null,"2020-06-10",-10.100000000000009,null,{"$f":"tWeightDaily[[#This Row],[Gewicht]]-Ausgangsgewicht","v":-10.100000000000009},121.7,null,null,"2020-06-10",43992.25,null,null,null,121.7]
[null,null,null,null,null,null,null,null,null,null,"2020-06-11",-10.100000000000009,null,{"$f":"tWeightDaily[[#This Row],[Gewicht]]-Ausgangsgewicht","v":-10.100000000000009},121.7,null,null,"2020-06-11",43993.25,null,null,null,121.7]
[null,null,null,null,null,null,null,null,null,null,"2020-06-12",-10.400000000000006,null,{"$f":"tWeightDaily[[#This Row],[Gewicht]]-Ausgangsgewicht","v":-10.400000000000006},121.4,null,null,"2020-06-12",43994.25,null,null,null,121.4]
[null,null,null,null,null,null,null,null,null,null,"2020-06-13",-10.400000000000006,null,{"$f":"tWeightDaily[[#This Row],[Gewicht]]-Ausgangsgewicht","v":-10.400000000000006},121.4,null,null,"2020-06-13",43995.25,null,null,null,121.4]
[null,null,null,null,null,null,null,null,null,null,"2020-06-14",-10.700000000000017,-10.700000000000017,{"$f":"tWeightDaily[[#This Row],[Gewicht]]-Ausgangsgewicht","v":-10.700000000000017},121.1,null,null,"2020-06-14",43996.25,null,null,null,121.1]
[null,null,null,null,null,null,null,null,null,null,"2020-06-15",-10.000000000000014,-10.000000000000014,{"$f":"tWeightDaily[[#This Row],[Gewicht]]-Ausgangsgewicht","v":-10.000000000000014},121.8,null,null,"2020-06-15",43997.25,null,null,null,121.8]
[null,null,null,null,null,null,null,null,null,null,"2020-06-16",-10.500000000000014,null,{"$f":"tWeightDaily[[#This Row],[Gewicht]]-Ausgangsgewicht","v":-10.500000000000014},121.3,null,null,"2020-06-16",43998.25,null,null,null,121.3]
[null,null,null,null,null,null,null,null,null,null,"2020-06-17",-10.700000000000017,-10.700000000000017,{"$f":"tWeightDaily[[#This Row],[Gewicht]]-Ausgangsgewicht","v":-10.700000000000017},121.1,null,null,"2020-06-17",43999.25,null,null,null,121.1]
[null,null,null,null,null,null,null,null,null,null,"2020-06-18",-10.100000000000009,-10.100000000000009,{"$f":"tWeightDaily[[#This Row],[Gewicht]]-Ausgangsgewicht","v":-10.100000000000009},121.7,null,null,"2020-06-18",44000.25,null,null,null,121.7]
[null,null,null,null,null,null,null,null,null,null,"2020-06-19",-11.000000000000014,null,{"$f":"tWeightDaily[[#This Row],[Gewicht]]-Ausgangsgewicht","v":-11.000000000000014},120.8,null,null,"2020-06-19",44001.25,null,null,null,120.8]
[null,null,null,null,null,null,null,null,null,null,"2020-06-20",-11.000000000000014,-11.000000000000014,{"$f":"tWeightDaily[[#This Row],[Gewicht]]-Ausgangsgewicht","v":-11.000000000000014},120.8,null,null,"2020-06-20",44002.25,null,null,null,120.8]
[null,null,null,null,null,null,null,null,null,null,"2020-06-21",-10.400000000000006,-10.400000000000006,{"$f":"tWeightDaily[[#This Row],[Gewicht]]-Ausgangsgewicht","v":-10.400000000000006},121.4,null,null,"2020-06-21",44003.25,null,null,null,121.4]
[null,null,null,null,null,null,null,null,null,null,"2020-06-24",-10.400000000000006,null,{"$f":"tWeightDaily[[#This Row],[Gewicht]]-Ausgangsgewicht","v":-10.400000000000006},121.4,null,null,"2020-06-24",44006.25,null,null,null,121.4]
[null,null,null,null,null,null,null,null,null,null,"2020-06-25",-11.400000000000006,-11.400000000000006,{"$f":"tWeightDaily[[#This Row],[Gewicht]]-Ausgangsgewicht","v":-11.400000000000006},120.4,null,null,"2020-06-25",44007.25,null,null,null,120.4]
[null,null,null,null,null,null,null,null,null,null,"2020-06-26",-11.300000000000011,-11.300000000000011,{"$f":"tWeightDaily[[#This Row],[Gewicht]]-Ausgangsgewicht","v":-11.300000000000011},120.5,null,null,"2020-06-26",44008.25,null,null,null,120.5]
[null,null,null,null,null,null,null,null,null,null,"2020-06-27",-11.600000000000009,-11.600000000000009,{"$f":"tWeightDaily[[#This Row],[Gewicht]]-Ausgangsgewicht","v":-11.600000000000009},120.2,null,null,"2020-06-27",44009.25,null,null,null,120.2]
[null,null,null,null,null,null,null,null,null,null,"2020-06-28",-11.400000000000006,-11.400000000000006,{"$f":"tWeightDaily[[#This Row],[Gewicht]]-Ausgangsgewicht","v":-11.400000000000006},120.4,null,null,"2020-06-28",44010.25,null,null,null,120.4]
[null,null,null,null,null,null,null,null,null,null,"2020-06-29",-11.400000000000006,-11.400000000000006,{"$f":"tWeightDaily[[#This Row],[Gewicht]]-Ausgangsgewicht","v":-11.400000000000006},120.4,null,null,"2020-06-29",44011.25,null,null,null,120.4]
[null,null,null,null,null,null,null,null,null,null,"2020-06-30",null,-11.200000000000017,{"$f":"tWeightDaily[[#This Row],[Gewicht]]-Ausgangsgewicht","v":-11.200000000000017},120.6,null,null,"2020-06-30",44012.25,null,null,null,120.6]
[null,null,null,null,null,null,null,null,null,null,"2020-07-01",-11.000000000000014,-11.000000000000014,{"$f":"tWeightDaily[[#This Row],[Gewicht]]-Ausgangsgewicht","v":-11.000000000000014},120.8,null,null,"2020-07-01",44013.25,null,null,null,120.8]
[null,null,null,null,null,null,null,null,null,null,"2020-07-02",-11.700000000000017,null,{"$f":"tWeightDaily[[#This Row],[Gewicht]]-Ausgangsgewicht","v":-11.700000000000017},120.1,null,null,"2020-07-02",44014.25,null,null,null,120.1]
[null,null,null,null,null,null,null,null,null,null,"2020-07-03",-12.200000000000017,-12.200000000000017,{"$f":"tWeightDaily[[#This Row],[Gewicht]]-Ausgangsgewicht","v":-12.200000000000017},119.6,null,null,"2020-07-03",44015.25,null,null,null,119.6]
[null,null,null,null,null,null,null,null,null,null,"2020-07-04",null,-11.400000000000006,{"$f":"tWeightDaily[[#This Row],[Gewicht]]-Ausgangsgewicht","v":-11.400000000000006},120.4,null,null,"2020-07-04",44016.25,null,null,null,120.4]
[null,null,null,null,null,null,null,null,null,null,"2020-07-05",null,-11.200000000000017,{"$f":"tWeightDaily[[#This Row],[Gewicht]]-Ausgangsgewicht","v":-11.200000000000017},120.6]

{"sheet":"Report_Gew90Tage","index":3,"n_rows":4,"n_cols":10,"rows_kept":4,"cut":false,"hidden":true,"merged":[[0,4,0,5],[0,18,0,20]]}
["Name: ",{"$f":"Nachname&\", \"&Vorname","v":", "},null,"Geburtsdatum: ",{"$f":"Geburtsdatum","v":"00:00:00"},null,"Betrachtungszeitraum:",null,null,"12. Apr. 2020 - 11. Jul. 2020"]
["Gewicht der letzten 90 Tage (Verlaufsdokumentation)"]
[]
["Min. Gewicht:",119.6,"kg","Max. Gewicht:",122.8,"kg",null,"Aktuelles Gewicht:",120.1,"kg"]

{"sheet":"Report_GewJahr","index":4,"n_rows":58,"n_cols":16,"rows_kept":58,"cut":false,"hidden":true,"merged":[[0,4,0,5],[0,19,0,21]]}
["Name: ",{"$f":"Nachname&\", \"&Vorname","v":", "},null,"Geburtsdatum: ",{"$f":"Geburtsdatum","v":"00:00:00"},null,"Betrachtungszeitraum:",null,null,"19. Okt. 2019 - 11. Jul. 2020"]
["Gewicht (Verlaufsdokumentation, wöchentliche Mittelwerte)"]
[]
[]
[null,null,null,null,null,null,null,null,null,null,null,null,null,"Woche","2020","2019"]
[null,null,null,null,null,null,null,null,null,null,null,null,null,1,128]
[null,null,null,null,null,null,null,null,null,null,null,null,null,2,126.05]
[null,null,null,null,null,null,null,null,null,null,null,null,null,3,124]
[null,null,null,null,null,null,null,null,null,null,null,null,null,4,123.94285714285715]
[null,null,null,null,null,null,null,null,null,null,null,null,null,5,123.85000000000001]
[null,null,null,null,null,null,null,null,null,null,null,null,null,6,124.48333333333333]
[null,null,null,null,null,null,null,null,null,null,null,null,null,7,124.17142857142858]
[null,null,null,null,null,null,null,null,null,null,null,null,null,8,124.23333333333335]
[null,null,null,null,null,null,null,null,null,null,null,null,null,9,123.67142857142856]
[null,null,null,null,null,null,null,null,null,null,null,null,null,10,123.88]
[null,null,null,null,null,null,null,null,null,null,null,null,null,11,123.84]
[null,null,null,null,null,null,null,null,null,null,null,null,null,12,123.1]
[null,null,null,null,null,null,null,null,null,null,null,null,null,13,122.85000000000001]
[null,null,null,null,null,null,null,null,null,null,null,null,null,14,122.91666666666667]
[null,null,null,null,null,null,null,null,null,null,null,null,null,15,122.70000000000002]
[null,null,null,null,null,null,null,null,null,null,null,null,null,16,121.82857142857142]
[null,null,null,null,null,null,null,null,null,null,null,null,null,17,121.68571428571428]
[null,null,null,null,null,null,null,null,null,null,null,null,null,18,121.55999999999999]
[null,null,null,null,null,null,null,null,null,null,null,null,null,19,121.01666666666667]
[null,null,null,null,null,null,null,null,null,null,null,null,null,20,121.13333333333334]
[null,null,null,null,null,null,null,null,null,null,null,null,null,21,121.13333333333334]
[null,null,null,null,null,null,null,null,null,null,null,null,null,22,121.5]
[null,null,null,null,null,null,null,null,null,null,null,null,null,23,121.95714285714287]
[null,null,null,null,null,null,null,null,null,null,null,null,null,24,121.74285714285713]
[null,null,null,null,null,null,null,null,null,null,null,null,null,25,121.27142857142856]
[null,null,null,null,null,null,null,null,null,null,null,null,null,26,120.58]
[null,null,null,null,null,null,null,null,null,null,null,null,null,27,120.35714285714286]
[null,null,null,null,null,null,null,null,null,null,null,null,null,28,120.28333333333335]
[null,null,null,null,null,null,null,null,null,null,null,null,null,29]
[null,null,null,null,null,null,null,null,null,null,null,null,null,30]
[null,null,null,null,null,null,null,null,null,null,null,null,null,31]
[null,null,null,null,null,null,null,null,null,null,null,null,null,32]
[null,null,null,null,null,null,null,null,null,null,null,null,null,33]
[null,null,null,null,null,null,null,null,null,null,null,null,null,34]
[null,null,null,null,null,null,null,null,null,null,null,null,null,35]
[null,null,null,null,null,null,null,null,null,null,null,null,null,36]
[null,null,null,null,null,null,null,null,null,null,null,null,null,37]
[null,null,null,null,null,null,null,null,null,null,null,null,null,38]
[null,null,null,null,null,null,null,null,null,null,null,null,null,39]
[null,null,null,null,null,null,null,null,null,null,null,null,null,40]
[null,null,null,null,null,null,null,null,null,null,null,null,null,41]
[null,null,null,null,null,null,null,null,null,null,null,null,null,42,null,131.80000000000001]
[null,null,null,null,null,null,null,null,null,null,null,null,null,43,null,131.13333333333333]
[null,null,null,null,null,null,null,null,null,null,null,null,null,44,null,131.04285714285714]
[null,null,null,null,null,null,null,null,null,null,null,null,null,45,null,131]
[null,null,null,null,null,null,null,null,null,null,null,null,null,46,null,130.77142857142854]
[null,null,null,null,null,null,null,null,null,null,null,null,null,47,null,130.37142857142859]
[null,null,null,null,null,null,null,null,null,null,null,null,null,48,null,130.02857142857141]
[null,null,null,null,null,null,null,null,null,null,null,null,null,49,null,129.45714285714286]
[null,null,null,null,null,null,null,null,null,null,null,null,null,50,null,129.44285714285715]
[null,null,null,null,null,null,null,null,null,null,null,null,null,51,null,128.25]
[null,null,null,null,null,null,null,null,null,null,null,null,null,52,null,128.41428571428574]
[null,null,null,null,null,null,null,null,null,null,null,null,null,53]

{"sheet":"Report_GewReduktion","index":5,"n_rows":47,"n_cols":27,"rows_kept":47,"cut":false,"hidden":true,"merged":[[0,17,0,19],[0,4,0,5]]}
["Name: ",{"$f":"Nachname&\", \"&Vorname","v":", "},null,"Geburtsdatum: ",{"$f":"Geburtsdatum","v":"00:00:00"},null,null,null,"Betrachtungszeitraum:",null,null,null,"19. Okt. 2019 - 11. Jul. 2020"]
["Gewichtsreduzierung (wöchentlicher Stichtagswert)"]
[]
["Startdatum:","2019-10-23",null,null,null,"Ausgangsgewicht:",131.80000000000001,"kg",null,"Ausgangs-BMI:",{"$f":"Ausgangsgewicht/(Körpergröße*Körpergröße/10000)","v":{"$error":"#DIV/0!"}},"kg/m²"]
[]
["Wiegetag:","1900-01-07",null,null,null,"Aktuelles Gewicht:",120.1,"kg",null,"Aktueller BMI:",{"$f":"Aktuelles_Gewicht/(Körpergröße*Körpergröße/10000)","v":{"$error":"#DIV/0!"}},"kg/m²"]
[null,null,null,null,null,null,null,null,null,null,null,null,null,null,{"$f":"COLUMN()","v":15},{"$f":"COLUMN()","v":16},{"$f":"COLUMN()","v":17},{"$f":"COLUMN()","v":18},{"$f":"COLUMN()","v":19}]
[null,null,null,null,null,null,null,null,null,null,null,null,null,null,"Tag","Veränd_neg","Veränd_pos","Veränderung","Gewicht","Untergewicht","Normalgewicht","Leichtes Übergew.","Übergewicht",null,null,null,{"$f":"getvalue(MIN(ROW(tWeightWeekly[]))+ROWS(tWeightWeekly[])-1, 18)/((getvalue(MIN(ROW(tWeightWeekly[]))+ROWS(tWeightWeekly[])-1, 15)-getvalue(MIN(ROW(tWeightWeekly[])), 15))/30)","v":{"$error":"#DIV/0!"}}]
[null,null,null,null,null,null,null,null,null,null,null,null,null,null,"2019-10-19",{"$f":"tWeightWeekly[[#This Row],[Gewicht]]-Ausgangsgewicht","v":0},null,0,131.80000000000001,-74.483200000000011,-20.313599999999994,-13.542400000000001,-23.460800000000006]
[null,null,null,null,null,null,null,null,null,null,null,null,null,null,"2019-10-26",{"$f":"tWeightWeekly[[#This Row],[Gewicht]]-Ausgangsgewicht","v":-0.90000000000000568},{"$f":"tWeightWeekly[[#This Row],[Gewicht]]-Ausgangsgewicht","v":-0.90000000000000568},{"$f":"tWeightWeekly[[#This Row],[Gewicht]]-Ausgangsgewicht","v":-0.90000000000000568},130.9,-74.483200000000011,-20.313599999999994,-13.542400000000001,-23.460800000000006]
[null,null,null,null,null,null,null,null,null,null,null,null,null,null,"2019-11-02",{"$f":"tWeightWeekly[[#This Row],[Gewicht]]-Ausgangsgewicht","v":-0.70000000000001705},{"$f":"tWeightWeekly[[#This Row],[Gewicht]]-Ausgangsgewicht","v":-0.70000000000001705},{"$f":"tWeightWeekly[[#This Row],[Gewicht]]-Ausgangsgewicht","v":-0.70000000000001705},131.1,-74.483200000000011,-20.313599999999994,-13.542400000000001,-23.460800000000006]
[null,null,null,null,null,null,null,null,null,null,null,null,null,null,"2019-11-09",{"$f":"tWeightWeekly[[#This Row],[Gewicht]]-Ausgangsgewicht","v":-0.70000000000001705},null,{"$f":"tWeightWeekly[[#This Row],[Gewicht]]-Ausgangsgewicht","v":-0.70000000000001705},131.1,-74.483200000000011,-20.313599999999994,-13.542400000000001,-23.460800000000006]
[null,null,null,null,null,null,null,null,null,null,null,null,null,null,"2019-11-16",{"$f":"tWeightWeekly[[#This Row],[Gewicht]]-Ausgangsgewicht","v":-1},null,{"$f":"tWeightWeekly[[#This Row],[Gewicht]]-Ausgangsgewicht","v":-1},130.80000000000001,-74.483200000000011,-20.313599999999994,-13.542400000000001,-23.460800000000006]
[null,null,null,null,null,null,null,null,null,null,null,null,null,null,"2019-11-23",{"$f":"tWeightWeekly[[#This Row],[Gewicht]]-Ausgangsgewicht","v":-1.5},null,{"$f":"tWeightWeekly[[#This Row],[Gewicht]]-Ausgangsgewicht","v":-1.5},130.30000000000001,-74.483200000000011,-20.313599999999994,-13.542400000000001,-23.460800000000006]
[null,null,null,null,null,null,null,null,null,null,null,null,null,null,"2019-11-30",{"$f":"tWeightWeekly[[#This Row],[Gewicht]]-Ausgangsgewicht","v":-1.9000000000000057},null,{"$f":"tWeightWeekly[[#This Row],[Gewicht]]-Ausgangsgewicht","v":-1.9000000000000057},129.9,-74.483200000000011,-20.313599999999994,-13.542400000000001,-23.460800000000006]
[null,null,null,null,null,null,null,null,null,null,null,null,null,null,"2019-12-07",{"$f":"tWeightWeekly[[#This Row],[Gewicht]]-Ausgangsgewicht","v":-2.8000000000000114},null,{"$f":"tWeightWeekly[[#This Row],[Gewicht]]-Ausgangsgewicht","v":-2.8000000000000114},129,-74.483200000000011,-20.313599999999994,-13.542400000000001,-23.460800000000006]
[null,null,null,null,null,null,null,null,null,null,null,null,null,null,"2019-12-14",{"$f":"tWeightWeekly[[#This Row],[Gewicht]]-Ausgangsgewicht","v":-3.1000000000000227},null,{"$f":"tWeightWeekly[[#This Row],[Gewicht]]-Ausgangsgewicht","v":-3.1000000000000227},128.69999999999999,-74.483200000000011,-20.313599999999994,-13.542400000000001,-23.460800000000006]
[null,null,null,null,null,null,null,null,null,null,null,null,null,null,"2019-12-21",{"$f":"tWeightWeekly[[#This Row],[Gewicht]]-Ausgangsgewicht","v":-3.5},{"$f":"tWeightWeekly[[#This Row],[Gewicht]]-Ausgangsgewicht","v":-3.5},{"$f":"tWeightWeekly[[#This Row],[Gewicht]]-Ausgangsgewicht","v":-3.5},128.30000000000001,-74.483200000000011,-20.313599999999994,-13.542400000000001,-23.460800000000006]
[null,null,null,null,null,null,null,null,null,null,null,null,null,null,"2019-12-28",{"$f":"tWeightWeekly[[#This Row],[Gewicht]]-Ausgangsgewicht","v":-3.2000000000000171},{"$f":"tWeightWeekly[[#This Row],[Gewicht]]-Ausgangsgewicht","v":-3.2000000000000171},{"$f":"tWeightWeekly[[#This Row],[Gewicht]]-Ausgangsgewicht","v":-3.2000000000000171},128.6,-74.483200000000011,-20.313599999999994,-13.542400000000001,-23.460800000000006]
[null,null,null,null,null,null,null,null,null,null,null,null,null,null,"2020-01-04",{"$f":"tWeightWeekly[[#This Row],[Gewicht]]-Ausgangsgewicht","v":-4.3000000000000114},null,{"$f":"tWeightWeekly[[#This Row],[Gewicht]]-Ausgangsgewicht","v":-4.3000000000000114},127.5,-74.483200000000011,-20.313599999999994,-13.542400000000001,-23.460800000000006]
[null,null,null,null,null,null,null,null,null,null,null,null,null,null,"2020-01-11",{"$f":"tWeightWeekly[[#This Row],[Gewicht]]-Ausgangsgewicht","v":-6.0000000000000142},null,{"$f":"tWeightWeekly[[#This Row],[Gewicht]]-Ausgangsgewicht","v":-6.0000000000000142},125.8,-74.483200000000011,-20.313599999999994,-13.542400000000001,-23.460800000000006]
[null,null,null,null,null,null,null,null,null,null,null,null,null,null,"2020-01-18",{"$f":"tWeightWeekly[[#This Row],[Gewicht]]-Ausgangsgewicht","v":-8.0000000000000142},null,{"$f":"tWeightWeekly[[#This Row],[Gewicht]]-Ausgangsgewicht","v":-8.0000000000000142},123.8,-74.483200000000011,-20.313599999999994,-13.542400000000001,-23.460800000000006]
[null,null,null,null,null,null,null,null,null,null,null,null,null,null,"2020-01-25",{"$f":"tWeightWeekly[[#This Row],[Gewicht]]-Ausgangsgewicht","v":-8.2000000000000171},{"$f":"tWeightWeekly[[#This Row],[Gewicht]]-Ausgangsgewicht","v":-8.2000000000000171},{"$f":"tWeightWeekly[[#This Row],[Gewicht]]-Ausgangsgewicht","v":-8.2000000000000171},123.6,-74.483200000000011,-20.313599999999994,-13.542400000000001,-23.460800000000006]
[null,null,null,null,null,null,null,null,null,null,null,null,null,null,"2020-02-01",null,{"$f":"tWeightWeekly[[#This Row],[Gewicht]]-Ausgangsgewicht","v":-7.4000000000000057},{"$f":"tWeightWeekly[[#This Row],[Gewicht]]-Ausgangsgewicht","v":-7.4000000000000057},124.4,-74.483200000000011,-20.313599999999994,-13.542400000000001,-23.460800000000006]
[null,null,null,null,null,null,null,null,null,null,null,null,null,null,"2020-02-08",{"$f":"tWeightWeekly[[#This Row],[Gewicht]]-Ausgangsgewicht","v":-7.3000000000000114},{"$f":"tWeightWeekly[[#This Row],[Gewicht]]-Ausgangsgewicht","v":-7.3000000000000114},{"$f":"tWeightWeekly[[#This Row],[Gewicht]]-Ausgangsgewicht","v":-7.3000000000000114},124.5,-74.483200000000011,-20.313599999999994,-13.542400000000001,-23.460800000000006]
[null,null,null,null,null,null,null,null,null,null,null,null,null,null,"2020-02-15",{"$f":"tWeightWeekly[[#This Row],[Gewicht]]-Ausgangsgewicht","v":-8.2000000000000171},{"$f":"tWeightWeekly[[#This Row],[Gewicht]]-Ausgangsgewicht","v":-8.2000000000000171},{"$f":"tWeightWeekly[[#This Row],[Gewicht]]-Ausgangsgewicht","v":-8.2000000000000171},123.6,-74.483200000000011,-20.313599999999994,-13.542400000000001,-23.460800000000006]
[null,null,null,null,null,null,null,null,null,null,null,null,null,null,"2020-02-22",{"$f":"tWeightWeekly[[#This Row],[Gewicht]]-Ausgangsgewicht","v":-7.3000000000000114},{"$f":"tWeightWeekly[[#This Row],[Gewicht]]-Ausgangsgewicht","v":-7.3000000000000114},{"$f":"tWeightWeekly[[#This Row],[Gewicht]]-Ausgangsgewicht","v":-7.3000000000000114},124.5,-74.483200000000011,-20.313599999999994,-13.542400000000001,-23.460800000000006]
[null,null,null,null,null,null,null,null,null,null,null,null,null,null,"2020-02-29",{"$f":"tWeightWeekly[[#This Row],[Gewicht]]-Ausgangsgewicht","v":-8.5000000000000142},{"$f":"tWeightWeekly[[#This Row],[Gewicht]]-Ausgangsgewicht","v":-8.5000000000000142},{"$f":"tWeightWeekly[[#This Row],[Gewicht]]-Ausgangsgewicht","v":-8.5000000000000142},123.3,-74.483200000000011,-20.313599999999994,-13.542400000000001,-23.460800000000006]
[null,null,null,null,null,null,null,null,null,null,null,null,null,null,"2020-03-07",null,{"$f":"tWeightWeekly[[#This Row],[Gewicht]]-Ausgangsgewicht","v":-7.8000000000000114},{"$f":"tWeightWeekly[[#This Row],[Gewicht]]-Ausgangsgewicht","v":-7.8000000000000114},124,-74.483200000000011,-20.313599999999994,-13.542400000000001,-23.460800000000006]
[null,null,null,null,null,null,null,null,null,null,null,null,null,null,"2020-03-14",{"$f":"tWeightWeekly[[#This Row],[Gewicht]]-Ausgangsgewicht","v":-7.6000000000000085},{"$f":"tWeightWeekly[[#This Row],[Gewicht]]-Ausgangsgewicht","v":-7.6000000000000085},{"$f":"tWeightWeekly[[#This Row],[Gewicht]]-Ausgangsgewicht","v":-7.6000000000000085},124.2,-74.483200000000011,-20.313599999999994,-13.542400000000001,-23.460800000000006]
[null,null,null,null,null,null,null,null,null,null,null,null,null,null,"2020-03-21",{"$f":"tWeightWeekly[[#This Row],[Gewicht]]-Ausgangsgewicht","v":-8.9000000000000057},{"$f":"tWeightWeekly[[#This Row],[Gewicht]]-Ausgangsgewicht","v":-8.9000000000000057},{"$f":"tWeightWeekly[[#This Row],[Gewicht]]-Ausgangsgewicht","v":-8.9000000000000057},122.9,-74.483200000000011,-20.313599999999994,-13.542400000000001,-23.460800000000006]
[null,null,null,null,null,null,null,null,null,null,null,null,null,null,"2020-03-28",{"$f":"tWeightWeekly[[#This Row],[Gewicht]]-Ausgangsgewicht","v":-8.6000000000000085},{"$f":"tWeightWeekly[[#This Row],[Gewicht]]-Ausgangsgewicht","v":-8.6000000000000085},{"$f":"tWeightWeekly[[#This Row],[Gewicht]]-Ausgangsgewicht","v":-8.6000000000000085},123.2,-74.483200000000011,-20.313599999999994,-13.542400000000001,-23.460800000000006]
[null,null,null,null,null,null,null,null,null,null,null,null,null,null,"2020-04-04",{"$f":"tWeightWeekly[[#This Row],[Gewicht]]-Ausgangsgewicht","v":-9.3000000000000114},null,{"$f":"tWeightWeekly[[#This Row],[Gewicht]]-Ausgangsgewicht","v":-9.3000000000000114},122.5,-74.483200000000011,-20.313599999999994,-13.542400000000001,-23.460800000000006]
[null,null,null,null,null,null,null,null,null,null,null,null,null,null,"2020-04-11",{"$f":"tWeightWeekly[[#This Row],[Gewicht]]-Ausgangsgewicht","v":-10.200000000000017},null,{"$f":"tWeightWeekly[[#This Row],[Gewicht]]-Ausgangsgewicht","v":-10.200000000000017},121.6,-74.483200000000011,-20.313599999999994,-13.542400000000001,-23.460800000000006]
[null,null,null,null,null,null,null,null,null,null,null,null,null,null,"2020-04-18",{"$f":"tWeightWeekly[[#This Row],[Gewicht]]-Ausgangsgewicht","v":-10.300000000000011},null,{"$f":"tWeightWeekly[[#This Row],[Gewicht]]-Ausgangsgewicht","v":-10.300000000000011},121.5,-74.483200000000011,-20.313599999999994,-13.542400000000001,-23.460800000000006]
[null,null,null,null,null,null,null,null,null,null,null,null,null,null,"2020-04-25",{"$f":"tWeightWeekly[[#This Row],[Gewicht]]-Ausgangsgewicht","v":-10.400000000000006},null,{"$f":"tWeightWeekly[[#This Row],[Gewicht]]-Ausgangsgewicht","v":-10.400000000000006},121.4,-74.483200000000011,-20.313599999999994,-13.542400000000001,-23.460800000000006]
[null,null,null,null,null,null,null,null,null,null,null,null,null,null,"2020-05-02",{"$f":"tWeightWeekly[[#This Row],[Gewicht]]-Ausgangsgewicht","v":-10.500000000000014},null,{"$f":"tWeightWeekly[[#This Row],[Gewicht]]-Ausgangsgewicht","v":-10.500000000000014},121.3,-74.483200000000011,-20.313599999999994,-13.542400000000001,-23.460800000000006]
[null,null,null,null,null,null,null,null,null,null,null,null,null,null,"2020-05-09",{"$f":"tWeightWeekly[[#This Row],[Gewicht]]-Ausgangsgewicht","v":-11.100000000000009},{"$f":"tWeightWeekly[[#This Row],[Gewicht]]-Ausgangsgewicht","v":-11.100000000000009},{"$f":"tWeightWeekly[[#This Row],[Gewicht]]-Ausgangsgewicht","v":-11.100000000000009},120.7,-74.483200000000011,-20.313599999999994,-13.542400000000001,-23.460800000000006]
[null,null,null,null,null,null,null,null,null,null,null,null,null,null,"2020-05-16",null,{"$f":"tWeightWeekly[[#This Row],[Gewicht]]-Ausgangsgewicht","v":-10.600000000000009},{"$f":"tWeightWeekly[[#This Row],[Gewicht]]-Ausgangsgewicht","v":-10.600000000000009},121.2,-74.483200000000011,-20.313599999999994,-13.542400000000001,-23.460800000000006]
[null,null,null,null,null,null,null,null,null,null,null,null,null,null,"2020-05-23",{"$f":"tWeightWeekly[[#This Row],[Gewicht]]-Ausgangsgewicht","v":-9.8000000000000114},{"$f":"tWeightWeekly[[#This Row],[Gewicht]]-Ausgangsgewicht","v":-9.8000000000000114},{"$f":"tWeightWeekly[[#This Row],[Gewicht]]-Ausgangsgewicht","v":-9.8000000000000114},122,-74.483200000000011,-20.313599999999994,-13.542400000000001,-23.460800000000006]
[null,null,null,null,null,null,null,null,null,null,null,null,null,null,"2020-05-30",{"$f":"tWeightWeekly[[#This Row],[Gewicht]]-Ausgangsgewicht","v":-9.9000000000000057},{"$f":"tWeightWeekly[[#This Row],[Gewicht]]-Ausgangsgewicht","v":-9.9000000000000057},{"$f":"tWeightWeekly[[#This Row],[Gewicht]]-Ausgangsgewicht","v":-9.9000000000000057},121.9,-74.483200000000011,-20.313599999999994,-13.542400000000001,-23.460800000000006]
[null,null,null,null,null,null,null,null,null,null,null,null,null,null,"2020-06-06",{"$f":"tWeightWeekly[[#This Row],[Gewicht]]-Ausgangsgewicht","v":-9.4000000000000057},{"$f":"tWeightWeekly[[#This Row],[Gewicht]]-Ausgangsgewicht","v":-9.4000000000000057},{"$f":"tWeightWeekly[[#This Row],[Gewicht]]-Ausgangsgewicht","v":-9.4000000000000057},122.4,-74.483200000000011,-20.313599999999994,-13.542400000000001,-23.460800000000006]
[null,null,null,null,null,null,null,null,null,null,null,null,null,null,"2020-06-13",{"$f":"tWeightWeekly[[#This Row],[Gewicht]]-Ausgangsgewicht","v":-10.400000000000006},null,{"$f":"tWeightWeekly[[#This Row],[Gewicht]]-Ausgangsgewicht","v":-10.400000000000006},121.4,-74.483200000000011,-20.313599999999994,-13.542400000000001,-23.460800000000006]
[null,null,null,null,null,null,null,null,null,null,null,null,null,null,"2020-06-20",{"$f":"tWeightWeekly[[#This Row],[Gewicht]]-Ausgangsgewicht","v":-11.000000000000014},null,{"$f":"tWeightWeekly[[#This Row],[Gewicht]]-Ausgangsgewicht","v":-11.000000000000014},120.8,-74.483200000000011,-20.313599999999994,-13.542400000000001,-23.460800000000006]
[null,null,null,null,null,null,null,null,null,null,null,null,null,null,"2020-06-27",{"$f":"tWeightWeekly[[#This Row],[Gewicht]]-Ausgangsgewicht","v":-11.600000000000009},{"$f":"tWeightWeekly[[#This Row],[Gewicht]]-Ausgangsgewicht","v":-11.600000000000009},{"$f":"tWeightWeekly[[#This Row],[Gewicht]]-Ausgangsgewicht","v":-11.600000000000009},120.2,-74.483200000000011,-20.313599999999994,-13.542400000000001,-23.460800000000006]
[null,null,null,null,null,null,null,null,null,null,null,null,null,null,"2020-07-04",{"$f":"tWeightWeekly[[#This Row],[Gewicht]]-Ausgangsgewicht","v":-11.400000000000006},{"$f":"tWeightWeekly[[#This Row],[Gewicht]]-Ausgangsgewicht","v":-11.400000000000006},{"$f":"tWeightWeekly[[#This Row],[Gewicht]]-Ausgangsgewicht","v":-11.400000000000006},120.4,-74.483200000000011,-20.313599999999994,-13.542400000000001,-23.460800000000006]
[null,null,null,null,null,null,null,null,null,null,null,null,null,null,"2020-07-11",{"$f":"tWeightWeekly[[#This Row],[Gewicht]]-Ausgangsgewicht","v":-11.700000000000017},null,{"$f":"tWeightWeekly[[#This Row],[Gewicht]]-Ausgangsgewicht","v":-11.700000000000017},120.1,-74.483200000000011,-20.313599999999994,-13.542400000000001,-23.460800000000006]

{"sheet":"data","index":6,"n_rows":2,"n_cols":8,"rows_kept":2,"cut":false,"hidden":true,"merged":[]}
["Datum1","Tageszeit","Sort","Systolisch","Diastolisch","Puls","Gewicht","Bemerkung"]
[null,null,{"$f":"tData[[#This Row],[Datum1]]+_xlfn.IFNA(VLOOKUP(tData[[#This Row],[Tageszeit]],tTageszeit[],3,FALSE), 0)","v":0}]

{"sheet":"settings","index":7,"n_rows":36,"n_cols":17,"rows_kept":36,"cut":false,"hidden":true,"merged":[]}
[]
[null,null,null,null,null,"Blutdruck-Grenzwerte",null,null,null,null,null,null,null,null,"Wochentage"]
[null,"Tageszeit","Index","Zeitwert",null,"Limit syst.","Limit diast. ","Kat.",null,"Bedeutung","Wert","Default","Demo",null,"Datum","Text"]
[null,"Morgen",1,0.25,null,1,1,1,null,"Letzter Wert vom:",{"$f":"MAX(tData[Datum1])","v":"00:00:00"},{"$f":"MAX(tData[Datum1])","v":"00:00:00"},null,null,"1900-01-01",{"$f":"TEXT(O4, \"TTTT\")","v":"Sonntag"}]
[null,"Mittag",2,0.5,null,90,60,2,null,"Kalenderwoche:",{"$f":"WEEKNUM(K4,21)&\"/\"&YEAR(K4)","v":"52/1900"},null,null,null,"1900-01-02",{"$f":"TEXT(O5, \"TTTT\")","v":"Montag"}]
[null,"Abend",3,0.75,null,120,80,3,null,"4W_Start:","2022-02-14",{"$f":"$K4-WEEKDAY($K4,3)-21","v":-26},null,null,"1900-01-03","Dienstag"]
[null,null,null,null,null,140,90,4,null,"Nachname:",null,null,null,null,"1900-01-04","Mittwoch"]
[null,null,null,null,null,160,100,5,null,"Vorname:",null,null,null,null,"1900-01-05","Donnerstag"]
[null,null,null,null,null,180,110,6,null,"Geburtsdatum:",null,null,null,null,"1900-01-06","Freitag"]
[null,null,null,null,null,null,null,null,null,"Mittagswerte verw.:",1,1,null,null,"1900-01-07","Samstag"]
[null,null,null,null,null,null,null,null,null,"Geschlecht","m","m"]
[null,null,null,null,null,null,null,null,null,"Körpergröße",0,0]
[null,null,null,null,null,null,null,null,null,"Eingabedialog b. Start",0,0]
[null,null,null,null,null,null,null,null,null,"DebugMode",false,false]
[null,"BMI-Tabelle nach Geschlecht & Alter"]
[null,"Geschlecht","Alter","Untergewicht","Normalgewicht","leichtes Übergew.","Übergewicht"]
[null,"m",16,18,24,28,99]
[null,"m",17,18,24,28,99]
[null,"m",18,18,24,28,99]
[null,"m",19,18,24,28,99,null,null,null,null,null,null,null,"Sheetname","DefaultView","Default-Zelle"]
[null,"m",25,19,25,29,99,null,null,null,null,null,null,null,"data","A","LastRow"]
[null,"m",35,20,26,30,99,null,null,null,null,null,null,null,"Report_4W","A1","A4"]
[null,"m",45,21,27,31,99,null,null,null,null,null,null,null,"Report_Gew90Tage","A1","A49"]
[null,"m",55,22,28,32,99,null,null,null,null,null,null,null,"Report_GewJahr","A1","A49"]
[null,"m",65,23,29,33,99,null,null,null,null,null,null,null,"Report_GewReduktion","A1","B4"]
[null,"w",16,18,24,28,99]
[null,"w",17,19,25,29,99]
[null,"w",18,19,25,29,99]
[null,"w",19,19,25,29,99]
[null,"w",25,20,26,30,99]
[null,"w",35,21,27,31,99]
[null,"w",45,22,28,32,99]
[null,"w",55,23,29,33,99]
[null,"w",65,24,30,34,99]
[null,"Farbe",null,"Cyan","Grün","Gelb","Rot"]
[null,"Farbcode"]